{"id":34,"date":"2022-04-14T22:02:17","date_gmt":"2022-04-14T20:02:17","guid":{"rendered":"https:\/\/blog.rwth-aachen.de\/aixperimentationlab\/?page_id=34"},"modified":"2022-04-14T23:42:54","modified_gmt":"2022-04-14T21:42:54","slug":"ueber-uns","status":"publish","type":"page","link":"https:\/\/blog.rwth-aachen.de\/aixperimentationlab\/ueber-uns\/","title":{"rendered":"\u00dcber Uns"},"content":{"rendered":"<p>Werkzeugmaschinenlabor WZL der RWTH<\/p>\n<p><img loading=\"lazy\" decoding=\"async\" class=\"alignnone wp-image-35\" src=\"https:\/\/blog.rwth-aachen.de\/aixperimentationlab\/files\/2022\/04\/Werkzeugmaschinenlabor-300x105.jpg\" alt=\"\" width=\"697\" height=\"244\" srcset=\"https:\/\/blog.rwth-aachen.de\/aixperimentationlab\/files\/2022\/04\/Werkzeugmaschinenlabor-300x105.jpg 300w, https:\/\/blog.rwth-aachen.de\/aixperimentationlab\/files\/2022\/04\/Werkzeugmaschinenlabor-1024x359.jpg 1024w, https:\/\/blog.rwth-aachen.de\/aixperimentationlab\/files\/2022\/04\/Werkzeugmaschinenlabor-768x269.jpg 768w, https:\/\/blog.rwth-aachen.de\/aixperimentationlab\/files\/2022\/04\/Werkzeugmaschinenlabor-1536x539.jpg 1536w, https:\/\/blog.rwth-aachen.de\/aixperimentationlab\/files\/2022\/04\/Werkzeugmaschinenlabor-2048x719.jpg 2048w\" sizes=\"auto, (max-width: 697px) 100vw, 697px\" \/><\/p>\n<p>Das Werkzeugmaschinenlabor (WZL) der RWTH Aachen steht seit Jahrzehnten weltweit als Synonym f\u00fcr erfolgreiche und zukunftsweisende Forschung auf dem Gebiet der Produktionstechnik. In sechs Forschungsbereichen werden sowohl grundlagenbezogene als auch an den Erfordernissen der Industrie ausgerichtete Forschungsvorhaben durchgef\u00fchrt und dar\u00fcber hinaus praxisgerechte L\u00f6sungen zur Rationalisierung der Produktion erarbeitet.<br \/>\nAus der Zielsetzung, den Gesamtbereich der Produktionstechnik in einem Hause zu behandeln, resultiert ein breites Arbeitsgebiet, das sich auf die Unternehmensbereiche Entwicklung und Konstruktion, Qualit\u00e4tsmanagement, Organisation, Arbeitsvorbereitung, Fertigung und Montage sowie Steuerung und Automatisierung ausrichtet.<br \/>\nDas Werkzeugmaschinenlabor wird von den vier Professoren Thomas Bergs (Fertigungsverfahren, Getriebetechnik), Christian Brecher (Werkzeugmaschinen, Montagetechnik, Exzellenzcluster, Getriebetechnik), Robert Schmitt (Fertigungsmesstechnik und Qualit\u00e4tsmanagement) sowie G\u00fcnther Schuh (Produktionssystematik) gef\u00fchrt.<\/p>\n<p>Die im WZL durchgef\u00fchrte Forschung zeichnet sich durch die enge Zusammenarbeit der verschiedenen Disziplinen sowie eine ausgewogene Mischung von Grundlagenforschung und anwendungsbezogener Entwicklung aus. In der Regel werden die Forschungsarbeiten gemeinsam mit unterschiedlichsten Industrieunternehmen durchgef\u00fchrt. Hierdurch ist sichergestellt, dass die Forschungsergebnisse rasch in die betriebliche Praxis \u00fcbernommen werden.<br \/>\nWesentliche Aufgabe des Werkzeugmaschinenlabors als Hochschulinstitut ist die praxisorientierte Ausbildung des hochqualifizierten Ingenieurnachwuchses. Die aus den Forschungsvorhaben gewonnenen Erkenntnisse flie\u00dfen unmittelbar in die Lehre ein, die auf diese Weise stets aktuell gehalten wird. Die RWTH als eine der gr\u00f6\u00dften europ\u00e4ischen Universit\u00e4ten bietet dabei ein hervorragendes Umfeld f\u00fcr ein umfassendes und interdisziplin\u00e4res Studium.<\/p>\n<p><a href=\"https:\/\/www.wzl.rwth-aachen.de\/cms\/~sijq\/WZL\/\">Mehr&#8230;<\/a><\/p>\n<p><a href=\"https:\/\/blog.rwth-aachen.de\/aixperimentationlab\/ueber-uns\/kontakpersonen\/\">Kontakpersonen<\/a><\/p>\n<p>&nbsp;<\/p>\n<p><img loading=\"lazy\" decoding=\"async\" class=\"alignnone size-medium wp-image-19\" src=\"https:\/\/blog.rwth-aachen.de\/aixperimentationlab\/files\/2022\/04\/BMAS_INQA_BAUA_DTP_CMYK-300x79.jpg\" alt=\"\" width=\"300\" height=\"79\" srcset=\"https:\/\/blog.rwth-aachen.de\/aixperimentationlab\/files\/2022\/04\/BMAS_INQA_BAUA_DTP_CMYK-300x79.jpg 300w, https:\/\/blog.rwth-aachen.de\/aixperimentationlab\/files\/2022\/04\/BMAS_INQA_BAUA_DTP_CMYK-1024x268.jpg 1024w, https:\/\/blog.rwth-aachen.de\/aixperimentationlab\/files\/2022\/04\/BMAS_INQA_BAUA_DTP_CMYK-768x201.jpg 768w, https:\/\/blog.rwth-aachen.de\/aixperimentationlab\/files\/2022\/04\/BMAS_INQA_BAUA_DTP_CMYK-1536x402.jpg 1536w, https:\/\/blog.rwth-aachen.de\/aixperimentationlab\/files\/2022\/04\/BMAS_INQA_BAUA_DTP_CMYK-2048x537.jpg 2048w\" sizes=\"auto, (max-width: 300px) 100vw, 300px\" \/><\/p>\n","protected":false},"excerpt":{"rendered":"<p>Werkzeugmaschinenlabor WZL der RWTH Das Werkzeugmaschinenlabor (WZL) der RWTH Aachen steht seit Jahrzehnten weltweit als Synonym f\u00fcr erfolgreiche und zukunftsweisende Forschung auf dem Gebiet der Produktionstechnik. In sechs Forschungsbereichen werden [&hellip;]<\/p>\n","protected":false},"author":3953,"featured_media":0,"parent":0,"menu_order":3,"comment_status":"closed","ping_status":"closed","template":"","meta":{"c2c_always_allow_admin_comments":false,"footnotes":""},"class_list":["post-34","page","type-page","status-publish","hentry"],"_links":{"self":[{"href":"https:\/\/blog.rwth-aachen.de\/aixperimentationlab\/wp-json\/wp\/v2\/pages\/34","targetHints":{"allow":["GET"]}}],"collection":[{"href":"https:\/\/blog.rwth-aachen.de\/aixperimentationlab\/wp-json\/wp\/v2\/pages"}],"about":[{"href":"https:\/\/blog.rwth-aachen.de\/aixperimentationlab\/wp-json\/wp\/v2\/types\/page"}],"author":[{"embeddable":true,"href":"https:\/\/blog.rwth-aachen.de\/aixperimentationlab\/wp-json\/wp\/v2\/users\/3953"}],"replies":[{"embeddable":true,"href":"https:\/\/blog.rwth-aachen.de\/aixperimentationlab\/wp-json\/wp\/v2\/comments?post=34"}],"version-history":[{"count":6,"href":"https:\/\/blog.rwth-aachen.de\/aixperimentationlab\/wp-json\/wp\/v2\/pages\/34\/revisions"}],"predecessor-version":[{"id":110,"href":"https:\/\/blog.rwth-aachen.de\/aixperimentationlab\/wp-json\/wp\/v2\/pages\/34\/revisions\/110"}],"wp:attachment":[{"href":"https:\/\/blog.rwth-aachen.de\/aixperimentationlab\/wp-json\/wp\/v2\/media?parent=34"}],"curies":[{"name":"wp","href":"https:\/\/api.w.org\/{rel}","templated":true}]}}