{"id":1326,"date":"2021-04-09T12:25:31","date_gmt":"2021-04-09T10:25:31","guid":{"rendered":"https:\/\/blog.rwth-aachen.de\/akustik\/?post_type=tribe_events&#038;p=1326"},"modified":"2021-04-09T12:25:31","modified_gmt":"2021-04-09T10:25:31","slug":"herrmann-machine-learning-zur-modellierung-des-kanteneffekts-bei-poroesen-absorbern","status":"publish","type":"tribe_events","link":"https:\/\/blog.rwth-aachen.de\/akustik\/event\/herrmann-machine-learning-zur-modellierung-des-kanteneffekts-bei-poroesen-absorbern\/","title":{"rendered":"Herrmann: Machine Learning zur Modellierung des Kanteneffekts bei por\u00f6sen Absorbern"},"content":{"rendered":"<p>Theoretischen Modellen f\u00fcr das Schallfeld \u00fcber por\u00f6sen Absorbern liegt in der Regel die Annahme einer mindestens in einer Dimension unendlich ausgedehnten Materialschicht zugrunde. In der praktischen Anwendung, zum Beispiel bei der inversen Bestimmung von Material- oder Oberfl\u00e4cheneigenschaften aus Schalldruckmessungen \u00fcber allseitig finiten Proben, haben derartige analytische Ans\u00e4tze entsprechend Grenzen, sodass zus\u00e4tzliche Beugungsfelder an den Kanten dort nicht ber\u00fccksichtigt werden. In dieser Arbeit wird daher ein Ansatz basierend auf \u00fcberwachtem maschinellen Lernen zur Modellierung des Kanteneffektes vorgestellt, der exemplarisch sowohl f\u00fcr Support-Vector-Machines als auch f\u00fcr neuronale Netze untersucht wird. Die beugungsbedingten Abweichungen zwischen dem analytischen Modell von Allard et al. und numerischen FEM-Berechnungen quadratischer Absorberproben werden dabei als Zielwerte f\u00fcr das Training verwendet, wobei neben Str\u00f6mungswiderstand, Materialdicke und Kantenl\u00e4nge der Probe, ebenfalls die Frequenz sowie die Positionen der Schallquelle und des Empf\u00e4ngers variiert werden. Die so trainierten Modelle lieferten in allen untersuchten F\u00e4llen \u00fcberzeugende Ergebnisse und stellen eine signifikante Verbesserung zum rein analytischen Modell ohne Kanteneffektkorrektur dar.<\/p>\n<p><a href=\"https:\/\/lists.rwth-aachen.de\/postorius\/lists\/akustik-kolloquium.lists.rwth-aachen.de\">Melden Sie sich hier an um die Einladung zu dem Vortrag per E-Mail zu erhalten.<\/a><br \/>\n<a href=\"https:\/\/lists.rwth-aachen.de\/postorius\/lists\/akustik-kolloquium.lists.rwth-aachen.de\">Register here to receive the invitation to this talk via E-Mail.<\/a><\/p>\n<p>Zoom-Meeting-ID: TBA<br \/>\nPasswort: TBA<\/p>\n","protected":false},"excerpt":{"rendered":"<p>Theoretischen Modellen f\u00fcr das Schallfeld \u00fcber por\u00f6sen Absorbern liegt in der Regel die Annahme einer mindestens in einer Dimension unendlich ausgedehnten Materialschicht zugrunde. In der praktischen Anwendung, zum Beispiel bei [&hellip;]<\/p>\n","protected":false},"author":1461,"featured_media":0,"template":"","meta":{"_tribe_events_status":"","_tribe_events_status_reason":"","footnotes":""},"tags":[],"tribe_events_cat":[74],"class_list":["post-1326","tribe_events","type-tribe_events","status-publish","hentry","tribe_events_cat-verteidigung-masterarbeit","cat_verteidigung-masterarbeit"],"_links":{"self":[{"href":"https:\/\/blog.rwth-aachen.de\/akustik\/wp-json\/wp\/v2\/tribe_events\/1326","targetHints":{"allow":["GET"]}}],"collection":[{"href":"https:\/\/blog.rwth-aachen.de\/akustik\/wp-json\/wp\/v2\/tribe_events"}],"about":[{"href":"https:\/\/blog.rwth-aachen.de\/akustik\/wp-json\/wp\/v2\/types\/tribe_events"}],"author":[{"embeddable":true,"href":"https:\/\/blog.rwth-aachen.de\/akustik\/wp-json\/wp\/v2\/users\/1461"}],"version-history":[{"count":2,"href":"https:\/\/blog.rwth-aachen.de\/akustik\/wp-json\/wp\/v2\/tribe_events\/1326\/revisions"}],"predecessor-version":[{"id":1341,"href":"https:\/\/blog.rwth-aachen.de\/akustik\/wp-json\/wp\/v2\/tribe_events\/1326\/revisions\/1341"}],"wp:attachment":[{"href":"https:\/\/blog.rwth-aachen.de\/akustik\/wp-json\/wp\/v2\/media?parent=1326"}],"wp:term":[{"taxonomy":"post_tag","embeddable":true,"href":"https:\/\/blog.rwth-aachen.de\/akustik\/wp-json\/wp\/v2\/tags?post=1326"},{"taxonomy":"tribe_events_cat","embeddable":true,"href":"https:\/\/blog.rwth-aachen.de\/akustik\/wp-json\/wp\/v2\/tribe_events_cat?post=1326"}],"curies":[{"name":"wp","href":"https:\/\/api.w.org\/{rel}","templated":true}]}}

Herrmann: Machine Learning zur Modellierung des Kanteneffekts bei porösen Absorbern

<p>Theoretischen Modellen für das Schallfeld über porösen Absorbern liegt in der Regel die Annahme einer mindestens in einer Dimension unendlich ausgedehnten Materialschicht zugrunde. In der praktischen Anwendung, zum Beispiel bei der inversen Bestimmung von Material- oder Oberflächeneigenschaften aus Schalldruckmessungen über allseitig finiten Proben, haben derartige analytische Ansätze entsprechend Grenzen, sodass zusätzliche Beugungsfelder an den Kanten dort nicht berücksichtigt werden. In dieser Arbeit wird daher ein Ansatz basierend auf überwachtem maschinellen Lernen zur Modellierung des Kanteneffektes vorgestellt, der exemplarisch sowohl für Support-Vector-Machines als auch für neuronale Netze untersucht wird. Die beugungsbedingten Abweichungen zwischen dem analytischen Modell von Allard et al. und numerischen FEM-Berechnungen quadratischer Absorberproben werden dabei als Zielwerte für das Training verwendet, wobei neben Strömungswiderstand, Materialdicke und Kantenlänge der Probe, ebenfalls die Frequenz sowie die Positionen der Schallquelle und des Empfängers variiert werden. Die so trainierten Modelle lieferten in allen untersuchten Fällen überzeugende Ergebnisse und stellen eine signifikante Verbesserung zum rein analytischen Modell ohne Kanteneffektkorrektur dar.</p>
<p><a href="https://lists.rwth-aachen.de/postorius/lists/akustik-kolloquium.lists.rwth-aachen.de">Melden Sie sich hier an um die Einladung zu dem Vortrag per E-Mail zu erhalten.</a><br />
<a href="https://lists.rwth-aachen.de/postorius/lists/akustik-kolloquium.lists.rwth-aachen.de">Register here to receive the invitation to this talk via E-Mail.</a></p>
<p>Zoom-Meeting-ID: TBA<br />
Passwort: TBA</p>

<p>Theoretischen Modellen für das Schallfeld über porösen Absorbern liegt in der Regel die Annahme einer mindestens in einer Dimension unendlich ausgedehnten Materialschicht zugrunde. In der praktischen Anwendung, zum Beispiel bei [&hellip;]</p>
