{"id":1638,"date":"2020-03-25T11:46:51","date_gmt":"2020-03-25T10:46:51","guid":{"rendered":"https:\/\/blog.rwth-aachen.de\/cammp\/?page_id=1638"},"modified":"2022-03-15T22:47:01","modified_gmt":"2022-03-15T21:47:01","slug":"klimawandel","status":"publish","type":"page","link":"https:\/\/blog.rwth-aachen.de\/cammp\/angebote\/cammp-day\/klimawandel\/","title":{"rendered":"Klimawandel"},"content":{"rendered":"\r\n<h4>Gibt es den Klimawandel wirklich?<\/h4>\r\n\r\n\r\n\r\n<p>Sp\u00e4testens seit &#8222;Fridays for future&#8220; ist der Klimawandel in aller Munde und wird rege in der \u00d6ffentlichkeit und Politik diskutiert. Gerade junge Menschen engagieren sich sehr in diesem Themenumfeld. Aber wie kommen Wissenschaftler\/innen \u00fcberhaupt zu einer verl\u00e4sslichen Aussage, dass es den Klimawandel gibt? In diesem Workshop erforschen Sch\u00fcler:innen faktenbasiert diese Aussage. Sie suchen nach wissenschaftlichen Methoden sich beweisbar der Fragestellung zu n\u00e4hern. Dabei nutzen sie echte Daten, erarbeiten sich selbst die Regressionsanalyse und nutzen Hypothesentest zur Validierung. Ziel ist es, kritisch und objektiv ein sehr emotionsgeladenes Thema zu reflektieren.<\/p>\r\n<p><strong>Dauer:<\/strong>\u00a0ab 6 Stunden (inkl. Mittagspause)<br \/><strong>Inhalte:<\/strong>\u00a0lineare Regressionsanalyse, Bestimmtheitsma\u00df, Hypothesentests<br \/><strong>Vorwissen:<\/strong>\u00a0Funktionsbegriff, Differentialrechnung, arithmetisches Mittel<br \/><strong>Teilnehmer:<\/strong>\u00a0Mathematikkurse der Oberstufe<br \/><strong>Erstellt von:<\/strong> Maren Hattebuhr<br \/><strong>Anmeldung:<\/strong> Termine k\u00f6nnen individuell per E-Mail (<a href=\"mailto:cammp@aices.rwth-aachen.de\"><em>cammp@aices.rwth-aachen.de<\/em><\/a>) vereinbart werden.<\/p>\r\n","protected":false},"excerpt":{"rendered":"<p>Gibt es den Klimawandel wirklich? Sp\u00e4testens seit &#8222;Fridays for future&#8220; ist der Klimawandel in aller Munde und wird rege in der \u00d6ffentlichkeit und Politik diskutiert. Gerade junge Menschen engagieren sich [&hellip;]<\/p>\n","protected":false},"author":1756,"featured_media":0,"parent":1479,"menu_order":2,"comment_status":"closed","ping_status":"closed","template":"","meta":{"c2c_always_allow_admin_comments":false,"footnotes":""},"class_list":["post-1638","page","type-page","status-publish","hentry"],"_links":{"self":[{"href":"https:\/\/blog.rwth-aachen.de\/cammp\/wp-json\/wp\/v2\/pages\/1638","targetHints":{"allow":["GET"]}}],"collection":[{"href":"https:\/\/blog.rwth-aachen.de\/cammp\/wp-json\/wp\/v2\/pages"}],"about":[{"href":"https:\/\/blog.rwth-aachen.de\/cammp\/wp-json\/wp\/v2\/types\/page"}],"author":[{"embeddable":true,"href":"https:\/\/blog.rwth-aachen.de\/cammp\/wp-json\/wp\/v2\/users\/1756"}],"replies":[{"embeddable":true,"href":"https:\/\/blog.rwth-aachen.de\/cammp\/wp-json\/wp\/v2\/comments?post=1638"}],"version-history":[{"count":11,"href":"https:\/\/blog.rwth-aachen.de\/cammp\/wp-json\/wp\/v2\/pages\/1638\/revisions"}],"predecessor-version":[{"id":2786,"href":"https:\/\/blog.rwth-aachen.de\/cammp\/wp-json\/wp\/v2\/pages\/1638\/revisions\/2786"}],"up":[{"embeddable":true,"href":"https:\/\/blog.rwth-aachen.de\/cammp\/wp-json\/wp\/v2\/pages\/1479"}],"wp:attachment":[{"href":"https:\/\/blog.rwth-aachen.de\/cammp\/wp-json\/wp\/v2\/media?parent=1638"}],"curies":[{"name":"wp","href":"https:\/\/api.w.org\/{rel}","templated":true}]}}