{"id":1647,"date":"2020-03-25T12:11:13","date_gmt":"2020-03-25T11:11:13","guid":{"rendered":"https:\/\/blog.rwth-aachen.de\/cammp\/?page_id=1647"},"modified":"2022-03-15T22:48:09","modified_gmt":"2022-03-15T21:48:09","slug":"computertomographie","status":"publish","type":"page","link":"https:\/\/blog.rwth-aachen.de\/cammp\/angebote\/cammp-day\/computertomographie\/","title":{"rendered":"Computertomographie"},"content":{"rendered":"\r\n<p><strong>Einblicke in unseren K\u00f6rper durch Computertomographie<\/strong><\/p>\r\n\r\n\r\n\r\n<p>Jeder kennt es: Ein Bekannter hatte einen Unfall und schon geht es ins Krankenhaus zur R\u00f6ntgenaufnahme oder in den Computertomographen, um zu \u00fcberpr\u00fcfen, ob Knochen oder Organe verletzt wurden. Der Patient wird mit R\u00f6ntgenstrahlen bestrahlt und die \u00c4rzte erhalten ein Abbild des Querschnitts der untersuchten K\u00f6rperstelle. Dabei stellen verschiedene Grauwerte unterschiedliche Materialien dar, die beim Durchstrahlen die Strahlen durch Absorption verschieden stark abschw\u00e4chen. Doch wie funktioniert das eigentlich? Wie ist es m\u00f6glich mithilfe der R\u00f6ntgenstrahlen Abbildungen der inneren Struktur der durchstrahlten K\u00f6rperteile zu erhalten? Genau dieser Fragestellung gehen Sch\u00fcler:innen der Oberstufe mithilfe schulnaher Mathematik auf den Grund. Dabei stellen sie mathematische Modelle auf und verwenden Computer, um selbst zu erforschen, wie die notwendigen Daten bestimmt werden.<\/p>\r\n\r\n\r\n\r\n<p><strong>Dauer:<\/strong>\u00a0ab 6 Stunden (inkl. Mittagspause)<br \/><strong>Inhalte:<\/strong>\u00a0 Inverse Probleme, Parameterdarstellung von Geraden und Ebenen, Matrizen<br \/><strong>Vorwissen:<\/strong> Geraden im R^2, Schnittpunktberechnung<br \/><strong>Zielgruppe:<\/strong>\u00a0Mathematikkurse der Oberstufe<br \/><strong>Erstellt von:<\/strong>\u00a0Kirsten Wohak<br \/><strong>Anmeldung:<\/strong> Termine k\u00f6nnen individuell per E-Mail (<a href=\"mailto:cammp@aices.rwth-aachen.de\"><em>cammp@aices.rwth-aachen.de<\/em><\/a>) vereinbart werden.<\/p>\r\n","protected":false},"excerpt":{"rendered":"<p>Einblicke in unseren K\u00f6rper durch Computertomographie Jeder kennt es: Ein Bekannter hatte einen Unfall und schon geht es ins Krankenhaus zur R\u00f6ntgenaufnahme oder in den Computertomographen, um zu \u00fcberpr\u00fcfen, ob [&hellip;]<\/p>\n","protected":false},"author":1756,"featured_media":0,"parent":1479,"menu_order":2,"comment_status":"closed","ping_status":"closed","template":"","meta":{"c2c_always_allow_admin_comments":false,"footnotes":""},"class_list":["post-1647","page","type-page","status-publish","hentry"],"_links":{"self":[{"href":"https:\/\/blog.rwth-aachen.de\/cammp\/wp-json\/wp\/v2\/pages\/1647","targetHints":{"allow":["GET"]}}],"collection":[{"href":"https:\/\/blog.rwth-aachen.de\/cammp\/wp-json\/wp\/v2\/pages"}],"about":[{"href":"https:\/\/blog.rwth-aachen.de\/cammp\/wp-json\/wp\/v2\/types\/page"}],"author":[{"embeddable":true,"href":"https:\/\/blog.rwth-aachen.de\/cammp\/wp-json\/wp\/v2\/users\/1756"}],"replies":[{"embeddable":true,"href":"https:\/\/blog.rwth-aachen.de\/cammp\/wp-json\/wp\/v2\/comments?post=1647"}],"version-history":[{"count":6,"href":"https:\/\/blog.rwth-aachen.de\/cammp\/wp-json\/wp\/v2\/pages\/1647\/revisions"}],"predecessor-version":[{"id":2788,"href":"https:\/\/blog.rwth-aachen.de\/cammp\/wp-json\/wp\/v2\/pages\/1647\/revisions\/2788"}],"up":[{"embeddable":true,"href":"https:\/\/blog.rwth-aachen.de\/cammp\/wp-json\/wp\/v2\/pages\/1479"}],"wp:attachment":[{"href":"https:\/\/blog.rwth-aachen.de\/cammp\/wp-json\/wp\/v2\/media?parent=1647"}],"curies":[{"name":"wp","href":"https:\/\/api.w.org\/{rel}","templated":true}]}}