{"id":1882,"date":"2020-11-25T12:01:13","date_gmt":"2020-11-25T11:01:13","guid":{"rendered":"https:\/\/blog.rwth-aachen.de\/cammp\/?page_id=1882"},"modified":"2022-04-29T16:37:49","modified_gmt":"2022-04-29T14:37:49","slug":"digitales-nachmittagsangebot-zur-mathematischen-modellierung","status":"publish","type":"page","link":"https:\/\/blog.rwth-aachen.de\/cammp\/angebote\/digitales-nachmittagsangebot-zur-mathematischen-modellierung\/","title":{"rendered":"Digitales Nachmittagsangebot zur mathematischen Modellierung"},"content":{"rendered":"<p>Hast du dich schonmal gefragt<\/p>\n<ul>\n<li>wie Forscher:innen zu verl\u00e4sslichen Aussagen zum Klimawandel<br \/>\nkommen,<\/li>\n<li>wie es m\u00f6glich ist, dass riesige Mengen an Liedern jederzeit auf<br \/>\nunserem Smartphone verf\u00fcgbar sind,<\/li>\n<li>wie wir erneuerbare Energiequellen optimal nutzen, um die Energiewende voranzutreiben oder<\/li>\n<li>wie es Netflix, Amazon und co. schaffen unseren Geschmack zu erkennen und uns personalisierte Empfehlungen f\u00fcr neue Filme und<br \/>\nProdukte zu geben?<\/li>\n<\/ul>\n<p>Dann finde es doch selbst heraus! Schl\u00fcpfe in die Rolle eines\/einer Wissenschaftler\/in und erweitere in kleinen Teams online deine Probleml\u00f6se-Skills, indem du Mathematik und Computer zum L\u00f6sen echter Probleme<br \/>\neinsetzt!<\/p>\n<p><strong>Termine<\/strong><\/p>\n<p>Aktuell bieten wir leider kein Nachmittagsangebot an. Sobald es aktuelle Termine gibt, werden diese hier auf unserer Website ver\u00f6ffentlicht.<\/p>\n<p><strong>Anmeldung<\/strong><\/p>\n<p>Die<strong>\u00a0Anmeldung<\/strong>\u00a0erfolgt per Mail \u00fcber \u00a0<a href=\"mailto:heider@acom.rwth-aachen.de\">heider@acom.rwth-aachen.de<\/a>.<\/p>\n<p><strong>Technik<\/strong><\/p>\n<p>F\u00fcr die Teilnahme wird ein Computer\/Tablet, Internetzugang und ein funktionierendes Mikrofon ben\u00f6tigt.<\/p>\n<p>&nbsp;<\/p>\n<p>&nbsp;<\/p>\n","protected":false},"excerpt":{"rendered":"<p>Hast du dich schonmal gefragt wie Forscher:innen zu verl\u00e4sslichen Aussagen zum Klimawandel kommen, wie es m\u00f6glich ist, dass riesige Mengen an Liedern jederzeit auf unserem Smartphone verf\u00fcgbar sind, wie wir [&hellip;]<\/p>\n","protected":false},"author":1981,"featured_media":0,"parent":9,"menu_order":0,"comment_status":"closed","ping_status":"closed","template":"","meta":{"c2c_always_allow_admin_comments":false,"footnotes":""},"class_list":["post-1882","page","type-page","status-publish","hentry"],"_links":{"self":[{"href":"https:\/\/blog.rwth-aachen.de\/cammp\/wp-json\/wp\/v2\/pages\/1882","targetHints":{"allow":["GET"]}}],"collection":[{"href":"https:\/\/blog.rwth-aachen.de\/cammp\/wp-json\/wp\/v2\/pages"}],"about":[{"href":"https:\/\/blog.rwth-aachen.de\/cammp\/wp-json\/wp\/v2\/types\/page"}],"author":[{"embeddable":true,"href":"https:\/\/blog.rwth-aachen.de\/cammp\/wp-json\/wp\/v2\/users\/1981"}],"replies":[{"embeddable":true,"href":"https:\/\/blog.rwth-aachen.de\/cammp\/wp-json\/wp\/v2\/comments?post=1882"}],"version-history":[{"count":9,"href":"https:\/\/blog.rwth-aachen.de\/cammp\/wp-json\/wp\/v2\/pages\/1882\/revisions"}],"predecessor-version":[{"id":2868,"href":"https:\/\/blog.rwth-aachen.de\/cammp\/wp-json\/wp\/v2\/pages\/1882\/revisions\/2868"}],"up":[{"embeddable":true,"href":"https:\/\/blog.rwth-aachen.de\/cammp\/wp-json\/wp\/v2\/pages\/9"}],"wp:attachment":[{"href":"https:\/\/blog.rwth-aachen.de\/cammp\/wp-json\/wp\/v2\/media?parent=1882"}],"curies":[{"name":"wp","href":"https:\/\/api.w.org\/{rel}","templated":true}]}}