{"id":1952,"date":"2020-12-14T16:14:49","date_gmt":"2020-12-14T15:14:49","guid":{"rendered":"https:\/\/blog.rwth-aachen.de\/cammp\/?page_id=1952"},"modified":"2022-03-15T22:51:43","modified_gmt":"2022-03-15T21:51:43","slug":"netflix","status":"publish","type":"page","link":"https:\/\/blog.rwth-aachen.de\/cammp\/angebote\/cammp-day\/netflix\/","title":{"rendered":"Netflix"},"content":{"rendered":"<p><strong>Die Netflix-Challenge und was das mit Mathe zu tun hat!<\/strong><\/p>\n<p>Netflix, Amazon, Zalando und Co setzen bei der Kundenbindung vor allem auf eins: gute, auf den Nutzer zugeschnittene Empfehlungen f\u00fcr neue Produkte, Filme, Kleidung etc. Dazu entwickeln diese Unternehmen Empfehlungssysteme, die m\u00f6glichst gut vorhersagen k\u00f6nnen, was dem jeweiligen Nutzer gefallen k\u00f6nnte.<\/p>\n<p>Um das eigene Empfehlungssystem weiter zu verbessern richtete Netflix 2006 eine Challenge aus: Das Team, was mindestens 10 % genauer vorhersagen kann, welche Filme einem Nutzer gefallen, hatte Chancen auf den Hauptpreis von 1 Million USD!<\/p>\n<p>Im Workshop arbeitet ihr mit den originalen Daten der Netflix Challenge und entwickelt euer eigenes Empfehlungssystem. Dabei wendet ihr g\u00e4ngige Strategien aus dem Bereich des Maschinellen Lernens an.<\/p>\n<p>&nbsp;<\/p>\n<p><strong>Dauer:<\/strong> ab 6 Stunden (inkl. Mittagspause)<br \/>\n<strong>Inhalte:<\/strong> Data Science, Skalarprodukt, Vektoren, Matrizen, Machine Learning<br \/>\n<strong>Vorwissen:<\/strong> Funktionsbegriff, Differentialrechnung, lineare Gleichungssysteme<br \/>\n<strong>Teilnehmer:<\/strong> Mathematikkurse der Oberstufe<br \/>\n<strong>Erstellt von:<\/strong> Sarah Sch\u00f6nbrodt<br \/>\n<strong>Anmeldung:<\/strong> Termine k\u00f6nnen individuell per E-Mail (<a href=\"mailto:cammp@aices.rwth-aachen.de\"><em>cammp@aices.rwth-aachen.de<\/em><\/a>) vereinbart werden.<\/p>\n","protected":false},"excerpt":{"rendered":"<p>Die Netflix-Challenge und was das mit Mathe zu tun hat! Netflix, Amazon, Zalando und Co setzen bei der Kundenbindung vor allem auf eins: gute, auf den Nutzer zugeschnittene Empfehlungen f\u00fcr [&hellip;]<\/p>\n","protected":false},"author":1756,"featured_media":0,"parent":1479,"menu_order":2,"comment_status":"closed","ping_status":"closed","template":"","meta":{"c2c_always_allow_admin_comments":false,"footnotes":""},"class_list":["post-1952","page","type-page","status-publish","hentry"],"_links":{"self":[{"href":"https:\/\/blog.rwth-aachen.de\/cammp\/wp-json\/wp\/v2\/pages\/1952","targetHints":{"allow":["GET"]}}],"collection":[{"href":"https:\/\/blog.rwth-aachen.de\/cammp\/wp-json\/wp\/v2\/pages"}],"about":[{"href":"https:\/\/blog.rwth-aachen.de\/cammp\/wp-json\/wp\/v2\/types\/page"}],"author":[{"embeddable":true,"href":"https:\/\/blog.rwth-aachen.de\/cammp\/wp-json\/wp\/v2\/users\/1756"}],"replies":[{"embeddable":true,"href":"https:\/\/blog.rwth-aachen.de\/cammp\/wp-json\/wp\/v2\/comments?post=1952"}],"version-history":[{"count":4,"href":"https:\/\/blog.rwth-aachen.de\/cammp\/wp-json\/wp\/v2\/pages\/1952\/revisions"}],"predecessor-version":[{"id":2793,"href":"https:\/\/blog.rwth-aachen.de\/cammp\/wp-json\/wp\/v2\/pages\/1952\/revisions\/2793"}],"up":[{"embeddable":true,"href":"https:\/\/blog.rwth-aachen.de\/cammp\/wp-json\/wp\/v2\/pages\/1479"}],"wp:attachment":[{"href":"https:\/\/blog.rwth-aachen.de\/cammp\/wp-json\/wp\/v2\/media?parent=1952"}],"curies":[{"name":"wp","href":"https:\/\/api.w.org\/{rel}","templated":true}]}}