{"id":2452,"date":"2021-05-25T21:29:26","date_gmt":"2021-05-25T19:29:26","guid":{"rendered":"https:\/\/blog.rwth-aachen.de\/cammp\/?page_id=2452"},"modified":"2022-03-15T22:47:36","modified_gmt":"2022-03-15T21:47:36","slug":"klimarekorde","status":"publish","type":"page","link":"https:\/\/blog.rwth-aachen.de\/cammp\/angebote\/cammp-day\/klimawandel\/klimarekorde\/","title":{"rendered":"Klimarekorde"},"content":{"rendered":"<h4>Alles nur Zufall? \u2013 Ein R\u00fcckblick auf die letzten 170 Jahre und die dortigen Temperaturrekorde<\/h4>\r\n<!-- \/wp:post-content -->\r\n\r\n<!-- wp:paragraph -->\r\n<p>Sp\u00e4testens seit &#8222;Fridays for future&#8220; ist der Klimawandel in aller Munde und wird rege in der \u00d6ffentlichkeit und Politik\u00a0diskutiert. In den Medien wird immer h\u00e4ufiger von Temperaturrekorden gesprochen. Was sind \u00fcberhaupt Rekorde, treten sie wirklich immer h\u00e4ufiger auf oder l\u00e4sst sich ihr Auftreten ganz einfach durch den\u00a0Zufall erkl\u00e4ren, wie einige Menschen behaupten? Diese spannende Frage beantworten wir mit wissenschaftlichen Methoden anhand echter Temperaturdaten. \u00a0<\/p>\r\n<p><strong>Dauer:<\/strong> ca. 1 Doppelstunde (1-2 Zeitstunden)<br \/><strong>Inhalte:<\/strong>\u00a0Umgang mit Daten, Gesetz der gro\u00dfen Zahlen, Laplace-Wahrscheinlichkeit, Pfadregeln, stochastische Unabh\u00e4ngigkeit, Erwartungswert<br \/><strong>Vorwissen:<\/strong>\u00a0Wahrscheinlichkeiten und Zufallsexperimente, Pfadregeln<br \/><strong>Teilnehmer:<\/strong>\u00a0ab Jgst. 10<br \/><strong>Erstellt von:<\/strong> Maren Hattebuhr\u00a0 \u00a0 \u00a0 \u00a0 \u00a0 \u00a0 \u00a0 \u00a0 \u00a0 \u00a0 \u00a0 \u00a0 \u00a0 \u00a0 \u00a0 \u00a0 \u00a0 \u00a0 \u00a0 \u00a0 \u00a0 \u00a0 \u00a0 \u00a0 \u00a0 \u00a0 \u00a0 \u00a0 \u00a0 \u00a0 \u00a0 \u00a0 \u00a0 \u00a0 \u00a0 \u00a0 \u00a0 \u00a0 \u00a0 \u00a0 \u00a0 \u00a0 \u00a0 \u00a0 \u00a0 \u00a0 \u00a0 \u00a0 \u00a0 \u00a0 \u00a0 \u00a0 \u00a0 \u00a0 \u00a0 \u00a0 \u00a0 \u00a0 \u00a0 \u00a0 \u00a0 \u00a0 \u00a0 \u00a0 \u00a0 \u00a0 \u00a0 <strong>Anmeldung:<\/strong> Termine k\u00f6nnen individuell per E-Mail (<a href=\"mailto:cammp@aices.rwth-aachen.de\"><em>cammp@aices.rwth-aachen.de<\/em><\/a>) vereinbart werden.<\/p>","protected":false},"excerpt":{"rendered":"<p>Alles nur Zufall? \u2013 Ein R\u00fcckblick auf die letzten 170 Jahre und die dortigen Temperaturrekorde Sp\u00e4testens seit &#8222;Fridays for future&#8220; ist der Klimawandel in aller Munde und wird rege in [&hellip;]<\/p>\n","protected":false},"author":2109,"featured_media":0,"parent":1638,"menu_order":0,"comment_status":"closed","ping_status":"closed","template":"","meta":{"c2c_always_allow_admin_comments":false,"footnotes":""},"class_list":["post-2452","page","type-page","status-publish","hentry"],"_links":{"self":[{"href":"https:\/\/blog.rwth-aachen.de\/cammp\/wp-json\/wp\/v2\/pages\/2452","targetHints":{"allow":["GET"]}}],"collection":[{"href":"https:\/\/blog.rwth-aachen.de\/cammp\/wp-json\/wp\/v2\/pages"}],"about":[{"href":"https:\/\/blog.rwth-aachen.de\/cammp\/wp-json\/wp\/v2\/types\/page"}],"author":[{"embeddable":true,"href":"https:\/\/blog.rwth-aachen.de\/cammp\/wp-json\/wp\/v2\/users\/2109"}],"replies":[{"embeddable":true,"href":"https:\/\/blog.rwth-aachen.de\/cammp\/wp-json\/wp\/v2\/comments?post=2452"}],"version-history":[{"count":6,"href":"https:\/\/blog.rwth-aachen.de\/cammp\/wp-json\/wp\/v2\/pages\/2452\/revisions"}],"predecessor-version":[{"id":2787,"href":"https:\/\/blog.rwth-aachen.de\/cammp\/wp-json\/wp\/v2\/pages\/2452\/revisions\/2787"}],"up":[{"embeddable":true,"href":"https:\/\/blog.rwth-aachen.de\/cammp\/wp-json\/wp\/v2\/pages\/1638"}],"wp:attachment":[{"href":"https:\/\/blog.rwth-aachen.de\/cammp\/wp-json\/wp\/v2\/media?parent=2452"}],"curies":[{"name":"wp","href":"https:\/\/api.w.org\/{rel}","templated":true}]}}