{"id":103,"date":"2025-10-23T16:40:28","date_gmt":"2025-10-23T14:40:28","guid":{"rendered":"https:\/\/blog.rwth-aachen.de\/ecofim\/?page_id=103"},"modified":"2025-11-27T11:31:21","modified_gmt":"2025-11-27T10:31:21","slug":"publikationen","status":"publish","type":"page","link":"https:\/\/blog.rwth-aachen.de\/ecofim\/publikationen\/","title":{"rendered":"Publikationen"},"content":{"rendered":"<p><strong>Wissenschaftliche Publikationen<\/strong><\/p>\n<p><a href=\"https:\/\/www.researchgate.net\/publication\/392064638_Environmental_Sustainability_Assessment_Of_Factories_With_BIM_Relevance_And_Challenges_For_A_Holistic_Approach\">Environmental Sustainability Assessment Of Factories With BIM: Relevance And Challenges For A Holistic Approach<\/a><\/p>\n<p>In der ersten Ver\u00f6ffentlichung zu ecoFIM, die bei der &#8222;Conference on Production Systems and Logistics&#8220; (CPSL) im M\u00e4rz 2025 pr\u00e4sentiert wurde, steht die dem Projekt zugrundeliegende Problemstellung im Fokus. Weiterhin wird der Ansatz des Projekts skizziert.<\/p>\n","protected":false},"excerpt":{"rendered":"<p>Wissenschaftliche Publikationen Environmental Sustainability Assessment Of Factories With BIM: Relevance And Challenges For A Holistic Approach In der ersten Ver\u00f6ffentlichung zu ecoFIM, die bei der &#8222;Conference on Production Systems and [&hellip;]<\/p>\n","protected":false},"author":6888,"featured_media":0,"parent":0,"menu_order":0,"comment_status":"closed","ping_status":"closed","template":"","meta":{"c2c_always_allow_admin_comments":false,"footnotes":""},"class_list":["post-103","page","type-page","status-publish","hentry"],"_links":{"self":[{"href":"https:\/\/blog.rwth-aachen.de\/ecofim\/wp-json\/wp\/v2\/pages\/103","targetHints":{"allow":["GET"]}}],"collection":[{"href":"https:\/\/blog.rwth-aachen.de\/ecofim\/wp-json\/wp\/v2\/pages"}],"about":[{"href":"https:\/\/blog.rwth-aachen.de\/ecofim\/wp-json\/wp\/v2\/types\/page"}],"author":[{"embeddable":true,"href":"https:\/\/blog.rwth-aachen.de\/ecofim\/wp-json\/wp\/v2\/users\/6888"}],"replies":[{"embeddable":true,"href":"https:\/\/blog.rwth-aachen.de\/ecofim\/wp-json\/wp\/v2\/comments?post=103"}],"version-history":[{"count":10,"href":"https:\/\/blog.rwth-aachen.de\/ecofim\/wp-json\/wp\/v2\/pages\/103\/revisions"}],"predecessor-version":[{"id":172,"href":"https:\/\/blog.rwth-aachen.de\/ecofim\/wp-json\/wp\/v2\/pages\/103\/revisions\/172"}],"wp:attachment":[{"href":"https:\/\/blog.rwth-aachen.de\/ecofim\/wp-json\/wp\/v2\/media?parent=103"}],"curies":[{"name":"wp","href":"https:\/\/api.w.org\/{rel}","templated":true}]}}