{"id":12,"date":"2025-10-23T09:57:53","date_gmt":"2025-10-23T07:57:53","guid":{"rendered":"https:\/\/blog.rwth-aachen.de\/ecofim\/?page_id=12"},"modified":"2025-12-20T15:37:31","modified_gmt":"2025-12-20T14:37:31","slug":"ueber-uns","status":"publish","type":"page","link":"https:\/\/blog.rwth-aachen.de\/ecofim\/ueber-uns\/","title":{"rendered":"\u00dcber uns"},"content":{"rendered":"<p><strong>Projekttitel:<\/strong> Bewertung der \u00f6kologischen Nachhaltigkeit von Fabriken mit Building Information Modeling (BIM)<\/p>\n<p><strong>Projektakronym:<\/strong> ecoFIM<\/p>\n<p><strong>Projektlaufzeit:<\/strong> 11\/2024 &#8211; 10\/2026<\/p>\n<p><strong>F\u00f6rdervolumen:<\/strong> ~ 500.000 \u20ac<\/p>\n<p><strong>F\u00f6rdermittelgeber:<\/strong> IGF, BMWE &#8211; DLR<\/p>\n<p>Bei Fragen rund um das Projekt, wenden Sie sich gerne an unsere Projektleiter Leonie Gro\u00dfe-Wilde und Luca Philipp.<\/p>\n<p>&nbsp;<\/p>\n<p><strong>Projektpartner:<\/strong><\/p>\n<p><img loading=\"lazy\" decoding=\"async\" class=\"wp-image-60 aligncenter\" src=\"https:\/\/blog.rwth-aachen.de\/ecofim\/files\/2025\/10\/image003-300x41.png\" alt=\"\" width=\"241\" height=\"33\" srcset=\"https:\/\/blog.rwth-aachen.de\/ecofim\/files\/2025\/10\/image003-300x41.png 300w, https:\/\/blog.rwth-aachen.de\/ecofim\/files\/2025\/10\/image003.png 536w\" sizes=\"auto, (max-width: 241px) 100vw, 241px\" \/><\/p>\n<p><img loading=\"lazy\" decoding=\"async\" class=\"wp-image-36 aligncenter\" src=\"https:\/\/blog.rwth-aachen.de\/ecofim\/files\/2025\/10\/image007-300x78.png\" alt=\"\" width=\"235\" height=\"61\" srcset=\"https:\/\/blog.rwth-aachen.de\/ecofim\/files\/2025\/10\/image007-300x78.png 300w, https:\/\/blog.rwth-aachen.de\/ecofim\/files\/2025\/10\/image007.png 694w\" sizes=\"auto, (max-width: 235px) 100vw, 235px\" \/><\/p>\n<p>&nbsp;<\/p>\n<p><a href=\"https:\/\/www.icom.rwth-aachen.de\/go\/id\/mefd\/\">ICoM &#8211; Institut f\u00fcr Baumanagement, Digitales Bauen und Robotik im Bauwesen<\/a> der <a href=\"https:\/\/www.rwth-aachen.de\/go\/id\/a\/\">RWTH Aachen University\u00a0<\/a><\/p>\n<p><a href=\"https:\/\/www.ifa.uni-hannover.de\/de\/\">Startseite &#8211; Institut f\u00fcr Fabrikanlagen und Logistik &#8211; Leibniz Universit\u00e4t Hannover\u00a0<\/a><\/p>\n<p>&nbsp;<\/p>\n<p><strong>Assoziierte Partner<\/strong><\/p>\n<p><img loading=\"lazy\" decoding=\"async\" class=\" wp-image-168 aligncenter\" src=\"https:\/\/blog.rwth-aachen.de\/ecofim\/files\/2025\/11\/Screenshot-2025-11-27-111713-300x135.png\" alt=\"\" width=\"575\" height=\"259\" srcset=\"https:\/\/blog.rwth-aachen.de\/ecofim\/files\/2025\/11\/Screenshot-2025-11-27-111713-300x135.png 300w, https:\/\/blog.rwth-aachen.de\/ecofim\/files\/2025\/11\/Screenshot-2025-11-27-111713-1024x462.png 1024w, https:\/\/blog.rwth-aachen.de\/ecofim\/files\/2025\/11\/Screenshot-2025-11-27-111713-768x346.png 768w, https:\/\/blog.rwth-aachen.de\/ecofim\/files\/2025\/11\/Screenshot-2025-11-27-111713.png 1036w\" sizes=\"auto, (max-width: 575px) 100vw, 575px\" \/><\/p>\n<p>&nbsp;<\/p>\n<p><strong>\u00dcber das F\u00f6rderprogramm IGF des BMWE:\u00a0<\/strong><\/p>\n<p>Die Industrielle Gemeinschaftsforschung (IGF) ist ein F\u00f6rderprogramm des Bundesministeriums f\u00fcr Wirtschaft und Energie (BMWE, vormals BMWK), das vor allem kleine und mittlere Unternehmen (KMU) unterst\u00fctzt, indem es ihnen den Zugang zu praxisnaher, vorwettbewerblicher Forschung erm\u00f6glicht.<\/p>\n<p>Ziel der IGF unter Koordination des DLR bleibt es, die Wettbewerbsf\u00e4higkeit des deutschen Mittelstands zu st\u00e4rken, Wissenstransfer aus der Forschung in die Wirtschaft zu f\u00f6rdern und internationale Kooperationen, etwa im Rahmen von CORNET (Collective Research Networking), zu erweitern.<\/p>\n<p>Weitere Informationen finden Sie unter: <a href=\"https:\/\/portal.industrielle-gemeinschaftsforschung.de\/\">Portal der Industriellen Gemeinschaftsforschung (IGF)<\/a><\/p>\n<p>&nbsp;<\/p>\n<p><img loading=\"lazy\" decoding=\"async\" class=\"alignnone size-full wp-image-59\" src=\"https:\/\/blog.rwth-aachen.de\/ecofim\/files\/2025\/10\/image036.png\" alt=\"\" width=\"215\" height=\"104\" \/>\u00a0 \u00a0<img loading=\"lazy\" decoding=\"async\" class=\"alignnone wp-image-58\" src=\"https:\/\/blog.rwth-aachen.de\/ecofim\/files\/2025\/10\/image034.png\" alt=\"\" width=\"223\" height=\"91\" \/><\/p>\n<p>&nbsp;<\/p>\n<p>&nbsp;<\/p>\n","protected":false},"excerpt":{"rendered":"<p>Projekttitel: Bewertung der \u00f6kologischen Nachhaltigkeit von Fabriken mit Building Information Modeling (BIM) Projektakronym: ecoFIM Projektlaufzeit: 11\/2024 &#8211; 10\/2026 F\u00f6rdervolumen: ~ 500.000 \u20ac F\u00f6rdermittelgeber: IGF, BMWE &#8211; DLR Bei Fragen rund [&hellip;]<\/p>\n","protected":false},"author":6888,"featured_media":0,"parent":0,"menu_order":0,"comment_status":"closed","ping_status":"closed","template":"","meta":{"c2c_always_allow_admin_comments":false,"footnotes":""},"class_list":["post-12","page","type-page","status-publish","hentry"],"_links":{"self":[{"href":"https:\/\/blog.rwth-aachen.de\/ecofim\/wp-json\/wp\/v2\/pages\/12","targetHints":{"allow":["GET"]}}],"collection":[{"href":"https:\/\/blog.rwth-aachen.de\/ecofim\/wp-json\/wp\/v2\/pages"}],"about":[{"href":"https:\/\/blog.rwth-aachen.de\/ecofim\/wp-json\/wp\/v2\/types\/page"}],"author":[{"embeddable":true,"href":"https:\/\/blog.rwth-aachen.de\/ecofim\/wp-json\/wp\/v2\/users\/6888"}],"replies":[{"embeddable":true,"href":"https:\/\/blog.rwth-aachen.de\/ecofim\/wp-json\/wp\/v2\/comments?post=12"}],"version-history":[{"count":24,"href":"https:\/\/blog.rwth-aachen.de\/ecofim\/wp-json\/wp\/v2\/pages\/12\/revisions"}],"predecessor-version":[{"id":179,"href":"https:\/\/blog.rwth-aachen.de\/ecofim\/wp-json\/wp\/v2\/pages\/12\/revisions\/179"}],"wp:attachment":[{"href":"https:\/\/blog.rwth-aachen.de\/ecofim\/wp-json\/wp\/v2\/media?parent=12"}],"curies":[{"name":"wp","href":"https:\/\/api.w.org\/{rel}","templated":true}]}}