{"id":2219,"date":"2022-01-13T07:59:23","date_gmt":"2022-01-13T06:59:23","guid":{"rendered":"https:\/\/blog.rwth-aachen.de\/elektrotechnik\/?post_type=tribe_events&#038;p=2219"},"modified":"2022-01-13T07:59:23","modified_gmt":"2022-01-13T06:59:23","slug":"vortrag-von-prof-dr-sauer-die-energiewende-geht-nicht-ohne-batteriespeicher-erreichtes-und-neue-trends","status":"publish","type":"tribe_events","link":"https:\/\/blog.rwth-aachen.de\/elektrotechnik\/en\/event\/vortrag-von-prof-dr-sauer-die-energiewende-geht-nicht-ohne-batteriespeicher-erreichtes-und-neue-trends\/","title":{"rendered":"Vortrag von Prof. Dr. Sauer: \u201eDie Energiewende geht nicht ohne Batteriespeicher: Erreichtes und neue Trends\u201d"},"content":{"rendered":"<div class=\"twoclick_social_bookmarks_post_2219 social_share_privacy clearfix 1.6.4 locale-en_US sprite-en_US\"><\/div><div class=\"twoclick-js\"><script type=\"text\/javascript\">\/* <![CDATA[ *\/\njQuery(document).ready(function($){if($('.twoclick_social_bookmarks_post_2219')){$('.twoclick_social_bookmarks_post_2219').socialSharePrivacy({\"services\":{\"facebook\":{\"status\":\"on\",\"txt_info\":\"2 Klicks f\\u00fcr mehr Datenschutz: Erst wenn Sie hier klicken, wird der Button aktiv und Sie k\\u00f6nnen Ihre Empfehlung an Facebook senden. Schon beim Aktivieren werden Daten an Dritte \\u00fcbertragen - siehe <em>i<\\\/em>.\",\"perma_option\":\"off\",\"action\":\"recommend\",\"language\":\"en_US\"}},\"txt_help\":\"Wenn Sie diese Felder durch einen Klick aktivieren, werden Informationen an Facebook, Twitter, Flattr, Xing, t3n, LinkedIn, Pinterest oder Google eventuell ins Ausland \\u00fcbertragen und unter Umst\\u00e4nden auch dort gespeichert. N\\u00e4heres erfahren Sie durch einen Klick auf das <em>i<\\\/em>.\",\"settings_perma\":\"Dauerhaft aktivieren und Daten\\u00fcber-tragung zustimmen:\",\"info_link\":\"http:\\\/\\\/www.heise.de\\\/ct\\\/artikel\\\/2-Klicks-fuer-mehr-Datenschutz-1333879.html\",\"uri\":\"https:\\\/\\\/blog.rwth-aachen.de\\\/elektrotechnik\\\/en\\\/event\\\/vortrag-von-prof-dr-sauer-die-energiewende-geht-nicht-ohne-batteriespeicher-erreichtes-und-neue-trends\\\/\",\"post_id\":2219,\"post_title_referrer_track\":\"Vortrag+von+Prof.+Dr.+Sauer%3A+%E2%80%9EDie+Energiewende+geht+nicht+ohne+Batteriespeicher%3A+Erreichtes+und+neue+Trends%E2%80%9D\",\"display_infobox\":\"on\"});}});\n\/* ]]> *\/<\/script><\/div><p>Am 12.01.2022 spricht Prof. Dr. Dirk Uwe Sauer\u200b in einem Zoom-Webinar von 17:00 &#8211; 18:30 Uhr \u00fcber die Energiewende und welche Rolle die Batterietechnik hierbei \u00fcbernehmen k\u00f6nnte.<\/p>\n<p><img loading=\"lazy\" decoding=\"async\" class=\"size-medium wp-image-2218 alignleft\" src=\"https:\/\/blog.rwth-aachen.de\/elektrotechnik\/files\/2022\/01\/DR_Sauer_Vortrag_bild_1-300x300.png\" alt=\"Vortrag von Prof. Dr. Sauer\" width=\"300\" height=\"300\" srcset=\"https:\/\/blog.rwth-aachen.de\/elektrotechnik\/files\/2022\/01\/DR_Sauer_Vortrag_bild_1-300x300.png 300w, https:\/\/blog.rwth-aachen.de\/elektrotechnik\/files\/2022\/01\/DR_Sauer_Vortrag_bild_1-1024x1024.png 1024w, https:\/\/blog.rwth-aachen.de\/elektrotechnik\/files\/2022\/01\/DR_Sauer_Vortrag_bild_1-150x150.png 150w, https:\/\/blog.rwth-aachen.de\/elektrotechnik\/files\/2022\/01\/DR_Sauer_Vortrag_bild_1-768x768.png 768w, https:\/\/blog.rwth-aachen.de\/elektrotechnik\/files\/2022\/01\/DR_Sauer_Vortrag_bild_1-50x50.png 50w, https:\/\/blog.rwth-aachen.de\/elektrotechnik\/files\/2022\/01\/DR_Sauer_Vortrag_bild_1.png 1080w\" sizes=\"auto, (max-width: 300px) 100vw, 300px\" \/><\/p>\n<p><strong>Inhalt<\/strong><\/p>\n<p>Die Herausforderungen f\u00fcr die Energiewende sind lange bekannt. Die Nachsch\u00e4rfungen durch EU und Bundesregierung werden nun Ver\u00e4nderungen und Umsetzung beschleunigen.<\/p>\n<p>Die Energieversorgung wird in Zukunft in Form von Strom aus Windkraft- und Photovoltaikanlagen bestimmt sein. Das bedeutet, dass ein vernetztes, intelligentes und gekoppeltes Energiesystem ben\u00f6tigt wird, um die Fluktuationen in der Stromerzeugung und im Energieverbrauch so effizient wie m\u00f6glich auszugleichen. Gleichzeitig gilt es, wo immer m\u00f6glich, Strom als die h\u00f6chstwertige Energieform direkt zu nutzen. Daraus ergibt sich ein hoher Bedarf f\u00fcr Batteriesysteme, in station\u00e4ren Anwendungen im Stromnetz und in mobilen Anwendungen.<\/p>\n<p>Der Vortrag beleuchtet den Stand der Batterietechnik und die bereits erreichten technologischen Fortschritte bzgl. Ressourceneinsatz, Lebensdauer, Wirkungsgrad sowie Leistungs- und Schnelllade- f\u00e4higkeit. Daraus lassen sich Einsatz und Nutzen in station\u00e4ren Anwendungen z.B. zur Stabilisierung des Stromnetzes oder zur Nutzung des Stroms aus einer eigenen PV-Anlagen ebenso ableiten, wie auch in mobilen Anwendungen z.B. in den Bereichen PKW, Busse &amp; Bahnen, LKW oder Gabelstapler. Dar\u00fcber hinaus werden wichtige Technologietrends und deren Chancen und Risiken diskutiert.<\/p>\n<p>Der Vortrag wird aufgezeichnet, sodass er auch zu einem sp\u00e4teren Zeitpunkt angesehen werden kann.<br \/>\nDie Zugangsdaten k\u00f6nnen \u00fcber den QR-Code eingesehen werden.<\/p>\n<p>&nbsp;<\/p>\n<p><img loading=\"lazy\" decoding=\"async\" class=\"alignnone size-full wp-image-2220\" src=\"https:\/\/blog.rwth-aachen.de\/elektrotechnik\/files\/2022\/01\/Bildschirmfoto-2022-01-13-um-07.52.01.png\" alt=\"OR-Code f\u00fcr Teilnahme am Vortrag\" width=\"194\" height=\"194\" srcset=\"https:\/\/blog.rwth-aachen.de\/elektrotechnik\/files\/2022\/01\/Bildschirmfoto-2022-01-13-um-07.52.01.png 194w, https:\/\/blog.rwth-aachen.de\/elektrotechnik\/files\/2022\/01\/Bildschirmfoto-2022-01-13-um-07.52.01-150x150.png 150w, https:\/\/blog.rwth-aachen.de\/elektrotechnik\/files\/2022\/01\/Bildschirmfoto-2022-01-13-um-07.52.01-50x50.png 50w\" sizes=\"auto, (max-width: 194px) 100vw, 194px\" \/><\/p>\n","protected":false},"excerpt":{"rendered":"<p>Am 12.01.2022 spricht Prof. Dr. Dirk Uwe Sauer\u200b in einem Zoom-Webinar von 17:00 &#8211; 18:30 Uhr \u00fcber die Energiewende und welche Rolle die Batterietechnik hierbei \u00fcbernehmen k\u00f6nnte. Inhalt Die Herausforderungen [&hellip;]<\/p>\n","protected":false},"author":3827,"featured_media":0,"comment_status":"open","ping_status":"closed","template":"","meta":{"_tribe_events_status":"","_tribe_events_status_reason":"","c2c_always_allow_admin_comments":false,"footnotes":""},"tags":[],"tribe_events_cat":[],"class_list":["post-2219","tribe_events","type-tribe_events","status-publish","hentry"],"_links":{"self":[{"href":"https:\/\/blog.rwth-aachen.de\/elektrotechnik\/en\/wp-json\/wp\/v2\/tribe_events\/2219","targetHints":{"allow":["GET"]}}],"collection":[{"href":"https:\/\/blog.rwth-aachen.de\/elektrotechnik\/en\/wp-json\/wp\/v2\/tribe_events"}],"about":[{"href":"https:\/\/blog.rwth-aachen.de\/elektrotechnik\/en\/wp-json\/wp\/v2\/types\/tribe_events"}],"author":[{"embeddable":true,"href":"https:\/\/blog.rwth-aachen.de\/elektrotechnik\/en\/wp-json\/wp\/v2\/users\/3827"}],"replies":[{"embeddable":true,"href":"https:\/\/blog.rwth-aachen.de\/elektrotechnik\/en\/wp-json\/wp\/v2\/comments?post=2219"}],"version-history":[{"count":2,"href":"https:\/\/blog.rwth-aachen.de\/elektrotechnik\/en\/wp-json\/wp\/v2\/tribe_events\/2219\/revisions"}],"predecessor-version":[{"id":2222,"href":"https:\/\/blog.rwth-aachen.de\/elektrotechnik\/en\/wp-json\/wp\/v2\/tribe_events\/2219\/revisions\/2222"}],"wp:attachment":[{"href":"https:\/\/blog.rwth-aachen.de\/elektrotechnik\/en\/wp-json\/wp\/v2\/media?parent=2219"}],"wp:term":[{"taxonomy":"post_tag","embeddable":true,"href":"https:\/\/blog.rwth-aachen.de\/elektrotechnik\/en\/wp-json\/wp\/v2\/tags?post=2219"},{"taxonomy":"tribe_events_cat","embeddable":true,"href":"https:\/\/blog.rwth-aachen.de\/elektrotechnik\/en\/wp-json\/wp\/v2\/tribe_events_cat?post=2219"}],"curies":[{"name":"wp","href":"https:\/\/api.w.org\/{rel}","templated":true}]}}

<div class="twoclick_social_bookmarks_post_2219 social_share_privacy clearfix 1.6.4 locale-en_US sprite-en_US"></div><div class="twoclick-js"><script type="text/javascript">/* <![CDATA[ */
jQuery(document).ready(function($){if($('.twoclick_social_bookmarks_post_2219')){$('.twoclick_social_bookmarks_post_2219').socialSharePrivacy({"services":{"facebook":{"status":"on","txt_info":"2 Klicks f\u00fcr mehr Datenschutz: Erst wenn Sie hier klicken, wird der Button aktiv und Sie k\u00f6nnen Ihre Empfehlung an Facebook senden. Schon beim Aktivieren werden Daten an Dritte \u00fcbertragen - siehe <em>i<\/em>.","perma_option":"off","action":"recommend","language":"en_US"}},"txt_help":"Wenn Sie diese Felder durch einen Klick aktivieren, werden Informationen an Facebook, Twitter, Flattr, Xing, t3n, LinkedIn, Pinterest oder Google eventuell ins Ausland \u00fcbertragen und unter Umst\u00e4nden auch dort gespeichert. N\u00e4heres erfahren Sie durch einen Klick auf das <em>i<\/em>.","settings_perma":"Dauerhaft aktivieren und Daten\u00fcber-tragung zustimmen:","info_link":"http:\/\/www.heise.de\/ct\/artikel\/2-Klicks-fuer-mehr-Datenschutz-1333879.html","uri":"https:\/\/blog.rwth-aachen.de\/elektrotechnik\/en\/event\/vortrag-von-prof-dr-sauer-die-energiewende-geht-nicht-ohne-batteriespeicher-erreichtes-und-neue-trends\/","post_id":2219,"post_title_referrer_track":"Vortrag+von+Prof.+Dr.+Sauer%3A+%E2%80%9EDie+Energiewende+geht+nicht+ohne+Batteriespeicher%3A+Erreichtes+und+neue+Trends%E2%80%9D","display_infobox":"on"});}});
/* ]]> */</script></div><p>Am 12.01.2022 spricht Prof. Dr. Dirk Uwe Sauer​ in einem Zoom-Webinar von 17:00 &#8211; 18:30 Uhr über die Energiewende und welche Rolle die Batterietechnik hierbei übernehmen könnte.</p>
<p><img loading="lazy" decoding="async" class="size-medium wp-image-2218 alignleft" src="https://blog.rwth-aachen.de/elektrotechnik/files/2022/01/DR_Sauer_Vortrag_bild_1-300x300.png" alt="Vortrag von Prof. Dr. Sauer" width="300" height="300" srcset="https://blog.rwth-aachen.de/elektrotechnik/files/2022/01/DR_Sauer_Vortrag_bild_1-300x300.png 300w, https://blog.rwth-aachen.de/elektrotechnik/files/2022/01/DR_Sauer_Vortrag_bild_1-1024x1024.png 1024w, https://blog.rwth-aachen.de/elektrotechnik/files/2022/01/DR_Sauer_Vortrag_bild_1-150x150.png 150w, https://blog.rwth-aachen.de/elektrotechnik/files/2022/01/DR_Sauer_Vortrag_bild_1-768x768.png 768w, https://blog.rwth-aachen.de/elektrotechnik/files/2022/01/DR_Sauer_Vortrag_bild_1-50x50.png 50w, https://blog.rwth-aachen.de/elektrotechnik/files/2022/01/DR_Sauer_Vortrag_bild_1.png 1080w" sizes="auto, (max-width: 300px) 100vw, 300px" /></p>
<p><strong>Inhalt</strong></p>
<p>Die Herausforderungen für die Energiewende sind lange bekannt. Die Nachschärfungen durch EU und Bundesregierung werden nun Veränderungen und Umsetzung beschleunigen.</p>
<p>Die Energieversorgung wird in Zukunft in Form von Strom aus Windkraft- und Photovoltaikanlagen bestimmt sein. Das bedeutet, dass ein vernetztes, intelligentes und gekoppeltes Energiesystem benötigt wird, um die Fluktuationen in der Stromerzeugung und im Energieverbrauch so effizient wie möglich auszugleichen. Gleichzeitig gilt es, wo immer möglich, Strom als die höchstwertige Energieform direkt zu nutzen. Daraus ergibt sich ein hoher Bedarf für Batteriesysteme, in stationären Anwendungen im Stromnetz und in mobilen Anwendungen.</p>
<p>Der Vortrag beleuchtet den Stand der Batterietechnik und die bereits erreichten technologischen Fortschritte bzgl. Ressourceneinsatz, Lebensdauer, Wirkungsgrad sowie Leistungs- und Schnelllade- fähigkeit. Daraus lassen sich Einsatz und Nutzen in stationären Anwendungen z.B. zur Stabilisierung des Stromnetzes oder zur Nutzung des Stroms aus einer eigenen PV-Anlagen ebenso ableiten, wie auch in mobilen Anwendungen z.B. in den Bereichen PKW, Busse &amp; Bahnen, LKW oder Gabelstapler. Darüber hinaus werden wichtige Technologietrends und deren Chancen und Risiken diskutiert.</p>
<p>Der Vortrag wird aufgezeichnet, sodass er auch zu einem späteren Zeitpunkt angesehen werden kann.<br />
Die Zugangsdaten können über den QR-Code eingesehen werden.</p>
<p>&nbsp;</p>
<p><img loading="lazy" decoding="async" class="alignnone size-full wp-image-2220" src="https://blog.rwth-aachen.de/elektrotechnik/files/2022/01/Bildschirmfoto-2022-01-13-um-07.52.01.png" alt="OR-Code für Teilnahme am Vortrag" width="194" height="194" srcset="https://blog.rwth-aachen.de/elektrotechnik/files/2022/01/Bildschirmfoto-2022-01-13-um-07.52.01.png 194w, https://blog.rwth-aachen.de/elektrotechnik/files/2022/01/Bildschirmfoto-2022-01-13-um-07.52.01-150x150.png 150w, https://blog.rwth-aachen.de/elektrotechnik/files/2022/01/Bildschirmfoto-2022-01-13-um-07.52.01-50x50.png 50w" sizes="auto, (max-width: 194px) 100vw, 194px" /></p>

<p>Am 12.01.2022 spricht Prof. Dr. Dirk Uwe Sauer​ in einem Zoom-Webinar von 17:00 &#8211; 18:30 Uhr über die Energiewende und welche Rolle die Batterietechnik hierbei übernehmen könnte. Inhalt Die Herausforderungen [&hellip;]</p>
