{"id":472,"date":"2020-09-23T14:39:10","date_gmt":"2020-09-23T12:39:10","guid":{"rendered":"https:\/\/blog.rwth-aachen.de\/elektrotechnik\/?post_type=tribe_events&#038;p=472"},"modified":"2020-09-23T15:44:00","modified_gmt":"2020-09-23T13:44:00","slug":"ringvorlesung","status":"publish","type":"tribe_events","link":"https:\/\/blog.rwth-aachen.de\/elektrotechnik\/event\/ringvorlesung\/","title":{"rendered":"Ringvorlesung Elektromobilit\u00e4t WS 2020\/21"},"content":{"rendered":"<div class=\"twoclick_social_bookmarks_post_472 social_share_privacy clearfix 1.6.4 locale-de_DE sprite-de_DE\"><\/div><div class=\"twoclick-js\"><script type=\"text\/javascript\">\/* <![CDATA[ *\/\njQuery(document).ready(function($){if($('.twoclick_social_bookmarks_post_472')){$('.twoclick_social_bookmarks_post_472').socialSharePrivacy({\"services\":{\"facebook\":{\"status\":\"on\",\"txt_info\":\"2 Klicks f\\u00fcr mehr Datenschutz: Erst wenn Sie hier klicken, wird der Button aktiv und Sie k\\u00f6nnen Ihre Empfehlung an Facebook senden. Schon beim Aktivieren werden Daten an Dritte \\u00fcbertragen - siehe <em>i<\\\/em>.\",\"perma_option\":\"off\",\"action\":\"recommend\",\"language\":\"de_DE\"}},\"txt_help\":\"Wenn Sie diese Felder durch einen Klick aktivieren, werden Informationen an Facebook, Twitter, Flattr, Xing, t3n, LinkedIn, Pinterest oder Google eventuell ins Ausland \\u00fcbertragen und unter Umst\\u00e4nden auch dort gespeichert. N\\u00e4heres erfahren Sie durch einen Klick auf das <em>i<\\\/em>.\",\"settings_perma\":\"Dauerhaft aktivieren und Daten\\u00fcber-tragung zustimmen:\",\"info_link\":\"http:\\\/\\\/www.heise.de\\\/ct\\\/artikel\\\/2-Klicks-fuer-mehr-Datenschutz-1333879.html\",\"uri\":\"https:\\\/\\\/blog.rwth-aachen.de\\\/elektrotechnik\\\/event\\\/ringvorlesung\\\/\",\"post_id\":472,\"post_title_referrer_track\":\"Ringvorlesung+Elektromobilit%C3%A4t+WS+2020%2F21\",\"display_infobox\":\"on\"});}});\n\/* ]]> *\/<\/script><\/div><p>Die Gesch\u00e4ftsstelle Elektromobilit\u00e4t, GSE, organisiert im Wintersemester 2020\/21 erneut die Ringvorlesung Elektromobilit\u00e4t, die wieder mit spannenden Vortr\u00e4gen aus der Hochschule und Industrie den aktuellen Stand der Forschung und neueste Trends in der Elektromobilit\u00e4t diskutiert. Die Referenten werden einen spannenden Einblick in das jeweilige\u00a0 Forschungsgesch\u00e4ft geben, anschlie\u00dfend stehen die Referenten f\u00fcr eine Diskussion mit dem Plenum zur Verf\u00fcgung.<\/p>\n<p>&nbsp;<\/p>\n<p><img loading=\"lazy\" decoding=\"async\" class=\"alignnone size-large wp-image-474\" src=\"https:\/\/blog.rwth-aachen.de\/elektrotechnik\/files\/2020\/09\/RingVorlesung-1-1024x653.jpg\" alt=\"\" width=\"1024\" height=\"653\" srcset=\"https:\/\/blog.rwth-aachen.de\/elektrotechnik\/files\/2020\/09\/RingVorlesung-1-1024x653.jpg 1024w, https:\/\/blog.rwth-aachen.de\/elektrotechnik\/files\/2020\/09\/RingVorlesung-1-300x191.jpg 300w, https:\/\/blog.rwth-aachen.de\/elektrotechnik\/files\/2020\/09\/RingVorlesung-1-768x490.jpg 768w, https:\/\/blog.rwth-aachen.de\/elektrotechnik\/files\/2020\/09\/RingVorlesung-1.jpg 1329w\" sizes=\"auto, (max-width: 1024px) 100vw, 1024px\" \/><\/p>\n<p>&nbsp;<\/p>\n<p><img loading=\"lazy\" decoding=\"async\" class=\"alignnone size-large wp-image-473\" src=\"https:\/\/blog.rwth-aachen.de\/elektrotechnik\/files\/2020\/09\/rvprogramm-1024x639.jpg\" alt=\"\" width=\"1024\" height=\"639\" srcset=\"https:\/\/blog.rwth-aachen.de\/elektrotechnik\/files\/2020\/09\/rvprogramm-1024x639.jpg 1024w, https:\/\/blog.rwth-aachen.de\/elektrotechnik\/files\/2020\/09\/rvprogramm-300x187.jpg 300w, https:\/\/blog.rwth-aachen.de\/elektrotechnik\/files\/2020\/09\/rvprogramm-768x480.jpg 768w, https:\/\/blog.rwth-aachen.de\/elektrotechnik\/files\/2020\/09\/rvprogramm.jpg 1233w\" sizes=\"auto, (max-width: 1024px) 100vw, 1024px\" \/><\/p>","protected":false},"excerpt":{"rendered":"<p>Die Gesch\u00e4ftsstelle Elektromobilit\u00e4t, GSE, organisiert im Wintersemester 2020\/21 erneut die Ringvorlesung Elektromobilit\u00e4t, die wieder mit spannenden Vortr\u00e4gen aus der Hochschule und Industrie den aktuellen Stand der Forschung und neueste Trends [&hellip;]<\/p>\n","protected":false},"author":2405,"featured_media":0,"comment_status":"open","ping_status":"closed","template":"","meta":{"_tribe_events_status":"","_tribe_events_status_reason":"","c2c_always_allow_admin_comments":false,"footnotes":""},"tags":[],"tribe_events_cat":[],"class_list":["post-472","tribe_events","type-tribe_events","status-publish","hentry"],"_links":{"self":[{"href":"https:\/\/blog.rwth-aachen.de\/elektrotechnik\/wp-json\/wp\/v2\/tribe_events\/472","targetHints":{"allow":["GET"]}}],"collection":[{"href":"https:\/\/blog.rwth-aachen.de\/elektrotechnik\/wp-json\/wp\/v2\/tribe_events"}],"about":[{"href":"https:\/\/blog.rwth-aachen.de\/elektrotechnik\/wp-json\/wp\/v2\/types\/tribe_events"}],"author":[{"embeddable":true,"href":"https:\/\/blog.rwth-aachen.de\/elektrotechnik\/wp-json\/wp\/v2\/users\/2405"}],"replies":[{"embeddable":true,"href":"https:\/\/blog.rwth-aachen.de\/elektrotechnik\/wp-json\/wp\/v2\/comments?post=472"}],"version-history":[{"count":3,"href":"https:\/\/blog.rwth-aachen.de\/elektrotechnik\/wp-json\/wp\/v2\/tribe_events\/472\/revisions"}],"predecessor-version":[{"id":481,"href":"https:\/\/blog.rwth-aachen.de\/elektrotechnik\/wp-json\/wp\/v2\/tribe_events\/472\/revisions\/481"}],"wp:attachment":[{"href":"https:\/\/blog.rwth-aachen.de\/elektrotechnik\/wp-json\/wp\/v2\/media?parent=472"}],"wp:term":[{"taxonomy":"post_tag","embeddable":true,"href":"https:\/\/blog.rwth-aachen.de\/elektrotechnik\/wp-json\/wp\/v2\/tags?post=472"},{"taxonomy":"tribe_events_cat","embeddable":true,"href":"https:\/\/blog.rwth-aachen.de\/elektrotechnik\/wp-json\/wp\/v2\/tribe_events_cat?post=472"}],"curies":[{"name":"wp","href":"https:\/\/api.w.org\/{rel}","templated":true}]}}

Ringvorlesung Elektromobilität WS 2020/21

<div class="twoclick_social_bookmarks_post_472 social_share_privacy clearfix 1.6.4 locale-de_DE sprite-de_DE"></div><div class="twoclick-js"><script type="text/javascript">/* <![CDATA[ */
jQuery(document).ready(function($){if($('.twoclick_social_bookmarks_post_472')){$('.twoclick_social_bookmarks_post_472').socialSharePrivacy({"services":{"facebook":{"status":"on","txt_info":"2 Klicks f\u00fcr mehr Datenschutz: Erst wenn Sie hier klicken, wird der Button aktiv und Sie k\u00f6nnen Ihre Empfehlung an Facebook senden. Schon beim Aktivieren werden Daten an Dritte \u00fcbertragen - siehe <em>i<\/em>.","perma_option":"off","action":"recommend","language":"de_DE"}},"txt_help":"Wenn Sie diese Felder durch einen Klick aktivieren, werden Informationen an Facebook, Twitter, Flattr, Xing, t3n, LinkedIn, Pinterest oder Google eventuell ins Ausland \u00fcbertragen und unter Umst\u00e4nden auch dort gespeichert. N\u00e4heres erfahren Sie durch einen Klick auf das <em>i<\/em>.","settings_perma":"Dauerhaft aktivieren und Daten\u00fcber-tragung zustimmen:","info_link":"http:\/\/www.heise.de\/ct\/artikel\/2-Klicks-fuer-mehr-Datenschutz-1333879.html","uri":"https:\/\/blog.rwth-aachen.de\/elektrotechnik\/event\/ringvorlesung\/","post_id":472,"post_title_referrer_track":"Ringvorlesung+Elektromobilit%C3%A4t+WS+2020%2F21","display_infobox":"on"});}});
/* ]]> */</script></div><p>Die Geschäftsstelle Elektromobilität, GSE, organisiert im Wintersemester 2020/21 erneut die Ringvorlesung Elektromobilität, die wieder mit spannenden Vorträgen aus der Hochschule und Industrie den aktuellen Stand der Forschung und neueste Trends in der Elektromobilität diskutiert. Die Referenten werden einen spannenden Einblick in das jeweilige  Forschungsgeschäft geben, anschließend stehen die Referenten für eine Diskussion mit dem Plenum zur Verfügung.</p>
<p>&nbsp;</p>
<p><img loading="lazy" decoding="async" class="alignnone size-large wp-image-474" src="https://blog.rwth-aachen.de/elektrotechnik/files/2020/09/RingVorlesung-1-1024x653.jpg" alt="" width="1024" height="653" srcset="https://blog.rwth-aachen.de/elektrotechnik/files/2020/09/RingVorlesung-1-1024x653.jpg 1024w, https://blog.rwth-aachen.de/elektrotechnik/files/2020/09/RingVorlesung-1-300x191.jpg 300w, https://blog.rwth-aachen.de/elektrotechnik/files/2020/09/RingVorlesung-1-768x490.jpg 768w, https://blog.rwth-aachen.de/elektrotechnik/files/2020/09/RingVorlesung-1.jpg 1329w" sizes="auto, (max-width: 1024px) 100vw, 1024px" /></p>
<p>&nbsp;</p>
<p><img loading="lazy" decoding="async" class="alignnone size-large wp-image-473" src="https://blog.rwth-aachen.de/elektrotechnik/files/2020/09/rvprogramm-1024x639.jpg" alt="" width="1024" height="639" srcset="https://blog.rwth-aachen.de/elektrotechnik/files/2020/09/rvprogramm-1024x639.jpg 1024w, https://blog.rwth-aachen.de/elektrotechnik/files/2020/09/rvprogramm-300x187.jpg 300w, https://blog.rwth-aachen.de/elektrotechnik/files/2020/09/rvprogramm-768x480.jpg 768w, https://blog.rwth-aachen.de/elektrotechnik/files/2020/09/rvprogramm.jpg 1233w" sizes="auto, (max-width: 1024px) 100vw, 1024px" /></p>

<p>Die Geschäftsstelle Elektromobilität, GSE, organisiert im Wintersemester 2020/21 erneut die Ringvorlesung Elektromobilität, die wieder mit spannenden Vorträgen aus der Hochschule und Industrie den aktuellen Stand der Forschung und neueste Trends [&hellip;]</p>
