{"id":229,"date":"2022-04-05T13:55:22","date_gmt":"2022-04-05T11:55:22","guid":{"rendered":"https:\/\/hochschularchive.nrw\/?page_id=229"},"modified":"2022-04-05T13:55:22","modified_gmt":"2022-04-05T11:55:22","slug":"aufbewahrungsfristen","status":"publish","type":"page","link":"https:\/\/blog.rwth-aachen.de\/hochschulularchivenrw\/aufbewahrungsfristen\/","title":{"rendered":""},"content":{"rendered":"\n<div class=\"wp-block-cover is-light has-custom-content-position is-position-top-center\" style=\"min-height:220px;aspect-ratio:unset;\"><span aria-hidden=\"true\" class=\"wp-block-cover__background has-background-dim-0 has-background-dim\"><\/span><img loading=\"lazy\" decoding=\"async\" width=\"2560\" height=\"1094\" class=\"wp-block-cover__image-background wp-image-233\" alt=\"\" src=\"https:\/\/blog.rwth-aachen.de\/hochschulularchivenrw\/files\/2022\/04\/Bild-Registraturgut-scaled-1.jpg\" style=\"object-position:43% 18%\" data-object-fit=\"cover\" data-object-position=\"43% 18%\" srcset=\"https:\/\/blog.rwth-aachen.de\/hochschulularchivenrw\/files\/2022\/04\/Bild-Registraturgut-scaled-1.jpg 2560w, https:\/\/blog.rwth-aachen.de\/hochschulularchivenrw\/files\/2022\/04\/Bild-Registraturgut-scaled-1-300x128.jpg 300w, https:\/\/blog.rwth-aachen.de\/hochschulularchivenrw\/files\/2022\/04\/Bild-Registraturgut-scaled-1-1024x438.jpg 1024w, https:\/\/blog.rwth-aachen.de\/hochschulularchivenrw\/files\/2022\/04\/Bild-Registraturgut-scaled-1-768x328.jpg 768w, https:\/\/blog.rwth-aachen.de\/hochschulularchivenrw\/files\/2022\/04\/Bild-Registraturgut-scaled-1-1536x656.jpg 1536w, https:\/\/blog.rwth-aachen.de\/hochschulularchivenrw\/files\/2022\/04\/Bild-Registraturgut-scaled-1-2048x875.jpg 2048w\" sizes=\"auto, (max-width: 2560px) 100vw, 2560px\" \/><div class=\"wp-block-cover__inner-container is-layout-flow wp-block-cover-is-layout-flow\">\n<p class=\"has-text-align-center has-white-color has-text-color has-background\" style=\"background-color:#2a9d8f;font-size:30px\"><strong>Fachinformation: Aufbewahrungsfristen<\/strong><\/p>\n<\/div><\/div>\n\n\n\n<div style=\"height:0px\" aria-hidden=\"true\" class=\"wp-block-spacer\"><\/div>\n\n\n\n<p class=\"has-medium-font-size\"><strong>Empfehlungen f\u00fcr Aufbewahrungsfristen an nordrhein-westf\u00e4lischen Hochschulen<\/strong><\/p>\n\n\n\n<p class=\"has-medium-font-size\">Die Festlegung von Aufbewahrungsfristen f\u00fcr Unterlagen einer Einrichtung f\u00e4llt nicht prim\u00e4r in den Kompetenz- bzw. Zust\u00e4ndigkeitsbereich von Archivarinnen und Archivaren. Doch gerade die pr\u00e4zise Kenntnis und Abstimmung \u00fcber die Dauer der jeweiligen Aufbewahrungsfristen bestimmen den Arbeitsalltag entscheidend, sind die Archivarinnen und Archivare doch die ersten, die diesbez\u00fcglich bei der Abgabe von Unterlagen an das Archiv konsultiert werden. Letztendlich f\u00e4llt ihnen dann die Aufgabe zu, die Unterlagen ihrer jeweiligen Einrichtung zun\u00e4chst rechtlich verbindlich und letztendlich historisch verantwortungsvoll zu behandeln.<\/p>\n\n\n\n<p class=\"has-medium-font-size\">Die Erfahrungen in der Zusammenarbeit mit den Akten abgebenden Stellen einer Hochschule sowie der Austausch mit Hochschularchivarinnen und -archivaren haben gezeigt, dass ein detaillierter Fristenkatalog, der m\u00f6glichst alle anfallenden Unterlagen mit Angabe der Aufbewahrungsdauer enth\u00e4lt, sowohl die Arbeit der Sachbearbeiterinnen und Sachbearbeiter als auch die der Archivarinnen und Archivare erheblich erleichtern w\u00fcrde. Der Fristenkatalog gibt allen Beteiligten die M\u00f6glichkeit ihre Arbeit effizienter und planbarer zu gestalten.<\/p>\n\n\n\n<p class=\"has-medium-font-size\">Die beiden vorliegenden Kataloge sind eine Empfehlung der seit 2013 t\u00e4tigen \u201eArbeitsgruppe Aufbewahrungsfristen\u201c innerhalb der Arbeitsgemeinschaft Hochschularchive NRW und k\u00f6nnen von den Hochschulen f\u00fcr die eigenen Zwecke angepasst werden:<\/p>\n\n\n\n<ul class=\"has-medium-font-size wp-block-list\">\n<li>Die \u201eEmpfehlungen f\u00fcr Aufbewahrungsfristen von Unterlagen an nordrhein-westf\u00e4lischen Hochschulen f\u00fcr die aktenf\u00fchrenden Stellen\u201c richten sich an die Sachbearbeiterinnen und Sachbearbeiter in den aktenf\u00fchrenden Stellen, an Mitarbeiterinnen und Mitarbeiter in Verwaltung und Einrichtungen. Der Fristenkatalog soll ihnen einerseits die rechtlichen Grundlagen nennen und Orientierung bei der Einsch\u00e4tzung \u00fcber die Archivw\u00fcrdigkeit der von ihnen gef\u00fchrten Unterlagen geben.<\/li>\n\n\n\n<li>Die \u201eEmpfehlungen f\u00fcr Aufbewahrungsfristen von Unterlagen an nordrhein-westf\u00e4lischen Hochschulen f\u00fcr das Hochschularchiv&#8220; enth\u00e4lt dar\u00fcber hinaus eine Empfehlung f\u00fcr die Hochschularchivarinnen und -archivare f\u00fcr den weiteren Umgang mit den angebotenen Unterlagen.<\/li>\n<\/ul>\n\n\n\n<p class=\"has-medium-font-size\">Die Arbeitsgruppe ist auf die Mithilfe und Informationen von Kolleginnen und Kollegen angewiesen, um diese Empfehlung weiter zu vervollst\u00e4ndigen und ggf. sich \u00e4ndernde rechtliche Rahmenbedingungen zu ber\u00fccksichtigen. Einw\u00e4nde, Anmerkungen oder Erg\u00e4nzungsvorschl\u00e4ge sollten den Mitgliedern der Arbeitsgruppe oder dem Vorstand der Arbeitsgemeinschaft Hochschularchive NRW zugeleitet werden. Die Arbeitsgruppe wird dann die Empfehlung einmal j\u00e4hrlich aktualisieren.<\/p>\n\n\n\n<div style=\"height:50px\" aria-hidden=\"true\" class=\"wp-block-spacer\"><\/div>\n\n\n\n<p class=\"has-medium-font-size\"><strong>Downloads zum Thema<\/strong><\/p>\n\n\n\n<ul class=\"wp-block-list\" style=\"font-size:14px\">\n<li><a href=\"https:\/\/hochschularchive.nrw\/wp-content\/uploads\/2023\/11\/Empfehlungen-fuer-Aufbewahrungsfristen-von-Unterlagen-an-nordrhein-westfaelischen-Hochschulen-fuer-das-Hochschularchiv-Januar-2022.docx\" data-type=\"link\" data-id=\"https:\/\/hochschularchive.nrw\/wp-content\/uploads\/2023\/11\/Empfehlungen-fuer-Aufbewahrungsfristen-von-Unterlagen-an-nordrhein-westfaelischen-Hochschulen-fuer-das-Hochschularchiv-Januar-2022.docx\">Empfehlungen f\u00fcr Aufbewahrungsfristen von Unterlagen an nordrhein-westf\u00e4lischen Hochschulen f\u00fcr das Hochschularchiv (Januar 2022).docx<\/a><\/li>\n\n\n\n<li><a href=\"https:\/\/www.archive.nrw.de\/sites\/default\/files\/media\/files\/Empfehlungen%20f%C3%BCr%20Aufbewahrungsfristen%20von%20Unterlagen%20an%20nordrhein-westf%C3%A4lischen%20Hochschulen%20f%C3%BCr%20das%20Hochschularchiv%20%28Januar%202022%29.pdf\" data-type=\"link\" data-id=\"https:\/\/www.archive.nrw.de\/sites\/default\/files\/media\/files\/Empfehlungen%20f%C3%BCr%20Aufbewahrungsfristen%20von%20Unterlagen%20an%20nordrhein-westf%C3%A4lischen%20Hochschulen%20f%C3%BCr%20das%20Hochschularchiv%20%28Januar%202022%29.pdf\">Empfehlungen f\u00fcr Aufbewahrungsfristen von Unterlagen an nordrhein-westf\u00e4lischen Hochschulen f\u00fcr das Hochschularchiv (Januar 2022).pdf<\/a><\/li>\n\n\n\n<li><a href=\"https:\/\/hochschularchive.nrw\/wp-content\/uploads\/2023\/11\/Empfehlungen-fuer-Aufbewahrungsfristen-von-Unterlagen-an-nordrhein-westfaelischen-Hochschulen-fuer-die-aktenfuehrenden-Stellen-Januar-2022.docx\" data-type=\"link\" data-id=\"https:\/\/hochschularchive.nrw\/wp-content\/uploads\/2023\/11\/Empfehlungen-fuer-Aufbewahrungsfristen-von-Unterlagen-an-nordrhein-westfaelischen-Hochschulen-fuer-die-aktenfuehrenden-Stellen-Januar-2022.docx\">Empfehlungen f\u00fcr Aufbewahrungsfristen von Unterlagen an nordrhein-westf\u00e4lischen Hochschulen f\u00fcr die aktenf\u00fchrenden Stellen (Januar 2022).docx<\/a><\/li>\n\n\n\n<li><a href=\"https:\/\/hochschularchive.nrw\/wp-content\/uploads\/2023\/11\/Empfehlungen-fuer-Aufbewahrungsfristen-von-Unterlagen-an-nordrhein-westfaelischen-Hochschulen-fuer-die-aktenfuehrenden-Stellen-Januar-2022.pdf\" data-type=\"link\" data-id=\"https:\/\/hochschularchive.nrw\/wp-content\/uploads\/2023\/11\/Empfehlungen-fuer-Aufbewahrungsfristen-von-Unterlagen-an-nordrhein-westfaelischen-Hochschulen-fuer-die-aktenfuehrenden-Stellen-Januar-2022.pdf\">Empfehlungen f\u00fcr Aufbewahrungsfristen von Unterlagen an nordrhein-westf\u00e4lischen Hochschulen f\u00fcr die aktenf\u00fchrenden Stellen (Januar 2022).pdf<\/a><\/li>\n<\/ul>\n\n\n\n<p><\/p>\n\n\n\n<p><\/p>\n\n\n\n<p><\/p>\n","protected":false},"excerpt":{"rendered":"<p>Empfehlungen f\u00fcr Aufbewahrungsfristen an nordrhein-westf\u00e4lischen Hochschulen Die Festlegung von Aufbewahrungsfristen f\u00fcr Unterlagen einer Einrichtung f\u00e4llt nicht prim\u00e4r in den Kompetenz- bzw. Zust\u00e4ndigkeitsbereich von Archivarinnen und Archivaren. Doch gerade die pr\u00e4zise [&hellip;]<\/p>\n","protected":false},"author":7110,"featured_media":0,"parent":0,"menu_order":0,"comment_status":"closed","ping_status":"closed","template":"","meta":{"c2c_always_allow_admin_comments":false,"footnotes":""},"class_list":["post-229","page","type-page","status-publish","czr-hentry"],"_links":{"self":[{"href":"https:\/\/blog.rwth-aachen.de\/hochschulularchivenrw\/wp-json\/wp\/v2\/pages\/229","targetHints":{"allow":["GET"]}}],"collection":[{"href":"https:\/\/blog.rwth-aachen.de\/hochschulularchivenrw\/wp-json\/wp\/v2\/pages"}],"about":[{"href":"https:\/\/blog.rwth-aachen.de\/hochschulularchivenrw\/wp-json\/wp\/v2\/types\/page"}],"author":[{"embeddable":true,"href":"https:\/\/blog.rwth-aachen.de\/hochschulularchivenrw\/wp-json\/wp\/v2\/users\/7110"}],"replies":[{"embeddable":true,"href":"https:\/\/blog.rwth-aachen.de\/hochschulularchivenrw\/wp-json\/wp\/v2\/comments?post=229"}],"version-history":[{"count":0,"href":"https:\/\/blog.rwth-aachen.de\/hochschulularchivenrw\/wp-json\/wp\/v2\/pages\/229\/revisions"}],"wp:attachment":[{"href":"https:\/\/blog.rwth-aachen.de\/hochschulularchivenrw\/wp-json\/wp\/v2\/media?parent=229"}],"curies":[{"name":"wp","href":"https:\/\/api.w.org\/{rel}","templated":true}]}}