{"id":64,"date":"2021-10-05T10:57:30","date_gmt":"2021-10-05T08:57:30","guid":{"rendered":"https:\/\/hochschularchive.nrw\/?page_id=64"},"modified":"2021-10-05T10:57:30","modified_gmt":"2021-10-05T08:57:30","slug":"arbeitsgemeinschaft","status":"publish","type":"page","link":"https:\/\/blog.rwth-aachen.de\/hochschulularchivenrw\/arbeitsgemeinschaft\/","title":{"rendered":""},"content":{"rendered":"\n<div class=\"wp-block-cover has-custom-content-position is-position-top-center\" style=\"min-height:220px;aspect-ratio:unset;\"><span aria-hidden=\"true\" class=\"wp-block-cover__background has-background-dim-0 has-background-dim\"><\/span><img loading=\"lazy\" decoding=\"async\" width=\"2560\" height=\"1094\" class=\"wp-block-cover__image-background wp-image-1363\" alt=\"\" src=\"https:\/\/blog.rwth-aachen.de\/hochschulularchivenrw\/files\/2023\/12\/Banner-die-AG-1.jpg\" style=\"object-position:81% 17%\" data-object-fit=\"cover\" data-object-position=\"81% 17%\" srcset=\"https:\/\/blog.rwth-aachen.de\/hochschulularchivenrw\/files\/2023\/12\/Banner-die-AG-1.jpg 2560w, https:\/\/blog.rwth-aachen.de\/hochschulularchivenrw\/files\/2023\/12\/Banner-die-AG-1-300x128.jpg 300w, https:\/\/blog.rwth-aachen.de\/hochschulularchivenrw\/files\/2023\/12\/Banner-die-AG-1-1024x438.jpg 1024w, https:\/\/blog.rwth-aachen.de\/hochschulularchivenrw\/files\/2023\/12\/Banner-die-AG-1-768x328.jpg 768w, https:\/\/blog.rwth-aachen.de\/hochschulularchivenrw\/files\/2023\/12\/Banner-die-AG-1-1536x656.jpg 1536w, https:\/\/blog.rwth-aachen.de\/hochschulularchivenrw\/files\/2023\/12\/Banner-die-AG-1-2048x875.jpg 2048w\" sizes=\"auto, (max-width: 2560px) 100vw, 2560px\" \/><div class=\"wp-block-cover__inner-container is-layout-constrained wp-block-cover-is-layout-constrained\">\n<p class=\"has-text-align-center has-background\" style=\"background-color:#2a9d8f;font-size:30px\">\u00dcber uns: Die Arbeitsgemeinschaft Hochschularchive NRW<\/p>\n<\/div><\/div>\n\n\n\n<div style=\"height:50px\" aria-hidden=\"true\" class=\"wp-block-spacer\"><\/div>\n\n\n\n<p><\/p>\n\n\n\n<div class=\"wp-block-media-text has-media-on-the-right is-stacked-on-mobile\" style=\"grid-template-columns:auto 55%\"><div class=\"wp-block-media-text__content\">\n<p class=\"has-medium-font-size\">Mitglieder der Arbeitsgemeinschaft sind die von den Universit\u00e4ten und Hochschulen des Landes Nordrhein-Westfalen sowie der Koordinierungsstelle f\u00fcr Hochschul\u00fcbergreifende Fortbildung (H\u00dcF-NRW) entsandten Vertreterinnen und Vertreter. <\/p>\n\n\n\n<p class=\"has-medium-font-size\">Als G\u00e4ste werden das Wissenschaftsministerium, das Landesarchiv sowie Vertreterinnen und Vertreter anderer Hochschularchive bzw. Archive anderer Tr\u00e4ger hinzugeladen.<\/p>\n<\/div><figure class=\"wp-block-media-text__media\"><img loading=\"lazy\" decoding=\"async\" width=\"1024\" height=\"682\" src=\"https:\/\/blog.rwth-aachen.de\/hochschulularchivenrw\/files\/2023\/11\/Jahrestreffen-Archive-NRW-1024x682.jpg\" alt=\"\" class=\"wp-image-1182 size-full\" srcset=\"https:\/\/blog.rwth-aachen.de\/hochschulularchivenrw\/files\/2023\/11\/Jahrestreffen-Archive-NRW-1024x682.jpg 1024w, https:\/\/blog.rwth-aachen.de\/hochschulularchivenrw\/files\/2023\/11\/Jahrestreffen-Archive-NRW-300x200.jpg 300w, https:\/\/blog.rwth-aachen.de\/hochschulularchivenrw\/files\/2023\/11\/Jahrestreffen-Archive-NRW-768x512.jpg 768w, https:\/\/blog.rwth-aachen.de\/hochschulularchivenrw\/files\/2023\/11\/Jahrestreffen-Archive-NRW-1536x1023.jpg 1536w, https:\/\/blog.rwth-aachen.de\/hochschulularchivenrw\/files\/2023\/11\/Jahrestreffen-Archive-NRW.jpg 1642w\" sizes=\"auto, (max-width: 1024px) 100vw, 1024px\" \/><\/figure><\/div>\n\n\n\n<p class=\"has-medium-font-size\"><\/p>\n\n\n\n<p><\/p>\n\n\n\n<h2 class=\"wp-block-heading has-text-align-center\" id=\"teilnehmer\" style=\"font-size:30px\">Regelm\u00e4\u00dfig teilnehmende Hochschulen<\/h2>\n\n\n\n<div class=\"wp-block-columns is-layout-flex wp-container-core-columns-is-layout-9d6595d7 wp-block-columns-is-layout-flex\">\n<div class=\"wp-block-column is-vertically-aligned-top is-layout-flow wp-block-column-is-layout-flow\">\n<ul class=\"has-medium-font-size wp-block-list\">\n<li>Baukunstarchiv NRW<\/li>\n\n\n\n<li>Bergische Universit\u00e4t Wuppertal<\/li>\n\n\n\n<li>Deutsche Sporthochschule K\u00f6ln<\/li>\n\n\n\n<li class=\"has-medium-font-size\">Fachhochschule S\u00fcdwestfalen<\/li>\n\n\n\n<li>FernUniversit\u00e4t Hagen<\/li>\n\n\n\n<li>FH Aachen<\/li>\n\n\n\n<li>Forschungszentrum J\u00fclich<\/li>\n\n\n\n<li>Heinrich-Heine-Universit\u00e4t D\u00fcsseldorf<\/li>\n\n\n\n<li>Hochschule Bonn-Rhein-Sieg<\/li>\n<\/ul>\n<\/div>\n\n\n\n<div class=\"wp-block-column is-layout-flow wp-block-column-is-layout-flow\">\n<ul class=\"has-medium-font-size wp-block-list\">\n<li>Hochschule D\u00fcsseldorf<\/li>\n\n\n\n<li>Hochschule Hamm-Lippstadt<\/li>\n\n\n\n<li>Technische Hochschule Ostwestfalen-Lippe<\/li>\n\n\n\n<li class=\"has-medium-font-size\">Johannes Gutenberg-Universit\u00e4t Mainz<\/li>\n\n\n\n<li>Kunstakademie D\u00fcsseldorf<\/li>\n\n\n\n<li>Kunsthochschule f\u00fcr Medien K\u00f6ln<\/li>\n\n\n\n<li>Rheinische Friedrich-Wilhelms-Universit\u00e4t Bonn<\/li>\n\n\n\n<li>Robert Schumann Hochschule<\/li>\n<\/ul>\n<\/div>\n\n\n\n<div class=\"wp-block-column is-layout-flow wp-block-column-is-layout-flow\">\n<p><\/p>\n\n\n\n<ul class=\"has-medium-font-size wp-block-list\">\n<li>Ruhr-Universit\u00e4t Bochum<\/li>\n\n\n\n<li>RWTH Aachen<\/li>\n\n\n\n<li>Technische Universit\u00e4t Dortmund<\/li>\n\n\n\n<li>TH K\u00f6ln<\/li>\n\n\n\n<li>Universit\u00e4t Bielefeld<\/li>\n\n\n\n<li class=\"has-medium-font-size\">Universit\u00e4t Duisburg-Essen<\/li>\n\n\n\n<li>Universit\u00e4t M\u00fcnster<\/li>\n\n\n\n<li>Universit\u00e4t Paderborn<\/li>\n\n\n\n<li>Universit\u00e4t Siegen<\/li>\n\n\n\n<li>Universit\u00e4t zu K\u00f6ln<\/li>\n<\/ul>\n<\/div>\n<\/div>\n\n\n\n<p><\/p>\n\n\n\n<h2 class=\"wp-block-heading has-text-align-center\" style=\"font-size:30px\">Tagungsorte<\/h2>\n\n\n\n<p class=\"has-medium-font-size\">Gegr\u00fcndet wurde die Arbeitsgemeinschaft im Jahre 1998. Sie trifft sich seitdem regelm\u00e4\u00dfig einmal im Jahr an wechselnden (Hochschulstand)-Orten:<\/p>\n\n\n\n<figure class=\"wp-block-table is-style-stripes has-medium-font-size\"><table class=\"has-fixed-layout\"><thead><tr><th class=\"has-text-align-center\" data-align=\"center\">1998<\/th><th class=\"has-text-align-center\" data-align=\"center\">1999<\/th><th class=\"has-text-align-center\" data-align=\"center\">2000<\/th><th class=\"has-text-align-center\" data-align=\"center\">2001<\/th><\/tr><\/thead><tbody><tr><td class=\"has-text-align-center\" data-align=\"center\">Schloss Kalkum<\/td><td class=\"has-text-align-center\" data-align=\"center\">Bonn<\/td><td class=\"has-text-align-center\" data-align=\"center\">Hagen, Hochschul\u00fcbergreifende Fortbildung NRW<\/td><td class=\"has-text-align-center\" data-align=\"center\">Bochum<\/td><\/tr><\/tbody><\/table><\/figure>\n\n\n\n<figure class=\"wp-block-table is-style-stripes\"><table class=\"has-fixed-layout\"><thead><tr><th class=\"has-text-align-center\" data-align=\"center\">2002<\/th><th class=\"has-text-align-center\" data-align=\"center\">2003<\/th><th class=\"has-text-align-center\" data-align=\"center\">2004<\/th><th class=\"has-text-align-center\" data-align=\"center\">2005<\/th><\/tr><\/thead><tbody><tr><td class=\"has-text-align-center\" data-align=\"center\">Wuppertal<\/td><td class=\"has-text-align-center\" data-align=\"center\">D\u00fcsseldorf, Kunstakademie<\/td><td class=\"has-text-align-center\" data-align=\"center\">Paderborn<\/td><td class=\"has-text-align-center\" data-align=\"center\">D\u00fcsseldorf, Ministerium f\u00fcr Wissenschaft und Forschung<\/td><\/tr><\/tbody><\/table><\/figure>\n\n\n\n<figure class=\"wp-block-table is-style-stripes\"><table class=\"has-fixed-layout\"><thead><tr><th class=\"has-text-align-center\" data-align=\"center\">2006<\/th><th class=\"has-text-align-center\" data-align=\"center\">2007<\/th><th class=\"has-text-align-center\" data-align=\"center\">2008<\/th><th class=\"has-text-align-center\" data-align=\"center\">2009<\/th><\/tr><\/thead><tbody><tr><td class=\"has-text-align-center\" data-align=\"center\">M\u00fcnster<\/td><td class=\"has-text-align-center\" data-align=\"center\">Aachen<\/td><td class=\"has-text-align-center\" data-align=\"center\">Bielefeld<\/td><td class=\"has-text-align-center\" data-align=\"center\">Bonn<\/td><\/tr><\/tbody><\/table><\/figure>\n\n\n\n<figure class=\"wp-block-table is-style-stripes\"><table class=\"has-fixed-layout\"><thead><tr><th class=\"has-text-align-center\" data-align=\"center\">2010<\/th><th class=\"has-text-align-center\" data-align=\"center\">2011<\/th><th class=\"has-text-align-center\" data-align=\"center\">2012<\/th><th class=\"has-text-align-center\" data-align=\"center\">2013<\/th><\/tr><\/thead><tbody><tr><td class=\"has-text-align-center\" data-align=\"center\">K\u00f6ln, Universit\u00e4t<\/td><td class=\"has-text-align-center\" data-align=\"center\">Wuppertal<\/td><td class=\"has-text-align-center\" data-align=\"center\">Siegen<\/td><td class=\"has-text-align-center\" data-align=\"center\">Bochum<\/td><\/tr><\/tbody><\/table><\/figure>\n\n\n\n<figure class=\"wp-block-table is-style-stripes\"><table class=\"has-fixed-layout\"><thead><tr><th class=\"has-text-align-center\" data-align=\"center\">2014<\/th><th class=\"has-text-align-center\" data-align=\"center\">2015<\/th><th class=\"has-text-align-center\" data-align=\"center\">2016<\/th><th class=\"has-text-align-center\" data-align=\"center\">2017<\/th><\/tr><\/thead><tbody><tr><td class=\"has-text-align-center\" data-align=\"center\">K\u00f6ln, Fachhochschule<\/td><td class=\"has-text-align-center\" data-align=\"center\">Duisburg, Landesarchiv NRW<\/td><td class=\"has-text-align-center\" data-align=\"center\">Duisburg, Universit\u00e4t<\/td><td class=\"has-text-align-center\" data-align=\"center\">Bonn<\/td><\/tr><\/tbody><\/table><\/figure>\n\n\n\n<figure class=\"wp-block-table is-style-stripes\"><table class=\"has-fixed-layout\"><thead><tr><th class=\"has-text-align-center\" data-align=\"center\">2018<\/th><th class=\"has-text-align-center\" data-align=\"center\">2019<\/th><th class=\"has-text-align-center\" data-align=\"center\">2020<\/th><th class=\"has-text-align-center\" data-align=\"center\">2021<\/th><\/tr><\/thead><tbody><tr><td class=\"has-text-align-center\" data-align=\"center\">M\u00fcnster<\/td><td class=\"has-text-align-center\" data-align=\"center\">Paderborn<\/td><td class=\"has-text-align-center\" data-align=\"center\">K\u00f6ln, Sporthochschule<\/td><td class=\"has-text-align-center\" data-align=\"center\">Online-Veranstaltung<\/td><\/tr><\/tbody><\/table><\/figure>\n\n\n\n<figure class=\"wp-block-table is-style-stripes\"><table class=\"has-fixed-layout\"><thead><tr><th class=\"has-text-align-center\" data-align=\"center\">2022<\/th><th class=\"has-text-align-center\" data-align=\"center\">2023<\/th><th class=\"has-text-align-center\" data-align=\"center\">2024<\/th><th class=\"has-text-align-center\" data-align=\"center\">2025<\/th><\/tr><\/thead><tbody><tr><td class=\"has-text-align-center\" data-align=\"center\">Online-Veranstaltung<\/td><td class=\"has-text-align-center\" data-align=\"center\">Hagen, FernUniversit\u00e4t<\/td><td class=\"has-text-align-center\" data-align=\"center\">Bochum, Universit\u00e4t<\/td><td class=\"has-text-align-center\" data-align=\"center\"><\/td><\/tr><\/tbody><\/table><\/figure>\n","protected":false},"excerpt":{"rendered":"<p>Mitglieder der Arbeitsgemeinschaft sind die von den Universit\u00e4ten und Hochschulen des Landes Nordrhein-Westfalen sowie der Koordinierungsstelle f\u00fcr Hochschul\u00fcbergreifende Fortbildung (H\u00dcF-NRW) entsandten Vertreterinnen und Vertreter. Als G\u00e4ste werden das Wissenschaftsministerium, das [&hellip;]<\/p>\n","protected":false},"author":7110,"featured_media":0,"parent":0,"menu_order":0,"comment_status":"closed","ping_status":"closed","template":"","meta":{"c2c_always_allow_admin_comments":false,"footnotes":""},"class_list":["post-64","page","type-page","status-publish","czr-hentry"],"_links":{"self":[{"href":"https:\/\/blog.rwth-aachen.de\/hochschulularchivenrw\/wp-json\/wp\/v2\/pages\/64","targetHints":{"allow":["GET"]}}],"collection":[{"href":"https:\/\/blog.rwth-aachen.de\/hochschulularchivenrw\/wp-json\/wp\/v2\/pages"}],"about":[{"href":"https:\/\/blog.rwth-aachen.de\/hochschulularchivenrw\/wp-json\/wp\/v2\/types\/page"}],"author":[{"embeddable":true,"href":"https:\/\/blog.rwth-aachen.de\/hochschulularchivenrw\/wp-json\/wp\/v2\/users\/7110"}],"replies":[{"embeddable":true,"href":"https:\/\/blog.rwth-aachen.de\/hochschulularchivenrw\/wp-json\/wp\/v2\/comments?post=64"}],"version-history":[{"count":0,"href":"https:\/\/blog.rwth-aachen.de\/hochschulularchivenrw\/wp-json\/wp\/v2\/pages\/64\/revisions"}],"wp:attachment":[{"href":"https:\/\/blog.rwth-aachen.de\/hochschulularchivenrw\/wp-json\/wp\/v2\/media?parent=64"}],"curies":[{"name":"wp","href":"https:\/\/api.w.org\/{rel}","templated":true}]}}