{"id":27,"date":"2023-07-11T09:25:38","date_gmt":"2023-07-11T07:25:38","guid":{"rendered":"https:\/\/blog.rwth-aachen.de\/humeus\/?page_id=27"},"modified":"2023-08-18T13:18:04","modified_gmt":"2023-08-18T11:18:04","slug":"forschungsstellen","status":"publish","type":"page","link":"https:\/\/blog.rwth-aachen.de\/humeus\/konsortium\/forschungsstellen\/","title":{"rendered":"Forschungsstellen"},"content":{"rendered":"<p><img loading=\"lazy\" decoding=\"async\" class=\"alignnone wp-image-97\" src=\"https:\/\/blog.rwth-aachen.de\/humeus\/files\/2023\/08\/Forschungseinrichtungen-300x23.png\" alt=\"\" width=\"848\" height=\"65\" srcset=\"https:\/\/blog.rwth-aachen.de\/humeus\/files\/2023\/08\/Forschungseinrichtungen-300x23.png 300w, https:\/\/blog.rwth-aachen.de\/humeus\/files\/2023\/08\/Forschungseinrichtungen-1024x78.png 1024w, https:\/\/blog.rwth-aachen.de\/humeus\/files\/2023\/08\/Forschungseinrichtungen-768x59.png 768w, https:\/\/blog.rwth-aachen.de\/humeus\/files\/2023\/08\/Forschungseinrichtungen.png 1398w\" sizes=\"auto, (max-width: 848px) 100vw, 848px\" \/><\/p>\n<p>Ein interdisziplin\u00e4res Forschungskonsortium, bestehend aus dem Werkzeugmaschinenlabor WZL der RWTH Aachen, der Hochschule Koblenz, sowie der Forschungsgemeinschaft Qualit\u00e4t FQS, entwickelt KI-basierte Entscheidungsunterst\u00fctzungssysteme f\u00fcr das St\u00f6rungs- und Fehlermanagement auf dem Shopfloor.<\/p>\n<p><a href=\"https:\/\/blog.rwth-aachen.de\/humeus\/konsortium\/forschungsstellen\/werkzeugmaschinenlabor-wzl-der-rwth-aachen\/\">Werkzeugmaschinenlabor WZL der RWTH Aachen<\/a><\/p>\n<p><a href=\"https:\/\/blog.rwth-aachen.de\/humeus\/konsortium\/forschungsstellen\/hochschule-koblenz\/\">Hochschule Koblenz<\/a><\/p>\n<p><a href=\"https:\/\/www.dgq.de\/corporate\/fqs\/\">Forschungsgemeinschaft<\/a><\/p>\n","protected":false},"excerpt":{"rendered":"<p>Ein interdisziplin\u00e4res Forschungskonsortium, bestehend aus dem Werkzeugmaschinenlabor WZL der RWTH Aachen, der Hochschule Koblenz, sowie der Forschungsgemeinschaft Qualit\u00e4t FQS, entwickelt KI-basierte Entscheidungsunterst\u00fctzungssysteme f\u00fcr das St\u00f6rungs- und Fehlermanagement auf dem Shopfloor. [&hellip;]<\/p>\n","protected":false},"author":4103,"featured_media":0,"parent":22,"menu_order":0,"comment_status":"closed","ping_status":"closed","template":"","meta":{"c2c_always_allow_admin_comments":false,"footnotes":""},"class_list":["post-27","page","type-page","status-publish","hentry"],"_links":{"self":[{"href":"https:\/\/blog.rwth-aachen.de\/humeus\/wp-json\/wp\/v2\/pages\/27","targetHints":{"allow":["GET"]}}],"collection":[{"href":"https:\/\/blog.rwth-aachen.de\/humeus\/wp-json\/wp\/v2\/pages"}],"about":[{"href":"https:\/\/blog.rwth-aachen.de\/humeus\/wp-json\/wp\/v2\/types\/page"}],"author":[{"embeddable":true,"href":"https:\/\/blog.rwth-aachen.de\/humeus\/wp-json\/wp\/v2\/users\/4103"}],"replies":[{"embeddable":true,"href":"https:\/\/blog.rwth-aachen.de\/humeus\/wp-json\/wp\/v2\/comments?post=27"}],"version-history":[{"count":6,"href":"https:\/\/blog.rwth-aachen.de\/humeus\/wp-json\/wp\/v2\/pages\/27\/revisions"}],"predecessor-version":[{"id":114,"href":"https:\/\/blog.rwth-aachen.de\/humeus\/wp-json\/wp\/v2\/pages\/27\/revisions\/114"}],"up":[{"embeddable":true,"href":"https:\/\/blog.rwth-aachen.de\/humeus\/wp-json\/wp\/v2\/pages\/22"}],"wp:attachment":[{"href":"https:\/\/blog.rwth-aachen.de\/humeus\/wp-json\/wp\/v2\/media?parent=27"}],"curies":[{"name":"wp","href":"https:\/\/api.w.org\/{rel}","templated":true}]}}