{"id":29,"date":"2023-07-11T09:26:24","date_gmt":"2023-07-11T07:26:24","guid":{"rendered":"https:\/\/blog.rwth-aachen.de\/humeus\/?page_id=29"},"modified":"2023-08-03T09:10:37","modified_gmt":"2023-08-03T07:10:37","slug":"hochschule-koblenz","status":"publish","type":"page","link":"https:\/\/blog.rwth-aachen.de\/humeus\/konsortium\/forschungsstellen\/hochschule-koblenz\/","title":{"rendered":"Hochschule Koblenz"},"content":{"rendered":"<p><strong><img loading=\"lazy\" decoding=\"async\" class=\"alignnone wp-image-87\" src=\"https:\/\/blog.rwth-aachen.de\/humeus\/files\/2023\/08\/RheinMoselCampus_von_oben-300x200.jpg\" alt=\"\" width=\"627\" height=\"418\" srcset=\"https:\/\/blog.rwth-aachen.de\/humeus\/files\/2023\/08\/RheinMoselCampus_von_oben-300x200.jpg 300w, https:\/\/blog.rwth-aachen.de\/humeus\/files\/2023\/08\/RheinMoselCampus_von_oben-1024x683.jpg 1024w, https:\/\/blog.rwth-aachen.de\/humeus\/files\/2023\/08\/RheinMoselCampus_von_oben-768x512.jpg 768w, https:\/\/blog.rwth-aachen.de\/humeus\/files\/2023\/08\/RheinMoselCampus_von_oben.jpg 1027w\" sizes=\"auto, (max-width: 627px) 100vw, 627px\" \/><\/strong><\/p>\n<p><strong>Hochschule Koblenz und Modellfabrik Koblenz<\/strong><\/p>\n<p>Das Interdisziplin\u00e4re Institut f\u00fcr Digitalisierung (IIFD) der Hochschule Koblenz versteht sich als Vermittler und Kompetenzzentrum auf dem Gebiet der Digitalisierung. Das Institut unterst\u00fctzt lokale, regionale und \u00fcberregionale Unternehmen und Institutionen bei der digitalen Transformation, etwa durch bilaterale Forschungs- und Entwicklungsprojekte. Daneben wirkt das IIFD auch nach Innen und entwickelt neue Lehr- und Lernangebote f\u00fcr Kompetenzen im Zeitalter der Digitalisierung. Auch der Fachbereich Wirtschaftswissenschaften ist Bestandteil des IIFD und zeichnet sich durch seine praxisnahe Ausbildung und anwendungsorientierte Forschung aus. Es gibt rege Forschungsaktivit\u00e4ten in allen Feldern der Betriebswirtschaftslehre insbesondere in den Bereichen Mittelstandsmanagement und Produktionswirtschaft inkl. QM. Ein besonderer Bestandteil der Forschungsaktivit\u00e4ten ist die Modellfabrik Koblenz, die produktive Abl\u00e4ufe aus einem neuen Blickwinkel betrachtet. Anhand einer modellhaften Wertsch\u00f6pfungskette im Miniaturformat werden Gesch\u00e4ftsprozesse simuliert und greifbar gemacht. Moderne IT-Systeme unterst\u00fctzen die Simulation und Reflexion der Prozesse. Dank umfangreicher Ausstattung k\u00f6nnen die Teilnehmer die Zusammenh\u00e4nge ganzheitlich beobachten, analysieren, bewerten und neue L\u00f6sungen entwickeln. Ziel ist es, einen experimentellen Freiraum f\u00fcr Studierende und Unternehmen zu schaffen, um sich auf interaktive Art mit betriebswirtschaftlichen Prozessen auseinanderzusetzen, diese zu \u00fcberdenken und zu optimieren. So f\u00f6rdert die Modellfabrik Koblenz eine vernetzte Denkweise, die \u00fcber einzelne Fachdisziplinen hinausgeht.<\/p>\n<p><a href=\"https:\/\/www.hs-koblenz.de\/profilepages\/leyendeck\/team\">Website<\/a><\/p>\n","protected":false},"excerpt":{"rendered":"<p>Hochschule Koblenz und Modellfabrik Koblenz Das Interdisziplin\u00e4re Institut f\u00fcr Digitalisierung (IIFD) der Hochschule Koblenz versteht sich als Vermittler und Kompetenzzentrum auf dem Gebiet der Digitalisierung. Das Institut unterst\u00fctzt lokale, regionale [&hellip;]<\/p>\n","protected":false},"author":4103,"featured_media":0,"parent":27,"menu_order":0,"comment_status":"closed","ping_status":"closed","template":"","meta":{"c2c_always_allow_admin_comments":false,"footnotes":""},"class_list":["post-29","page","type-page","status-publish","hentry"],"_links":{"self":[{"href":"https:\/\/blog.rwth-aachen.de\/humeus\/wp-json\/wp\/v2\/pages\/29","targetHints":{"allow":["GET"]}}],"collection":[{"href":"https:\/\/blog.rwth-aachen.de\/humeus\/wp-json\/wp\/v2\/pages"}],"about":[{"href":"https:\/\/blog.rwth-aachen.de\/humeus\/wp-json\/wp\/v2\/types\/page"}],"author":[{"embeddable":true,"href":"https:\/\/blog.rwth-aachen.de\/humeus\/wp-json\/wp\/v2\/users\/4103"}],"replies":[{"embeddable":true,"href":"https:\/\/blog.rwth-aachen.de\/humeus\/wp-json\/wp\/v2\/comments?post=29"}],"version-history":[{"count":5,"href":"https:\/\/blog.rwth-aachen.de\/humeus\/wp-json\/wp\/v2\/pages\/29\/revisions"}],"predecessor-version":[{"id":91,"href":"https:\/\/blog.rwth-aachen.de\/humeus\/wp-json\/wp\/v2\/pages\/29\/revisions\/91"}],"up":[{"embeddable":true,"href":"https:\/\/blog.rwth-aachen.de\/humeus\/wp-json\/wp\/v2\/pages\/27"}],"wp:attachment":[{"href":"https:\/\/blog.rwth-aachen.de\/humeus\/wp-json\/wp\/v2\/media?parent=29"}],"curies":[{"name":"wp","href":"https:\/\/api.w.org\/{rel}","templated":true}]}}