{"id":1471,"date":"2026-05-06T12:16:24","date_gmt":"2026-05-06T10:16:24","guid":{"rendered":"https:\/\/blog.rwth-aachen.de\/itc-changes\/?page_id=1471"},"modified":"2026-05-06T12:28:01","modified_gmt":"2026-05-06T10:28:01","slug":"software","status":"publish","type":"page","link":"https:\/\/blog.rwth-aachen.de\/itc-changes\/software\/","title":{"rendered":"Software"},"content":{"rendered":"<p>Das IT Center stellt zahlreiche Softwareprodukte f\u00fcr die Einrichtungen, Mitarbeitenden und Studierenden der RWTH zur Verf\u00fcgung. Auf diesem Changes-Blog informieren wir \u00fcber Neuigkeiten rund um aktuelle und geplante \u00c4nderungen.<\/p>\n<p>&nbsp;<\/p>\n<h3>Changes (Neueste zuerst)<\/h3>\n<p>&nbsp;<\/p>\n<p><ul class=\"display-posts-listing\"><li class=\"listing-item\"><a class=\"title\" href=\"https:\/\/blog.rwth-aachen.de\/itc-changes\/2023\/08\/31\/english-armforge-becomes-linaroforge\/\">ARMForge becomes LinaroForge<\/a><\/li><\/ul><\/p>","protected":false},"excerpt":{"rendered":"<p>Das IT Center stellt zahlreiche Softwareprodukte f\u00fcr die Einrichtungen, Mitarbeitenden und Studierenden der RWTH zur Verf\u00fcgung. Auf diesem Changes-Blog informieren wir \u00fcber Neuigkeiten rund um aktuelle und geplante \u00c4nderungen. &nbsp; [&hellip;]<\/p>\n","protected":false},"author":5299,"featured_media":0,"parent":0,"menu_order":0,"comment_status":"closed","ping_status":"closed","template":"","meta":{"c2c_always_allow_admin_comments":false,"footnotes":""},"class_list":["post-1471","page","type-page","status-publish","hentry"],"aioseo_notices":[],"_links":{"self":[{"href":"https:\/\/blog.rwth-aachen.de\/itc-changes\/wp-json\/wp\/v2\/pages\/1471","targetHints":{"allow":["GET"]}}],"collection":[{"href":"https:\/\/blog.rwth-aachen.de\/itc-changes\/wp-json\/wp\/v2\/pages"}],"about":[{"href":"https:\/\/blog.rwth-aachen.de\/itc-changes\/wp-json\/wp\/v2\/types\/page"}],"author":[{"embeddable":true,"href":"https:\/\/blog.rwth-aachen.de\/itc-changes\/wp-json\/wp\/v2\/users\/5299"}],"replies":[{"embeddable":true,"href":"https:\/\/blog.rwth-aachen.de\/itc-changes\/wp-json\/wp\/v2\/comments?post=1471"}],"version-history":[{"count":5,"href":"https:\/\/blog.rwth-aachen.de\/itc-changes\/wp-json\/wp\/v2\/pages\/1471\/revisions"}],"predecessor-version":[{"id":1480,"href":"https:\/\/blog.rwth-aachen.de\/itc-changes\/wp-json\/wp\/v2\/pages\/1471\/revisions\/1480"}],"wp:attachment":[{"href":"https:\/\/blog.rwth-aachen.de\/itc-changes\/wp-json\/wp\/v2\/media?parent=1471"}],"curies":[{"name":"wp","href":"https:\/\/api.w.org\/{rel}","templated":true}]}}