{"id":3485,"date":"2021-03-30T13:38:49","date_gmt":"2021-03-30T11:38:49","guid":{"rendered":"https:\/\/blog.rwth-aachen.de\/itc-events\/?page_id=3485"},"modified":"2025-08-25T14:22:49","modified_gmt":"2025-08-25T12:22:49","slug":"home-3","status":"publish","type":"page","link":"https:\/\/blog.rwth-aachen.de\/itc-events\/","title":{"rendered":"Herzlich Willkommen!"},"content":{"rendered":"<p><\/p>\n<div class=\"entry\">\n<hr \/>\n<p>Das <a href=\"https:\/\/www.itc.rwth-aachen.de\/go\/id\/rbnjb\/\" target=\"_blank\" rel=\"noopener\">IT Center<\/a> bietet als zentraler IT-Dienstleister der <a href=\"https:\/\/www.rwth-aachen.de\/go\/id\/a\/\">RWTH Aachen University <\/a>eine Reihe von Weiterbildungs- und Informationsveranstaltungen an.<\/p>\n<\/div>\n<p><!--more--><\/p>\n<div class=\"entry\"><\/div>\n<div class=\"entry\">Wir bieten einen breiten Korb von IT-Dienstleistungen, die f\u00fcr ein sinnvolles Arbeiten an der Hochschule f\u00fcr Einrichtungen, Mitarbeitende, Lehrende und Studierende der Hochschule unverzichtbar sind. Daher ist es uns besonders wichtig, unser Netzwerk interessanter Pers\u00f6nlichkeiten bei unseren Events und Workshops zusammenzubringen, um den pers\u00f6nlichen Austausch zu f\u00f6rdern und Wissen zu verbreiten.<\/div>\n<hr \/>\n<p>&nbsp;<\/p>\n<h1><span style=\"color: #f6a800;\">N\u00e4chste Veranstaltungen<\/span><\/h1>\n<p>&nbsp;<\/p>\n<ul class=\"ecs-event-list\"><li class=\"ecs-event wiederkehrend_ecs_category\"><h4 class=\"entry-title summary\"><a href=\"https:\/\/blog.rwth-aachen.de\/itc-events\/event\/rwthonline-schulungen-2025\/\" rel=\"bookmark\">RWTHonline Schulungen 2026<\/a><\/h4><span class=\"duration time\"><span class=\"tribe-event-date-start\">Donnerstag, 1. Januar<\/span> - <span class=\"tribe-event-date-end\">Donnerstag, 31. Dezember<\/span><\/span><\/li><li class=\"ecs-event wiederkehrend_ecs_category\"><h4 class=\"entry-title summary\"><a href=\"https:\/\/blog.rwth-aachen.de\/itc-events\/event\/fit-in-it-kurse-2025\/\" rel=\"bookmark\">fit in IT Kurse 2026<\/a><\/h4><span class=\"duration time\"><span class=\"tribe-event-date-start\">Donnerstag, 1. Januar<\/span> - <span class=\"tribe-event-date-end\">Donnerstag, 31. Dezember<\/span><\/span><\/li><li class=\"ecs-event hpc-consultation-hour_ecs_category hpcevents_ecs_category\"><h4 class=\"entry-title summary\"><a href=\"https:\/\/blog.rwth-aachen.de\/itc-events\/event\/hpc-consultation-hour-55\/\" rel=\"bookmark\">HPC Consultation Hour #55<\/a><\/h4><span class=\"duration time\"><span class=\"tribe-event-date-start\">Donnerstag, 16. April \u25ba 14:00<\/span> - <span class=\"tribe-event-time\">15:00<\/span><\/span><\/li><li class=\"ecs-event hpcevents_ecs_category nhr4ces-events_ecs_category\"><h4 class=\"entry-title summary\"><a href=\"https:\/\/blog.rwth-aachen.de\/itc-events\/event\/nhr4ces-introduction-to-extended-discontinuous-galerkin-methods-for-multi-phase-flow-problems-2\/\" rel=\"bookmark\">NHR4CES &#8211; Introduction to eXtended Discontinuous Galerkin Methods for Multi-Phase Flow Problems<\/a><\/h4><span class=\"duration time\"><span class=\"tribe-event-date-start\">Dienstag, 21. April \u25ba 13:00<\/span> - <span class=\"tribe-event-time\">17:00<\/span><\/span><\/li><li class=\"ecs-event hpcevents_ecs_category nhr4ces-events_ecs_category\"><h4 class=\"entry-title summary\"><a href=\"https:\/\/blog.rwth-aachen.de\/itc-events\/event\/nhr4ces-getting-started-with-hpc-in-research-2\/\" rel=\"bookmark\">NHR4CES &#8211; Getting Started with HPC in Research<\/a><\/h4><span class=\"duration time\"><span class=\"tribe-event-date-start\">Mittwoch, 22. April \u25ba 14:00<\/span> - <span class=\"tribe-event-time\">15:00<\/span><\/span><\/li><li class=\"ecs-event hpcevents_ecs_category nhr4ces-events_ecs_category\"><h4 class=\"entry-title summary\"><a href=\"https:\/\/blog.rwth-aachen.de\/itc-events\/event\/nhr4ces-version-control-for-researchers-2\/\" rel=\"bookmark\">NHR4CES &#8211; Version Control for Researchers<\/a><\/h4><span class=\"duration time\"><span class=\"tribe-event-date-start\">Donnerstag, 23. April \u25ba 14:00<\/span> - <span class=\"tribe-event-time\">15:00<\/span><\/span><\/li><li class=\"ecs-event hpcevents_ecs_category nhr4ces-events_ecs_category\"><h4 class=\"entry-title summary\"><a href=\"https:\/\/blog.rwth-aachen.de\/itc-events\/event\/nhr4ces-efficient-hpc-implementation-for-lagrangian-particle-tracking-2\/\" rel=\"bookmark\">NHR4CES &#8211; Efficient HPC Implementation for Lagrangian Particle Tracking<\/a><\/h4><span class=\"duration time\"><span class=\"tribe-event-date-start\">Dienstag, 28. April \u25ba 13:00<\/span> - <span class=\"tribe-event-time\">17:00<\/span><\/span><\/li><li class=\"ecs-event hpcevents_ecs_category nhr4ces-events_ecs_category\"><h4 class=\"entry-title summary\"><a href=\"https:\/\/blog.rwth-aachen.de\/itc-events\/event\/nhr4ces-introduction-to-turbulence-modeling-and-numerical-implementation\/\" rel=\"bookmark\">NHR4CES &#8211; Introduction to Turbulence Modeling and Numerical Implementation<\/a><\/h4><span class=\"duration time\"><span class=\"tribe-event-date-start\">Dienstag, 5. Mai \u25ba 13:00<\/span> - <span class=\"tribe-event-time\">17:00<\/span><\/span><\/li><\/ul><script type=\"application\/ld+json\">\r\n[{\"@context\":\"http:\/\/schema.org\",\"@type\":\"Event\",\"name\":\"RWTHonline Schulungen 2026\",\"description\":\"&lt;p&gt;Zur Vorbereitung eines jeden Wintersemesters werden folgende Schulungen f\\u00fcr RWTHonline, dem Campus-Management-System der RWTH, angeboten: Themenblock &quot;Lehrveranstaltungen - Planung&quot; Lehrveranstaltungsangebot vorbereiten Lehrveranstaltungsgruppen einrichten Lehrveranstaltungstermine und Raumbuchungen eintragen Themenblock &quot;Lehrveranstaltungen - [&hellip;]&lt;\/p&gt;\\\\n\",\"url\":\"https:\/\/blog.rwth-aachen.de\/itc-events\/event\/rwthonline-schulungen-2025\/\",\"eventAttendanceMode\":\"https:\/\/schema.org\/OfflineEventAttendanceMode\",\"eventStatus\":\"https:\/\/schema.org\/EventScheduled\",\"startDate\":\"2026-01-01T00:00:00+01:00\",\"endDate\":\"2026-12-31T23:59:59+01:00\",\"location\":{\"@type\":\"Place\",\"name\":\"IT Center\",\"description\":\"\",\"url\":\"\",\"address\":{\"@type\":\"PostalAddress\",\"streetAddress\":\"Kopernikusstra\\u00dfe 6\",\"addressLocality\":\"Aachen\",\"addressRegion\":\"NRW\",\"postalCode\":\"52074\",\"addressCountry\":\"Deutschland\"},\"telephone\":\"0241 8024680\",\"sameAs\":\"\"},\"organizer\":{\"@type\":\"Person\",\"name\":\"IT Center\",\"description\":\"\",\"url\":\"http:\/\/www.itc.rwth-aachen.de\",\"telephone\":\"\",\"email\":\"&#101;&#118;ents&#64;it&#99;&#46;r&#119;&#116;&#104;&#45;&#97;&#97;c&#104;en.&#100;e\",\"sameAs\":\"http:\/\/www.itc.rwth-aachen.de\"},\"performer\":\"Organization\"},{\"@context\":\"http:\/\/schema.org\",\"@type\":\"Event\",\"name\":\"fit in IT Kurse 2026\",\"description\":\"&lt;p&gt;Unter der Schirmherrschaft des IT Centers bietet das fIT-Team der RWTH Aachen (fit in IT) seit dem Sommersemester 2008 kostenlose IT-Schulungen f\\u00fcr Studierende der RWTH an. Das Team setzt sich [&hellip;]&lt;\/p&gt;\\\\n\",\"url\":\"https:\/\/blog.rwth-aachen.de\/itc-events\/event\/fit-in-it-kurse-2025\/\",\"eventAttendanceMode\":\"https:\/\/schema.org\/OfflineEventAttendanceMode\",\"eventStatus\":\"https:\/\/schema.org\/EventScheduled\",\"startDate\":\"2026-01-01T00:00:00+01:00\",\"endDate\":\"2026-12-31T23:59:59+01:00\",\"location\":{\"@type\":\"Place\",\"name\":\"Online\",\"description\":\"&lt;p&gt;Die genauen Zugangsdaten finden Sie in der jeweiligen Veranstaltung&lt;\/p&gt;\\\\n\",\"url\":\"\",\"address\":{\"@type\":\"PostalAddress\",\"addressCountry\":\"Deutschland\"},\"telephone\":\"\",\"sameAs\":\"\"},\"organizer\":{\"@type\":\"Person\",\"name\":\"IT Center\",\"description\":\"\",\"url\":\"http:\/\/www.itc.rwth-aachen.de\",\"telephone\":\"\",\"email\":\"&#101;ve&#110;t&#115;&#64;i&#116;&#99;.&#114;w&#116;h&#45;&#97;ac&#104;en.d&#101;\",\"sameAs\":\"http:\/\/www.itc.rwth-aachen.de\"},\"performer\":\"Organization\"},{\"@context\":\"http:\/\/schema.org\",\"@type\":\"Event\",\"name\":\"HPC Consultation Hour #55\",\"description\":\"&lt;p&gt;We offer an open\\u00a0HPC consultation hour\\u00a0on a regular basis. This takes place every 3rd Thursday of the month. Here, we give you the opportunity to ask any HPC related question, [&hellip;]&lt;\/p&gt;\\\\n\",\"url\":\"https:\/\/blog.rwth-aachen.de\/itc-events\/event\/hpc-consultation-hour-55\/\",\"eventAttendanceMode\":\"https:\/\/schema.org\/OfflineEventAttendanceMode\",\"eventStatus\":\"https:\/\/schema.org\/EventScheduled\",\"startDate\":\"2026-04-16T14:00:00+02:00\",\"endDate\":\"2026-04-16T15:00:00+02:00\",\"location\":{\"@type\":\"Place\",\"name\":\"Zoom\",\"description\":\"\",\"url\":\"\",\"address\":{\"@type\":\"PostalAddress\"},\"telephone\":\"\",\"sameAs\":\"\"},\"organizer\":{\"@type\":\"Person\",\"name\":\"HPC\",\"description\":\"\",\"url\":\"https:\/\/blog.rwth-aachen.de\/itc-events\/hpc\/\",\"telephone\":\"\",\"email\":\"&#104;pc&#101;v&#101;&#110;t&#64;&#105;&#116;c&#46;rw&#116;h-a&#97;ch&#101;n.&#100;&#101;\",\"sameAs\":\"https:\/\/blog.rwth-aachen.de\/itc-events\/hpc\/\"},\"performer\":\"Organization\"},{\"@context\":\"http:\/\/schema.org\",\"@type\":\"Event\",\"name\":\"NHR4CES &#8211; Introduction to eXtended Discontinuous Galerkin Methods for Multi-Phase Flow Problems\",\"description\":\"&lt;p&gt;Name: Introduction to eXtended Discontinuous Galerkin Methods for Multi-Phase Flow Problems Date: April 21, 2026 Format: online More information &amp; registration &nbsp; &nbsp; Description Short abstract: In this course, we [&hellip;]&lt;\/p&gt;\\\\n\",\"url\":\"https:\/\/blog.rwth-aachen.de\/itc-events\/event\/nhr4ces-introduction-to-extended-discontinuous-galerkin-methods-for-multi-phase-flow-problems-2\/\",\"eventAttendanceMode\":\"https:\/\/schema.org\/OfflineEventAttendanceMode\",\"eventStatus\":\"https:\/\/schema.org\/EventScheduled\",\"startDate\":\"2026-04-21T13:00:00+02:00\",\"endDate\":\"2026-04-21T17:00:00+02:00\",\"location\":{\"@type\":\"Place\",\"name\":\"Online\",\"description\":\"&lt;p&gt;Die genauen Zugangsdaten finden Sie in der jeweiligen Veranstaltung&lt;\/p&gt;\\\\n\",\"url\":\"\",\"address\":{\"@type\":\"PostalAddress\",\"addressCountry\":\"Deutschland\"},\"telephone\":\"\",\"sameAs\":\"\"},\"organizer\":{\"@type\":\"Person\",\"name\":\"NHR4CES\",\"description\":\"\",\"url\":\"\",\"telephone\":\"\",\"email\":\"\",\"sameAs\":\"\"},\"performer\":\"Organization\"},{\"@context\":\"http:\/\/schema.org\",\"@type\":\"Event\",\"name\":\"NHR4CES &#8211; Getting Started with HPC in Research\",\"description\":\"&lt;p&gt;Name: Getting Started with HPC in research Date: April 22, 2026 Format: hybrid More information &amp; registration &nbsp; &nbsp; Description Short abstract: This workshop focuses on HPC basics for (medical) [&hellip;]&lt;\/p&gt;\\\\n\",\"url\":\"https:\/\/blog.rwth-aachen.de\/itc-events\/event\/nhr4ces-getting-started-with-hpc-in-research-2\/\",\"eventAttendanceMode\":\"https:\/\/schema.org\/OfflineEventAttendanceMode\",\"eventStatus\":\"https:\/\/schema.org\/EventScheduled\",\"startDate\":\"2026-04-22T14:00:00+02:00\",\"endDate\":\"2026-04-22T15:00:00+02:00\",\"location\":{\"@type\":\"Place\",\"name\":\"Hybrid\",\"description\":\"\",\"url\":\"\",\"address\":{\"@type\":\"PostalAddress\"},\"telephone\":\"\",\"sameAs\":\"\"},\"organizer\":{\"@type\":\"Person\",\"name\":\"NHR4CES\",\"description\":\"\",\"url\":\"\",\"telephone\":\"\",\"email\":\"\",\"sameAs\":\"\"},\"performer\":\"Organization\"},{\"@context\":\"http:\/\/schema.org\",\"@type\":\"Event\",\"name\":\"NHR4CES &#8211; Version Control for Researchers\",\"description\":\"&lt;p&gt;Name: Version Control for Researchers Date: April 23, 2026 Format: hybrid More information &amp; registration &nbsp; &nbsp; Description Short abstract: This workshop focuses on Version Control basics for researchers. It [&hellip;]&lt;\/p&gt;\\\\n\",\"url\":\"https:\/\/blog.rwth-aachen.de\/itc-events\/event\/nhr4ces-version-control-for-researchers-2\/\",\"eventAttendanceMode\":\"https:\/\/schema.org\/OfflineEventAttendanceMode\",\"eventStatus\":\"https:\/\/schema.org\/EventScheduled\",\"startDate\":\"2026-04-23T14:00:00+02:00\",\"endDate\":\"2026-04-23T15:00:00+02:00\",\"location\":{\"@type\":\"Place\",\"name\":\"Hybrid\",\"description\":\"\",\"url\":\"\",\"address\":{\"@type\":\"PostalAddress\"},\"telephone\":\"\",\"sameAs\":\"\"},\"organizer\":{\"@type\":\"Person\",\"name\":\"NHR4CES\",\"description\":\"\",\"url\":\"\",\"telephone\":\"\",\"email\":\"\",\"sameAs\":\"\"},\"performer\":\"Organization\"},{\"@context\":\"http:\/\/schema.org\",\"@type\":\"Event\",\"name\":\"NHR4CES &#8211; Efficient HPC Implementation for Lagrangian Particle Tracking\",\"description\":\"&lt;p&gt;Name: Efficient HPC Implementation for Lagrangian Particle Tracking Date: April 28, 2026 Format: hybrid More information &amp; registration &nbsp; &nbsp; Description Short abstract: In this course, the basics of Lagrangian [&hellip;]&lt;\/p&gt;\\\\n\",\"url\":\"https:\/\/blog.rwth-aachen.de\/itc-events\/event\/nhr4ces-efficient-hpc-implementation-for-lagrangian-particle-tracking-2\/\",\"eventAttendanceMode\":\"https:\/\/schema.org\/OfflineEventAttendanceMode\",\"eventStatus\":\"https:\/\/schema.org\/EventScheduled\",\"startDate\":\"2026-04-28T13:00:00+02:00\",\"endDate\":\"2026-04-28T17:00:00+02:00\",\"location\":{\"@type\":\"Place\",\"name\":\"Hybrid\",\"description\":\"\",\"url\":\"\",\"address\":{\"@type\":\"PostalAddress\"},\"telephone\":\"\",\"sameAs\":\"\"},\"organizer\":{\"@type\":\"Person\",\"name\":\"NHR4CES\",\"description\":\"\",\"url\":\"\",\"telephone\":\"\",\"email\":\"\",\"sameAs\":\"\"},\"performer\":\"Organization\"},{\"@context\":\"http:\/\/schema.org\",\"@type\":\"Event\",\"name\":\"NHR4CES &#8211; Introduction to Turbulence Modeling and Numerical Implementation\",\"description\":\"&lt;p&gt;Name: Introduction to Turbulence Modeling and Numerical Implementation Date: May 5, 2026 Format: online More information &amp; registration &nbsp; &nbsp; Description Short abstract: In this course, the introduction to the [&hellip;]&lt;\/p&gt;\\\\n\",\"url\":\"https:\/\/blog.rwth-aachen.de\/itc-events\/event\/nhr4ces-introduction-to-turbulence-modeling-and-numerical-implementation\/\",\"eventAttendanceMode\":\"https:\/\/schema.org\/OfflineEventAttendanceMode\",\"eventStatus\":\"https:\/\/schema.org\/EventScheduled\",\"startDate\":\"2026-05-05T13:00:00+02:00\",\"endDate\":\"2026-05-05T17:00:00+02:00\",\"location\":{\"@type\":\"Place\",\"name\":\"Online\",\"description\":\"&lt;p&gt;Die genauen Zugangsdaten finden Sie in der jeweiligen Veranstaltung&lt;\/p&gt;\\\\n\",\"url\":\"\",\"address\":{\"@type\":\"PostalAddress\",\"addressCountry\":\"Deutschland\"},\"telephone\":\"\",\"sameAs\":\"\"},\"organizer\":{\"@type\":\"Person\",\"name\":\"NHR4CES\",\"description\":\"\",\"url\":\"\",\"telephone\":\"\",\"email\":\"\",\"sameAs\":\"\"},\"performer\":\"Organization\"}]\r\n<\/script><!--\n Event listing powered by The Events Calendar Shortcode\n https:\/\/eventcalendarnewsletter.com\/the-events-calendar-shortcode\/ \n-->\n<p>&nbsp;<\/p>\n<h1><span style=\"color: #f6a800;\">Vergangene Veranstaltungen<\/span><\/h1>\n<p>&nbsp;<\/p>\n<ul class=\"ecs-event-list\"><li class=\"ecs-event hpcevents_ecs_category nhr4ces-events_ecs_category\"><h4 class=\"entry-title summary\"><a href=\"https:\/\/blog.rwth-aachen.de\/itc-events\/event\/nhr4ces-numerical-methods-for-combustion-2\/\" rel=\"bookmark\">NHR4CES &#8211; Numerical Methods for Combustion<\/a><\/h4><span class=\"duration time\"><span class=\"tribe-event-date-start\">Freitag, 10. April \u25ba 14:00<\/span> - <span class=\"tribe-event-time\">18:00<\/span><\/span><\/li><li class=\"ecs-event hpc-consultation-hour_ecs_category hpcevents_ecs_category\"><h4 class=\"entry-title summary\"><a href=\"https:\/\/blog.rwth-aachen.de\/itc-events\/event\/hpc-consultation-hour-54\/\" rel=\"bookmark\">HPC Consultation Hour #54<\/a><\/h4><span class=\"duration time\"><span class=\"tribe-event-date-start\">Donnerstag, 19. M\u00e4rz \u25ba 14:00<\/span> - <span class=\"tribe-event-time\">15:00<\/span><\/span><\/li><li class=\"ecs-event hpcevents_ecs_category ppces_ecs_category wiederkehrend_ecs_category\"><h4 class=\"entry-title summary\"><a href=\"https:\/\/blog.rwth-aachen.de\/itc-events\/event\/ppces-2026\/\" rel=\"bookmark\">PPCES 2026<\/a><\/h4><span class=\"duration time\"><span class=\"tribe-event-date-start\">Montag, 16. M\u00e4rz<\/span> - <span class=\"tribe-event-date-end\">Freitag, 20. M\u00e4rz<\/span><\/span><\/li><li class=\"ecs-event einmalig_ecs_category\"><h4 class=\"entry-title summary\"><a href=\"https:\/\/blog.rwth-aachen.de\/itc-events\/event\/softwaretechnik-messe-2026\/\" rel=\"bookmark\">Softwaretechnik-Messe 2026<\/a><\/h4><span class=\"duration time\"><span class=\"tribe-event-date-start\">Freitag, 6. M\u00e4rz \u25ba 13:00<\/span> - <span class=\"tribe-event-time\">16:00<\/span><\/span><\/li><li class=\"ecs-event hpcevents_ecs_category nhr4ces-events_ecs_category\"><h4 class=\"entry-title summary\"><a href=\"https:\/\/blog.rwth-aachen.de\/itc-events\/event\/nhr4ces-machine-learning-in-combustion-2\/\" rel=\"bookmark\">NHR4CES &#8211; Machine Learning in Combustion<\/a><\/h4><span class=\"duration time\"><span class=\"tribe-event-date-start\">Freitag, 6. M\u00e4rz<\/span><\/span><\/li><\/ul><script type=\"application\/ld+json\">\r\n[{\"@context\":\"http:\/\/schema.org\",\"@type\":\"Event\",\"name\":\"NHR4CES &#8211; Numerical Methods for Combustion\",\"description\":\"&lt;p&gt;Name: Numerical Methods for Combustion Date: April 10, 2026 Format: online More information &amp; registration &nbsp; Description Short abstract: In the face of climate change and its undeniable threats to [&hellip;]&lt;\/p&gt;\\\\n\",\"url\":\"https:\/\/blog.rwth-aachen.de\/itc-events\/event\/nhr4ces-numerical-methods-for-combustion-2\/\",\"eventAttendanceMode\":\"https:\/\/schema.org\/OfflineEventAttendanceMode\",\"eventStatus\":\"https:\/\/schema.org\/EventScheduled\",\"startDate\":\"2026-04-10T14:00:00+02:00\",\"endDate\":\"2026-04-10T18:00:00+02:00\",\"location\":{\"@type\":\"Place\",\"name\":\"Online\",\"description\":\"&lt;p&gt;Die genauen Zugangsdaten finden Sie in der jeweiligen Veranstaltung&lt;\/p&gt;\\\\n\",\"url\":\"\",\"address\":{\"@type\":\"PostalAddress\",\"addressCountry\":\"Deutschland\"},\"telephone\":\"\",\"sameAs\":\"\"},\"organizer\":{\"@type\":\"Person\",\"name\":\"NHR4CES\",\"description\":\"\",\"url\":\"\",\"telephone\":\"\",\"email\":\"\",\"sameAs\":\"\"},\"performer\":\"Organization\"},{\"@context\":\"http:\/\/schema.org\",\"@type\":\"Event\",\"name\":\"HPC Consultation Hour #54\",\"description\":\"&lt;p&gt;We offer an open\\u00a0HPC consultation hour\\u00a0on a regular basis. This takes place every 3rd Thursday of the month. Here, we give you the opportunity to ask any HPC related question, [&hellip;]&lt;\/p&gt;\\\\n\",\"url\":\"https:\/\/blog.rwth-aachen.de\/itc-events\/event\/hpc-consultation-hour-54\/\",\"eventAttendanceMode\":\"https:\/\/schema.org\/OfflineEventAttendanceMode\",\"eventStatus\":\"https:\/\/schema.org\/EventScheduled\",\"startDate\":\"2026-03-19T14:00:00+01:00\",\"endDate\":\"2026-03-19T15:00:00+01:00\",\"location\":{\"@type\":\"Place\",\"name\":\"Zoom\",\"description\":\"\",\"url\":\"\",\"address\":{\"@type\":\"PostalAddress\"},\"telephone\":\"\",\"sameAs\":\"\"},\"organizer\":{\"@type\":\"Person\",\"name\":\"HPC\",\"description\":\"\",\"url\":\"https:\/\/blog.rwth-aachen.de\/itc-events\/hpc\/\",\"telephone\":\"\",\"email\":\"hp&#99;&#101;v&#101;&#110;&#116;&#64;it&#99;.rw&#116;&#104;&#45;&#97;a&#99;he&#110;.&#100;e\",\"sameAs\":\"https:\/\/blog.rwth-aachen.de\/itc-events\/hpc\/\"},\"performer\":\"Organization\"},{\"@context\":\"http:\/\/schema.org\",\"@type\":\"Event\",\"name\":\"PPCES 2026\",\"description\":\"&lt;p&gt;Der Eintrag ist nur auf Englisch verf\\u00fcgbar.in cooperation with &nbsp; Parallel Programming in Computational Engineering and Science (PPCES) March 16th - 20th, 2026 This one week event will continue the [&hellip;]&lt;\/p&gt;\\\\n\",\"image\":\"https:\/\/blog.rwth-aachen.de\/itc-events\/files\/2022\/09\/NHR4CES_RGB.jpg\",\"url\":\"https:\/\/blog.rwth-aachen.de\/itc-events\/event\/ppces-2026\/\",\"eventAttendanceMode\":\"https:\/\/schema.org\/OfflineEventAttendanceMode\",\"eventStatus\":\"https:\/\/schema.org\/EventScheduled\",\"startDate\":\"2026-03-16T00:00:00+01:00\",\"endDate\":\"2026-03-20T23:59:59+01:00\",\"location\":{\"@type\":\"Place\",\"name\":\"IT Center\",\"description\":\"\",\"url\":\"\",\"address\":{\"@type\":\"PostalAddress\",\"streetAddress\":\"Kopernikusstra\\u00dfe 6\",\"addressLocality\":\"Aachen\",\"addressRegion\":\"NRW\",\"postalCode\":\"52074\",\"addressCountry\":\"Deutschland\"},\"telephone\":\"0241 8024680\",\"sameAs\":\"\"},\"performer\":\"Organization\"},{\"@context\":\"http:\/\/schema.org\",\"@type\":\"Event\",\"name\":\"Softwaretechnik-Messe 2026\",\"description\":\"&lt;p&gt;Quelle: Eigene Darstellung Name:\\u00a0Softwaretechnik-Messe Veranstaltungsart:\\u00a0Hausmesse Datum: 6. M\\u00e4rz 2026 Uhrzeit:\\u00a013 \\u2013 16 Uhr Ort:\\u00a0IT Center, Foyer Kopernikusstr. 6\\u00a0 Zielgruppe:\\u00a0Alle MATSE-Interessierte (Auszubildende aus anderen Jahrg\\u00e4ngen, Ausbildende, Sch\\u00fcler*innen oder Lehrer*innen) Anmeldung:\\u00a0ohne &nbsp; [&hellip;]&lt;\/p&gt;\\\\n\",\"url\":\"https:\/\/blog.rwth-aachen.de\/itc-events\/event\/softwaretechnik-messe-2026\/\",\"eventAttendanceMode\":\"https:\/\/schema.org\/OfflineEventAttendanceMode\",\"eventStatus\":\"https:\/\/schema.org\/EventScheduled\",\"startDate\":\"2026-03-06T13:00:00+01:00\",\"endDate\":\"2026-03-06T16:00:00+01:00\",\"location\":{\"@type\":\"Place\",\"name\":\"IT Center\",\"description\":\"\",\"url\":\"\",\"address\":{\"@type\":\"PostalAddress\",\"streetAddress\":\"Kopernikusstra\\u00dfe 6\",\"addressLocality\":\"Aachen\",\"addressRegion\":\"NRW\",\"postalCode\":\"52074\",\"addressCountry\":\"Deutschland\"},\"telephone\":\"0241 8024680\",\"sameAs\":\"\"},\"organizer\":{\"@type\":\"Person\",\"name\":\"MATSE\",\"description\":\"\",\"url\":\"\",\"telephone\":\"\",\"email\":\"\",\"sameAs\":\"\"},\"performer\":\"Organization\"},{\"@context\":\"http:\/\/schema.org\",\"@type\":\"Event\",\"name\":\"NHR4CES &#8211; Machine Learning in Combustion\",\"description\":\"&lt;p&gt;Name: Machine Learning in Combustion Date: March 6, 2026 Format: online More information &amp; registeration \\u00a0 &nbsp; Description Short abstract: Big data and Machine Learning (ML) are driving comprehensive economic [&hellip;]&lt;\/p&gt;\\\\n\",\"url\":\"https:\/\/blog.rwth-aachen.de\/itc-events\/event\/nhr4ces-machine-learning-in-combustion-2\/\",\"eventAttendanceMode\":\"https:\/\/schema.org\/OfflineEventAttendanceMode\",\"eventStatus\":\"https:\/\/schema.org\/EventScheduled\",\"startDate\":\"2026-03-06T00:00:00+01:00\",\"endDate\":\"2026-03-06T23:59:59+01:00\",\"location\":{\"@type\":\"Place\",\"name\":\"Online\",\"description\":\"&lt;p&gt;Die genauen Zugangsdaten finden Sie in der jeweiligen Veranstaltung&lt;\/p&gt;\\\\n\",\"url\":\"\",\"address\":{\"@type\":\"PostalAddress\",\"addressCountry\":\"Deutschland\"},\"telephone\":\"\",\"sameAs\":\"\"},\"organizer\":{\"@type\":\"Person\",\"name\":\"NHR4CES\",\"description\":\"\",\"url\":\"\",\"telephone\":\"\",\"email\":\"\",\"sameAs\":\"\"},\"performer\":\"Organization\"}]\r\n<\/script><!--\n Event listing powered by The Events Calendar Shortcode\n https:\/\/eventcalendarnewsletter.com\/the-events-calendar-shortcode\/ \n-->\n<p>&nbsp;<\/p>\n<hr \/>\n<p>&nbsp;<\/p>\n<h3 style=\"text-align: left;\">Ob online oder vor Ort \u2013 unsere Events lohnen sich immer.<\/h3>\n<p style=\"text-align: left;\">Auf dieser Seite entgeht Ihnen kein Event, welches f\u00fcr, mit oder vom IT Center organisiert wird.*<br \/>\nBleiben Sie auf dem Laufenden und schauen Sie regelm\u00e4\u00dfig vorbei!<\/p>\n<p style=\"text-align: left;\"><strong>Wir freuen uns auf Ihre Teilnahme!<\/strong><\/p>\n<p style=\"text-align: left;\">Sollten Sie Fragen rund um Veranstaltungen haben, k\u00f6nnen Sie sich jederzeit gerne per <a class=\"email\" href=\"mailto:servicedesk@itc.rwth-aachen.de?subject=Fragen%20zu%20Veranstaltungen\"> <u>E-Mail <\/u> <\/a> an uns wenden.<\/p>\n<p style=\"text-align: left;\"><span style=\"color: #00549f;\"><strong>Hinweis: Die Events werden in der jeweiligen Veranstaltungssprache angezeigt.<\/strong><\/span><\/p>\n<h6 style=\"text-align: left;\">*Die Zielgruppe der verschiedenen Events k\u00f6nnen Sie den Veranstaltungsdetails entnehmen.<\/h6>\n<p><\/p>","protected":false},"excerpt":{"rendered":"<p>Das IT Center bietet als zentraler IT-Dienstleister der RWTH Aachen University eine Reihe von Weiterbildungs- und Informationsveranstaltungen an.<\/p>\n","protected":false},"author":2589,"featured_media":0,"parent":0,"menu_order":1,"comment_status":"closed","ping_status":"closed","template":"","meta":{"_price":"","_stock":"","_tribe_ticket_header":"","_tribe_default_ticket_provider":"","_ticket_start_date":"","_ticket_end_date":"","_tribe_ticket_show_description":"","_tribe_ticket_show_not_going":false,"_tribe_ticket_use_global_stock":"","_tribe_ticket_global_stock_level":"","_global_stock_mode":"","_global_stock_cap":"","_tribe_rsvp_for_event":"","_tribe_ticket_going_count":"","_tribe_ticket_not_going_count":"","_tribe_tickets_list":"[]","_tribe_ticket_has_attendee_info_fields":false,"c2c_always_allow_admin_comments":false,"footnotes":""},"class_list":["post-3485","page","type-page","status-publish","hentry","cat_hpcevents","cat_nhr4ces-events"],"_links":{"self":[{"href":"https:\/\/blog.rwth-aachen.de\/itc-events\/wp-json\/wp\/v2\/pages\/3485","targetHints":{"allow":["GET"]}}],"collection":[{"href":"https:\/\/blog.rwth-aachen.de\/itc-events\/wp-json\/wp\/v2\/pages"}],"about":[{"href":"https:\/\/blog.rwth-aachen.de\/itc-events\/wp-json\/wp\/v2\/types\/page"}],"author":[{"embeddable":true,"href":"https:\/\/blog.rwth-aachen.de\/itc-events\/wp-json\/wp\/v2\/users\/2589"}],"replies":[{"embeddable":true,"href":"https:\/\/blog.rwth-aachen.de\/itc-events\/wp-json\/wp\/v2\/comments?post=3485"}],"version-history":[{"count":105,"href":"https:\/\/blog.rwth-aachen.de\/itc-events\/wp-json\/wp\/v2\/pages\/3485\/revisions"}],"predecessor-version":[{"id":7611,"href":"https:\/\/blog.rwth-aachen.de\/itc-events\/wp-json\/wp\/v2\/pages\/3485\/revisions\/7611"}],"wp:attachment":[{"href":"https:\/\/blog.rwth-aachen.de\/itc-events\/wp-json\/wp\/v2\/media?parent=3485"}],"curies":[{"name":"wp","href":"https:\/\/api.w.org\/{rel}","templated":true}]}}