{"id":4287,"date":"2021-05-15T19:53:58","date_gmt":"2021-05-15T17:53:58","guid":{"rendered":"https:\/\/blog.rwth-aachen.de\/itc-events\/?page_id=4287"},"modified":"2021-10-20T12:07:26","modified_gmt":"2021-10-20T10:07:26","slug":"intro-hpc","status":"publish","type":"page","link":"https:\/\/blog.rwth-aachen.de\/itc-events\/intro-hpc\/","title":{"rendered":"Introduction to High-Performance Computing"},"content":{"rendered":"<p>Die <strong>Kurzeinf\u00fchrung in das High-Performance Computing<\/strong> bietet grundlegende Informationen zum High-Performance Computing (HPC) am Rechenzentrum der RWTH Aachen f\u00fcr unterschiedliche Zielgruppen und Bed\u00fcrfnisse. Sie ist die Grundlage f\u00fcr die Folgeveranstaltung\u00a0 <a href=\"https:\/\/blog.rwth-aachen.de\/itc-events\/ppces\/\">PPCES<\/a>.<\/p>\n<h4><span style=\"color: #ff9900;\">Die Veranstaltungssprache ist Englisch.<\/span><\/h4>\n<p>&nbsp;<\/p>\n<h3>Anstehende Events<\/h3>\n<div class=\"ecs-no-events\">Es sind keine anstehenden Veranstaltungen vorhanden.<\/div>\n<p>&nbsp;<\/p>\n<h3>Vergangene Events<\/h3>\n<p><ul class=\"ecs-event-list\"><li class=\"ecs-event hpcevents_ecs_category hpc-intro_ecs_category wiederkehrend_ecs_category\"><h4 class=\"entry-title summary\"><a href=\"https:\/\/blog.rwth-aachen.de\/itc-events\/event\/introduction-to-high-performance-computing-2025\/\" rel=\"bookmark\">Introduction to High-Performance Computing 2025<\/a><\/h4><span class=\"duration time\"><span class=\"tribe-event-date-start\">Dienstag, 4. M\u00e4rz 2025 \u25ba 9:00<\/span> - <span class=\"tribe-event-time\">16:30<\/span><\/span><\/li><li class=\"ecs-event hpcevents_ecs_category hpc-intro_ecs_category wiederkehrend_ecs_category\"><h4 class=\"entry-title summary\"><a href=\"https:\/\/blog.rwth-aachen.de\/itc-events\/event\/introduction-to-high-performance-computing-2024\/\" rel=\"bookmark\">Introduction to High-Performance Computing 2024<\/a><\/h4><span class=\"duration time\"><span class=\"tribe-event-date-start\">Montag, 5. Februar 2024 \u25ba 13:30<\/span> - <span class=\"tribe-event-date-end\">Dienstag, 6. Februar 2024 \u25ba 12:45<\/span><\/span><\/li><li class=\"ecs-event einmalig_ecs_category hpcevents_ecs_category hpc-intro_ecs_category\"><h4 class=\"entry-title summary\"><a href=\"https:\/\/blog.rwth-aachen.de\/itc-events\/event\/introduction-to-high-performance-computing-2023\/\" rel=\"bookmark\">Introduction to High-Performance Computing 2023<\/a><\/h4><span class=\"duration time\"><span class=\"tribe-event-date-start\">Dienstag, 7. M\u00e4rz 2023 \u25ba 11:00<\/span> - <span class=\"tribe-event-time\">17:00<\/span><\/span><\/li><li class=\"ecs-event hpcevents_ecs_category hpc-intro_ecs_category\"><h4 class=\"entry-title summary\"><a href=\"https:\/\/blog.rwth-aachen.de\/itc-events\/event\/introduction-to-high-performance-computing-2022\/\" rel=\"bookmark\">Introduction to High-Performance Computing 2022<\/a><\/h4><span class=\"duration time\"><span class=\"tribe-event-date-start\">Freitag, 4. M\u00e4rz 2022 \u25ba 11:00<\/span> - <span class=\"tribe-event-time\">16:30<\/span><\/span><\/li><li class=\"ecs-event hpcevents_ecs_category hpc-intro_ecs_category\"><h4 class=\"entry-title summary\"><a href=\"https:\/\/blog.rwth-aachen.de\/itc-events\/event\/introduction-to-high-performance-computing-2021\/\" rel=\"bookmark\">Introduction to High-Performance Computing 2021<\/a><\/h4><span class=\"duration time\"><span class=\"tribe-event-date-start\">Freitag, 12. M\u00e4rz 2021 \u25ba 11:00<\/span> - <span class=\"tribe-event-time\">16:30<\/span><\/span><\/li><\/ul><script type=\"application\/ld+json\">\r\n[{\"@context\":\"http:\/\/schema.org\",\"@type\":\"Event\",\"name\":\"Introduction to High-Performance Computing 2025\",\"description\":\"&lt;p&gt;This introduction provides basic information about high performance computing (HPC) at the RWTH Aachen University\\u2019s IT Center for different target groups and needs. It is the basis for the follow-up [&hellip;]&lt;\/p&gt;\\\\n\",\"url\":\"https:\/\/blog.rwth-aachen.de\/itc-events\/event\/introduction-to-high-performance-computing-2025\/\",\"eventAttendanceMode\":\"https:\/\/schema.org\/OfflineEventAttendanceMode\",\"eventStatus\":\"https:\/\/schema.org\/EventScheduled\",\"startDate\":\"2025-03-04T09:00:00+01:00\",\"endDate\":\"2025-03-04T16:30:00+01:00\",\"location\":{\"@type\":\"Place\",\"name\":\"Zoom\",\"description\":\"\",\"url\":\"\",\"address\":{\"@type\":\"PostalAddress\"},\"telephone\":\"\",\"sameAs\":\"\"},\"organizer\":{\"@type\":\"Person\",\"name\":\"HPC\",\"description\":\"\",\"url\":\"https:\/\/blog.rwth-aachen.de\/itc-events\/hpc\/\",\"telephone\":\"\",\"email\":\"&#104;&#112;cev&#101;&#110;&#116;&#64;&#105;tc.rw&#116;&#104;-a&#97;c&#104;e&#110;.de\",\"sameAs\":\"https:\/\/blog.rwth-aachen.de\/itc-events\/hpc\/\"},\"performer\":\"Organization\"},{\"@context\":\"http:\/\/schema.org\",\"@type\":\"Event\",\"name\":\"Introduction to High-Performance Computing 2024\",\"description\":\"&lt;p&gt;This introduction provides basic information about high-performance computing (HPC) at the RWTH Aachen University\\u2019s IT Center for different target groups and needs. It is the basis for the follow-up event [&hellip;]&lt;\/p&gt;\\\\n\",\"url\":\"https:\/\/blog.rwth-aachen.de\/itc-events\/event\/introduction-to-high-performance-computing-2024\/\",\"eventAttendanceMode\":\"https:\/\/schema.org\/OfflineEventAttendanceMode\",\"eventStatus\":\"https:\/\/schema.org\/EventScheduled\",\"startDate\":\"2024-02-05T13:30:00+01:00\",\"endDate\":\"2024-02-06T12:45:00+01:00\",\"location\":{\"@type\":\"Place\",\"name\":\"Zoom\",\"description\":\"\",\"url\":\"\",\"address\":{\"@type\":\"PostalAddress\"},\"telephone\":\"\",\"sameAs\":\"\"},\"organizer\":{\"@type\":\"Person\",\"name\":\"HPC\",\"description\":\"\",\"url\":\"https:\/\/blog.rwth-aachen.de\/itc-events\/hpc\/\",\"telephone\":\"\",\"email\":\"&#104;&#112;c&#101;&#118;en&#116;&#64;&#105;&#116;c.&#114;w&#116;&#104;&#45;a&#97;chen.&#100;&#101;\",\"sameAs\":\"https:\/\/blog.rwth-aachen.de\/itc-events\/hpc\/\"},\"performer\":\"Organization\"},{\"@context\":\"http:\/\/schema.org\",\"@type\":\"Event\",\"name\":\"Introduction to High-Performance Computing 2023\",\"description\":\"&lt;p&gt;This introduction provides basic information about high-performance computing (HPC) at the RWTH Aachen University\\\\'s IT Center for different target groups and needs. It is the basis for the follow-up event [&hellip;]&lt;\/p&gt;\\\\n\",\"url\":\"https:\/\/blog.rwth-aachen.de\/itc-events\/event\/introduction-to-high-performance-computing-2023\/\",\"eventAttendanceMode\":\"https:\/\/schema.org\/OfflineEventAttendanceMode\",\"eventStatus\":\"https:\/\/schema.org\/EventScheduled\",\"startDate\":\"2023-03-07T11:00:00+01:00\",\"endDate\":\"2023-03-07T17:00:00+01:00\",\"location\":{\"@type\":\"Place\",\"name\":\"Seminarraum 003\/004, IT Center\",\"description\":\"\",\"url\":\"\",\"address\":{\"@type\":\"PostalAddress\",\"streetAddress\":\"Kopernikusstra\\u00dfe 6\",\"addressLocality\":\"Aachen\"},\"telephone\":\"\",\"sameAs\":\"www.itc.rwth-aachen.de\"},\"organizer\":{\"@type\":\"Person\",\"name\":\"HPC\",\"description\":\"\",\"url\":\"https:\/\/blog.rwth-aachen.de\/itc-events\/hpc\/\",\"telephone\":\"\",\"email\":\"hpcev&#101;n&#116;&#64;itc&#46;rw&#116;h-aac&#104;&#101;n&#46;d&#101;\",\"sameAs\":\"https:\/\/blog.rwth-aachen.de\/itc-events\/hpc\/\"},\"performer\":\"Organization\"},{\"@context\":\"http:\/\/schema.org\",\"@type\":\"Event\",\"name\":\"Introduction to High-Performance Computing 2022\",\"description\":\"&lt;p&gt;This introduction provides basic information about high-performance computing (HPC) at the RWTH Aachen University\\\\'s IT Center for different target groups and needs. It is the basis for the follow-up event [&hellip;]&lt;\/p&gt;\\\\n\",\"url\":\"https:\/\/blog.rwth-aachen.de\/itc-events\/event\/introduction-to-high-performance-computing-2022\/\",\"eventAttendanceMode\":\"https:\/\/schema.org\/OfflineEventAttendanceMode\",\"eventStatus\":\"https:\/\/schema.org\/EventScheduled\",\"startDate\":\"2022-03-04T11:00:00+01:00\",\"endDate\":\"2022-03-04T16:30:00+01:00\",\"location\":{\"@type\":\"Place\",\"name\":\"Online\",\"description\":\"&lt;p&gt;Die genauen Zugangsdaten finden Sie in der jeweiligen Veranstaltung&lt;\/p&gt;\\\\n\",\"url\":\"\",\"address\":{\"@type\":\"PostalAddress\",\"addressCountry\":\"Deutschland\"},\"telephone\":\"\",\"sameAs\":\"\"},\"organizer\":{\"@type\":\"Person\",\"name\":\"HPC\",\"description\":\"\",\"url\":\"https:\/\/blog.rwth-aachen.de\/itc-events\/hpc\/\",\"telephone\":\"\",\"email\":\"hp&#99;&#101;&#118;en&#116;&#64;&#105;&#116;c.&#114;wt&#104;&#45;a&#97;ch&#101;&#110;&#46;&#100;e\",\"sameAs\":\"https:\/\/blog.rwth-aachen.de\/itc-events\/hpc\/\"},\"performer\":\"Organization\"},{\"@context\":\"http:\/\/schema.org\",\"@type\":\"Event\",\"name\":\"Introduction to High-Performance Computing 2021\",\"description\":\"&lt;p&gt;This introduction provides basic information about high-performance computing (HPC)\\u00a0\\u00a0at the RWTH Aachen University\\\\'s IT Center for different target groups and needs. It is the basis for the follow-up event\\u00a0PPCES 2021. [&hellip;]&lt;\/p&gt;\\\\n\",\"url\":\"https:\/\/blog.rwth-aachen.de\/itc-events\/event\/introduction-to-high-performance-computing-2021\/\",\"eventAttendanceMode\":\"https:\/\/schema.org\/OfflineEventAttendanceMode\",\"eventStatus\":\"https:\/\/schema.org\/EventScheduled\",\"startDate\":\"2021-03-12T11:00:00+01:00\",\"endDate\":\"2021-03-12T16:30:00+01:00\",\"location\":{\"@type\":\"Place\",\"name\":\"Online\",\"description\":\"&lt;p&gt;Die genauen Zugangsdaten finden Sie in der jeweiligen Veranstaltung&lt;\/p&gt;\\\\n\",\"url\":\"\",\"address\":{\"@type\":\"PostalAddress\",\"addressCountry\":\"Deutschland\"},\"telephone\":\"\",\"sameAs\":\"\"},\"organizer\":{\"@type\":\"Person\",\"name\":\"HPC\",\"description\":\"\",\"url\":\"https:\/\/blog.rwth-aachen.de\/itc-events\/hpc\/\",\"telephone\":\"\",\"email\":\"&#104;pc&#101;&#118;&#101;&#110;&#116;&#64;&#105;tc&#46;&#114;&#119;&#116;&#104;&#45;aach&#101;&#110;&#46;&#100;&#101;\",\"sameAs\":\"https:\/\/blog.rwth-aachen.de\/itc-events\/hpc\/\"},\"performer\":\"Organization\"}]\r\n<\/script><!--\n Event listing powered by The Events Calendar Shortcode\n https:\/\/eventcalendarnewsletter.com\/the-events-calendar-shortcode\/ \n--><\/p>","protected":false},"excerpt":{"rendered":"<p>Die Kurzeinf\u00fchrung in das High-Performance Computing bietet grundlegende Informationen zum High-Performance Computing (HPC) am Rechenzentrum der RWTH Aachen f\u00fcr unterschiedliche Zielgruppen und Bed\u00fcrfnisse. Sie ist die Grundlage f\u00fcr die Folgeveranstaltung\u00a0 [&hellip;]<\/p>\n","protected":false},"author":2856,"featured_media":0,"parent":0,"menu_order":0,"comment_status":"closed","ping_status":"closed","template":"","meta":{"_price":"","_stock":"","_tribe_ticket_header":"","_tribe_default_ticket_provider":"","_tribe_ticket_capacity":"","_ticket_start_date":"","_ticket_end_date":"","_tribe_ticket_show_description":"","_tribe_ticket_show_not_going":false,"_tribe_ticket_use_global_stock":"","_tribe_ticket_global_stock_level":"","_global_stock_mode":"","_global_stock_cap":"","_tribe_rsvp_for_event":"","_tribe_ticket_going_count":"","_tribe_ticket_not_going_count":"","_tribe_tickets_list":"[]","_tribe_ticket_has_attendee_info_fields":false,"c2c_always_allow_admin_comments":false,"footnotes":""},"class_list":["post-4287","page","type-page","status-publish","hentry","cat_hpcevents","cat_hpc-intro"],"_links":{"self":[{"href":"https:\/\/blog.rwth-aachen.de\/itc-events\/wp-json\/wp\/v2\/pages\/4287","targetHints":{"allow":["GET"]}}],"collection":[{"href":"https:\/\/blog.rwth-aachen.de\/itc-events\/wp-json\/wp\/v2\/pages"}],"about":[{"href":"https:\/\/blog.rwth-aachen.de\/itc-events\/wp-json\/wp\/v2\/types\/page"}],"author":[{"embeddable":true,"href":"https:\/\/blog.rwth-aachen.de\/itc-events\/wp-json\/wp\/v2\/users\/2856"}],"replies":[{"embeddable":true,"href":"https:\/\/blog.rwth-aachen.de\/itc-events\/wp-json\/wp\/v2\/comments?post=4287"}],"version-history":[{"count":10,"href":"https:\/\/blog.rwth-aachen.de\/itc-events\/wp-json\/wp\/v2\/pages\/4287\/revisions"}],"predecessor-version":[{"id":6458,"href":"https:\/\/blog.rwth-aachen.de\/itc-events\/wp-json\/wp\/v2\/pages\/4287\/revisions\/6458"}],"wp:attachment":[{"href":"https:\/\/blog.rwth-aachen.de\/itc-events\/wp-json\/wp\/v2\/media?parent=4287"}],"curies":[{"name":"wp","href":"https:\/\/api.w.org\/{rel}","templated":true}]}}