{"id":34,"date":"2021-10-11T09:30:44","date_gmt":"2021-10-11T07:30:44","guid":{"rendered":"https:\/\/blog.rwth-aachen.de\/nextstep\/?page_id=34"},"modified":"2023-11-07T13:01:16","modified_gmt":"2023-11-07T12:01:16","slug":"rwth-aachen-university","status":"publish","type":"page","link":"https:\/\/blog.rwth-aachen.de\/nextstep\/projekt\/partner\/rwth-aachen-university\/","title":{"rendered":"RWTH Aachen University"},"content":{"rendered":"<h3 class=\"Zwischenueberschrift\">Rheinisch-Westf\u00e4lische Technische Hochschule Aachen<\/h3>\n<p>Die RWTH Aachen geh\u00f6rt mit ihren 260 Instituten in neun Fakult\u00e4ten zu den f\u00fchrenden europ\u00e4ischen Wissenschafts- und Forschungseinrichtungen. Im Wintersemester 2022\/23 sind 47.078 Studierende in 173 Studieng\u00e4ngen eingeschrieben, davon 14.150 internationale Studierende aus 138 L\u00e4ndern. Die Ausbildung an der RWTH Aachen ist vor allem anwendungsorientiert.<\/p>\n<h4 class=\"Zwischenueberschrift\">Internationalisierung<\/h4>\n<p>Die RWTH Aachen versteht Internationalisierung als Prozess zunehmender grenz\u00fcberschreitender Aktivit\u00e4ten, der alle Bereiche der Hochschule durchzieht und betrifft. Internationalisierung wird nicht als Selbstzweck verstanden, sondern soll mit international orientierten Ma\u00dfnahmen die Qualit\u00e4t von Forschung und Lehre steigern und zur Reputation und besseren Sichtbarkeit der RWTH Aachen im nationalen und internationalen Umfeld beitragen. Internationalisierung, verstanden als qualitativ orientierter Prozess nach innen und nach au\u00dfen, wird die Hochschule mittelfristig und langfristig ver\u00e4ndern.<\/p>\n<p>Grundlage f\u00fcr alle Internationalisierungsaktivit\u00e4ten der RWTH Aachen ist das 2010 verabschiedete Internationalisierungskonzept. In ihm wurden wichtige Schwerpunktl\u00e4nder f\u00fcr die RWTH Aachen festgelegt, die jeweils durch Rektoratsbeauftragte innerhalb der RWTH Aachen vertreten werden. Das Internationale Netzwerk der RWTH Aachen umfasst Partnerschaften mit renommierten Hochschulen weltweit in Forschung und Studium. Zahlreiche Austauschm\u00f6glichkeiten f\u00fcr Studierende er\u00f6ffnen eine internationale Perspektive bereits w\u00e4hrend des Studiums. \u00dcber ein Verbindungsb\u00fcro in China sowie durch zahllose internationale Alumni wird die RWTH Aachen weltweit repr\u00e4sentiert. F\u00fcr die Internationalisierung zuhause richtet die Hochschule neue Programme ein und f\u00f6rdert die Anwerbung und Integration internationaler Studierender. Aktuelle Zahlen und Berichte zum Fortschritt der Internationalisierung an der RWTH Aachen finden sich im zweij\u00e4hrlich erscheinenden Internationalisierungsreport.<\/p>\n<p><a href=\"https:\/\/www.rwth-aachen.de\/cms\/root\/die-rwth\/Profil\/~bure\/Internationalisierung\/\">Mehr&#8230;<\/a><\/p>\n<h4 class=\"Zwischenueberschrift\">Standort Aachen<\/h4>\n<p>Viele neue Produkte und Prozesse stammen aus Aachen. Richtungsweisende Innovationskraft und der praktische Technologietransfer in die Wirtschaft haben am Wissenschaftsstandort Aachen eine lange Tradition. Hier er\u00f6ffnete 1982 das erste bundesdeutsche Technologiezentrum. Mit den Existenzgr\u00fcndungen und den dadurch geschaffenen rund 32.000 neuen Arbeitspl\u00e4tzen ist Aachen zur Stadt mit der h\u00f6chsten Dichte an Hochschulausgr\u00fcndungen und Ingenieurb\u00fcros in Deutschland geworden.<\/p>\n<p>Die Wissenschaft hat den Strukturwandel vom Bergbaugebiet hin zu einer Technologieregion gepr\u00e4gt und ist heute st\u00e4rkster Wirtschaftsfaktor. \u00dcber 50.000 Menschen lernen und lehren an den vier Hochschulen des Wissenschaftsstandortes. Das Forschungszentrum J\u00fclich und die zahlreichen Forschungszentren internationaler Konzerne, die sich aufgrund der wissenschaftlichen Expertise in und um Aachen angesiedelt haben, machen die St\u00e4dteRegion zu einem Silicon Valley im Herzen Europas. Die Europastadt Aachen ist die westlichste Gro\u00dfstadt Deutschlands, an deren Stadtgrenzen drei Nationen mit drei Sprachen aufeinandertreffen. Sie ist Zentrum einer dynamischen grenz\u00fcberschreitenden Wissensregion und steht f\u00fcr eine Hochschulausbildung von Weltrang in Natur- und Ingenieurwissenschaften.<\/p>\n<p><a href=\"http:\/\/www.rwth-aachen.de\/\">Mehr&#8230;<\/a><\/p>\n","protected":false},"excerpt":{"rendered":"<p>Rheinisch-Westf\u00e4lische Technische Hochschule Aachen Die RWTH Aachen geh\u00f6rt mit ihren 260 Instituten in neun Fakult\u00e4ten zu den f\u00fchrenden europ\u00e4ischen Wissenschafts- und Forschungseinrichtungen. Im Wintersemester 2022\/23 sind 47.078 Studierende in 173 [&hellip;]<\/p>\n","protected":false},"author":3619,"featured_media":0,"parent":15,"menu_order":0,"comment_status":"closed","ping_status":"closed","template":"","meta":{"c2c_always_allow_admin_comments":false,"footnotes":""},"class_list":["post-34","page","type-page","status-publish","hentry"],"_links":{"self":[{"href":"https:\/\/blog.rwth-aachen.de\/nextstep\/wp-json\/wp\/v2\/pages\/34","targetHints":{"allow":["GET"]}}],"collection":[{"href":"https:\/\/blog.rwth-aachen.de\/nextstep\/wp-json\/wp\/v2\/pages"}],"about":[{"href":"https:\/\/blog.rwth-aachen.de\/nextstep\/wp-json\/wp\/v2\/types\/page"}],"author":[{"embeddable":true,"href":"https:\/\/blog.rwth-aachen.de\/nextstep\/wp-json\/wp\/v2\/users\/3619"}],"replies":[{"embeddable":true,"href":"https:\/\/blog.rwth-aachen.de\/nextstep\/wp-json\/wp\/v2\/comments?post=34"}],"version-history":[{"count":8,"href":"https:\/\/blog.rwth-aachen.de\/nextstep\/wp-json\/wp\/v2\/pages\/34\/revisions"}],"predecessor-version":[{"id":272,"href":"https:\/\/blog.rwth-aachen.de\/nextstep\/wp-json\/wp\/v2\/pages\/34\/revisions\/272"}],"up":[{"embeddable":true,"href":"https:\/\/blog.rwth-aachen.de\/nextstep\/wp-json\/wp\/v2\/pages\/15"}],"wp:attachment":[{"href":"https:\/\/blog.rwth-aachen.de\/nextstep\/wp-json\/wp\/v2\/media?parent=34"}],"curies":[{"name":"wp","href":"https:\/\/api.w.org\/{rel}","templated":true}]}}