{"id":45,"date":"2021-10-11T09:49:11","date_gmt":"2021-10-11T07:49:11","guid":{"rendered":"https:\/\/blog.rwth-aachen.de\/nextstep\/?page_id=45"},"modified":"2023-11-07T12:59:10","modified_gmt":"2023-11-07T11:59:10","slug":"wzl-mq","status":"publish","type":"page","link":"https:\/\/blog.rwth-aachen.de\/nextstep\/projekt\/partner\/rwth-aachen-university\/wzl-mq\/","title":{"rendered":"WZL-MQ"},"content":{"rendered":"<h3>Lehrstuhl f\u00fcr Fertigungsmesstechnik und Qualit\u00e4tsmanagement Werkzeugmaschinenlabor WZL der RWTH Aachen<\/h3>\n<p>Der Lehrstuhl unter Leitung von Prof. Dr.-Ing. Robert Schmitt arbeitet und forscht an der Industrialisierung betrieblicher Prozesse in der Produktionstechnik. Unter Industrialisierung verstehen wir die Erhebung relevanter und objektiver Daten und ihre R\u00fcckf\u00fchrung und Ausnutzung im betrieblichen Kontext von Regelkreisen. Die erste Aufgabe l\u00f6st die Messtechnik, w\u00e4hrend die Schaffung geeigneter Strukturen das Qualit\u00e4tsmanagement wahrnimmt. Ziel ist die Schaffung f\u00e4higer Prozesse mit vorhersagbaren Ergebnissen in definierter Zeit. <a href=\"http:\/\/www.wzl.rwth-aachen.de\/de\/a041be309f50ffabc1257afe00526ceb.htm\">Mehr&#8230;<\/a><\/p>\n<h4 class=\"Zwischenueberschrift\">Zusammenarbeit mit der GUtech<\/h4>\n<p>Seitdem die German University of Technology in Oman (GUtech) 2007 in Zusammenarbeit mit der RWTH in Muscat, der Hauptstadt des Sultanats, gegr\u00fcndet wurde, koordiniert unser Lehrstuhl in Zusammenarbeit mit den omanischen Stiftern den Aufbau. Im Vordergrund der GUtech steht das Zusammenwirken von Lehre, Forschung und der regionalen Wirtschaft. Die Mitarbeiter meines Lehrstuhls sind gefragt, wenn das Know-how der deutschen Ingenieursausbildung in andere L\u00e4nder getragen werden soll.<\/p>\n<p>Die Kooperation zwischen der RWTH und der GUtech besteht seit der Gr\u00fcndung der GUtech in 2007. Die bisherigen Projekte und die Kooperation der RWTH Aachen und der GUtech bringen f\u00fcr beide Seiten gro\u00dfe Vorteile. Durch die starke Zusammenarbeit werden die Internationalisierungsaktivit\u00e4ten beider Hochschulen und der Deutschlandbezug der GUtech gest\u00e4rkt. Ebenso profitieren beide Hochschulen von den situativen und kulturellen Unterschieden.<\/p>\n<p>Mit dem Projekt Step2Future, im Erg\u00e4nzungsprogramm \u201eTransnationale Bildung \u2013 St\u00e4rkung und Exzellenz durch Profilbildung&#8220; (TNB-STEP), wurde gemeinsam mit den Partnern, die auch im nextSTEP-Projekt aktiv sind, die GUtech von 2017 bis 2021 bei ihrer Entwicklung begleitet. Die Hauptziele des Projektes waren die Verstetigung und Steigerung der Sichtbarkeit bereits erzielter Projektergebnisse und der Partnerschaft im Allgemeinen, die Verbesserung der Kommunikationsstrukturen und insbesondere die St\u00e4rkung des Deutschlandbezuges. Der Lehrstuhl engagierte sich hierbei im Rahmen der folgenden Ma\u00dfnahmen: Kooperations- und Projektmanagement, Qualit\u00e4tssicherung, Masterprogramme, Graduate Survey, Betreuungskonzepte (Master &amp; Labor\u00fcbungen), Weiterbildungsangebote und Praktikantenprogramme. <a href=\"https:\/\/www.gutech.edu.om\/international\/#tab-id-6\">Mehr&#8230;<\/a><\/p>\n<h4 class=\"Zwischenueberschrift\">nextSTEP-Projekt<\/h4>\n<p>Im nextSTEP-Projekt wird die erfolgreiche Zusammenarbeit zwischen dem Lehrstuhl und der GUtech fortgesetzt. Im nextSTEP-Projekt unterliegt dem WZL-QM einerseits die Projektleitung, andererseits werden verschiedene inhaltliche Ma\u00dfnahmen vorangetrieben. Eine Ma\u00dfnahme besch\u00e4ftigt sich mit der Messung des wissenschafftlichen Impacts der GUtech, die anderen Ma\u00dfnahmen fokussieren sich auf die virtuellen Praktika und, in Zusammenarbeit mit dem LFI, der Virtualisierung von Labor\u00fcbungen. Ebenso sollen auch Weiterbildungen angeboten werden.\u00a0<a href=\"https:\/\/blog.rwth-aachen.de\/nextstep\/projekt\/\">Mehr&#8230;<\/a><\/p>\n","protected":false},"excerpt":{"rendered":"<p>Lehrstuhl f\u00fcr Fertigungsmesstechnik und Qualit\u00e4tsmanagement Werkzeugmaschinenlabor WZL der RWTH Aachen Der Lehrstuhl unter Leitung von Prof. Dr.-Ing. Robert Schmitt arbeitet und forscht an der Industrialisierung betrieblicher Prozesse in der Produktionstechnik. [&hellip;]<\/p>\n","protected":false},"author":3619,"featured_media":0,"parent":34,"menu_order":0,"comment_status":"closed","ping_status":"closed","template":"","meta":{"c2c_always_allow_admin_comments":false,"footnotes":""},"class_list":["post-45","page","type-page","status-publish","hentry"],"_links":{"self":[{"href":"https:\/\/blog.rwth-aachen.de\/nextstep\/wp-json\/wp\/v2\/pages\/45","targetHints":{"allow":["GET"]}}],"collection":[{"href":"https:\/\/blog.rwth-aachen.de\/nextstep\/wp-json\/wp\/v2\/pages"}],"about":[{"href":"https:\/\/blog.rwth-aachen.de\/nextstep\/wp-json\/wp\/v2\/types\/page"}],"author":[{"embeddable":true,"href":"https:\/\/blog.rwth-aachen.de\/nextstep\/wp-json\/wp\/v2\/users\/3619"}],"replies":[{"embeddable":true,"href":"https:\/\/blog.rwth-aachen.de\/nextstep\/wp-json\/wp\/v2\/comments?post=45"}],"version-history":[{"count":8,"href":"https:\/\/blog.rwth-aachen.de\/nextstep\/wp-json\/wp\/v2\/pages\/45\/revisions"}],"predecessor-version":[{"id":271,"href":"https:\/\/blog.rwth-aachen.de\/nextstep\/wp-json\/wp\/v2\/pages\/45\/revisions\/271"}],"up":[{"embeddable":true,"href":"https:\/\/blog.rwth-aachen.de\/nextstep\/wp-json\/wp\/v2\/pages\/34"}],"wp:attachment":[{"href":"https:\/\/blog.rwth-aachen.de\/nextstep\/wp-json\/wp\/v2\/media?parent=45"}],"curies":[{"name":"wp","href":"https:\/\/api.w.org\/{rel}","templated":true}]}}