{"id":12,"date":"2017-04-27T10:51:18","date_gmt":"2017-04-27T08:51:18","guid":{"rendered":"https:\/\/blog.rwth-aachen.de\/oszilla\/?page_id=12"},"modified":"2017-04-27T13:51:00","modified_gmt":"2017-04-27T11:51:00","slug":"projekt","status":"publish","type":"page","link":"https:\/\/blog.rwth-aachen.de\/oszilla\/projekt\/","title":{"rendered":"PROJEKT"},"content":{"rendered":"<hr \/>\n<p><strong>Projekttitel:\u00a0\u00a0\u00a0\u00a0\u00a0\u00a0\u00a0\u00a0\u00a0\u00a0\u00a0\u00a0\u00a0\u00a0 <\/strong>Oszilla \u2013 Gezielte Einbringung von Oszillation in Fadensysteme zur Vermeidung von<br \/>\n<span style=\"color: #ffffff;\">.\u00a0<\/span>\u00a0\u00a0\u00a0\u00a0\u00a0\u00a0\u00a0\u00a0\u00a0\u00a0\u00a0\u00a0\u00a0\u00a0\u00a0\u00a0\u00a0\u00a0\u00a0\u00a0\u00a0\u00a0\u00a0\u00a0\u00a0\u00a0\u00a0\u00a0\u00a0\u00a0\u00a0\u00a0 Filamentbr\u00fcchen<\/p>\n<p><strong>Laufzeit:\u00a0\u00a0\u00a0\u00a0\u00a0\u00a0\u00a0\u00a0\u00a0\u00a0\u00a0\u00a0\u00a0\u00a0\u00a0\u00a0\u00a0\u00a0\u00a0\u00a0<\/strong>01\/2017 \u2013 12\/2018<\/p>\n<p><strong>F\u00f6rdertr\u00e4ger:\u00a0\u00a0\u00a0\u00a0\u00a0\u00a0\u00a0\u00a0\u00a0\u00a0 \u00a0<\/strong>AiF IGF \u2013 Industrielle Gemeinschaftsforschung<\/p>\n<hr \/>\n<p><u>Mission Statement<\/u><\/p>\n<p>Bei der Verarbeitung spr\u00f6der Fasermaterialien wie Glas und Carbon f\u00fchrt die infolge der Reibung auftretende Filamentsch\u00e4digung zu schwerwiegenden Prozessst\u00f6rungen und verringerter Produktqualit\u00e4t. Die Fasersch\u00e4digung f\u00fchrt zu reduzierten mechanischen Eigenschaften des Gewebes und somit direkt zu bis 10\u00a0% reduzierten Festigkeiten des resultierenden Faserverbundkunststoffs. Derzeit eingesetzte Ma\u00dfnahmen zur Reduzierung der Filamentsch\u00e4digung, wie die Variation der Schlichte auf der Faseroberfl\u00e4che, eine Modifikation der Leitelemente sowie ein angepasster Garnverlauf, reichen jedoch nicht aus, um KMUs den Einstieg in die Verarbeitung\u00a0 von spr\u00f6den Garnen zu erm\u00f6glichen.<\/p>\n<p><img loading=\"lazy\" decoding=\"async\" class=\"alignnone size-full wp-image-49\" src=\"https:\/\/blog.rwth-aachen.de\/oszilla\/files\/2017\/04\/Grafik-MissionStatement.png\" alt=\"\" width=\"3561\" height=\"2317\" srcset=\"https:\/\/blog.rwth-aachen.de\/oszilla\/files\/2017\/04\/Grafik-MissionStatement.png 3561w, https:\/\/blog.rwth-aachen.de\/oszilla\/files\/2017\/04\/Grafik-MissionStatement-300x195.png 300w, https:\/\/blog.rwth-aachen.de\/oszilla\/files\/2017\/04\/Grafik-MissionStatement-768x500.png 768w, https:\/\/blog.rwth-aachen.de\/oszilla\/files\/2017\/04\/Grafik-MissionStatement-1024x666.png 1024w\" sizes=\"auto, (max-width: 3561px) 100vw, 3561px\" \/><\/p>\n<p>&nbsp;<\/p>\n<p>Ziel dieses Forschungsprojektes ist es, eine modulare Einrichtung zu entwickeln, die das Garnsystem vor dem Eingang in das Fachbildungssystem gezielt in Schwingung versetzt. Die Schwingung ist h\u00f6herfrequent als die Maschinendrehzahl (Litzen-\/Rietbewegung) und wird daher nicht von diesen nat\u00fcrlichen Frequenzanregern aufgehoben. Die Schwingungsanregung ist anpassbar auf verschiedene Maschineneinstellungen und Webmaschinenkomponenten. Durch die zus\u00e4tzliche Einrichtung soll eine Reduktion der Filamentsch\u00e4digung um 10 \u2013 20 % im Vergleich zum Ausgangsprozess erreicht werden.<\/p>\n<p><span style=\"color: #ffffff;\"><u>\u00a0<\/u><\/span><\/p>\n<p><u>L\u00f6sungsweg<\/u><\/p>\n<p>Um die optimalen Schwingungsfrequenzen zu ermitteln, wird im Rahmen des Projektes ein Pr\u00fcfstand aufgebaut, der den Einfluss von Garschwingung auf die Sch\u00e4digungsrate ermittelt<\/p>\n<p><span style=\"color: #ffffff;\"><u>\u00a0<\/u><\/span><\/p>\n<p><u>Danksagung<\/u><\/p>\n<p>Das Vorhaben wird im Rahmen des Programms \u201eIndustrielle Gemeinschaftsforschung (IGF)\u201c vom Bundesministerium f\u00fcr Wirtschaft und Technologie aufgrund eines Beschlusses des Deutschen Bundestages gef\u00f6rdert.<\/p>\n<p><img loading=\"lazy\" decoding=\"async\" class=\"alignnone size-full wp-image-47\" src=\"https:\/\/blog.rwth-aachen.de\/oszilla\/files\/2017\/04\/Gef\u00f6rdert-durch-BMWE.jpg\" alt=\"\" width=\"160\" height=\"133\" \/><\/p>\n<p>&nbsp;<\/p>\n<p>&nbsp;<\/p>\n<p>&nbsp;<\/p>\n<p>&nbsp;<\/p>\n","protected":false},"excerpt":{"rendered":"<p>Projekttitel:\u00a0\u00a0\u00a0\u00a0\u00a0\u00a0\u00a0\u00a0\u00a0\u00a0\u00a0\u00a0\u00a0\u00a0 Oszilla \u2013 Gezielte Einbringung von Oszillation in Fadensysteme zur Vermeidung von .\u00a0\u00a0\u00a0\u00a0\u00a0\u00a0\u00a0\u00a0\u00a0\u00a0\u00a0\u00a0\u00a0\u00a0\u00a0\u00a0\u00a0\u00a0\u00a0\u00a0\u00a0\u00a0\u00a0\u00a0\u00a0\u00a0\u00a0\u00a0\u00a0\u00a0\u00a0\u00a0\u00a0 Filamentbr\u00fcchen Laufzeit:\u00a0\u00a0\u00a0\u00a0\u00a0\u00a0\u00a0\u00a0\u00a0\u00a0\u00a0\u00a0\u00a0\u00a0\u00a0\u00a0\u00a0\u00a0\u00a0\u00a001\/2017 \u2013 12\/2018 F\u00f6rdertr\u00e4ger:\u00a0\u00a0\u00a0\u00a0\u00a0\u00a0\u00a0\u00a0\u00a0\u00a0 \u00a0AiF IGF \u2013 Industrielle Gemeinschaftsforschung Mission Statement Bei der Verarbeitung spr\u00f6der Fasermaterialien [&hellip;]<\/p>\n","protected":false},"author":1137,"featured_media":0,"parent":0,"menu_order":0,"comment_status":"closed","ping_status":"closed","template":"","meta":{"c2c_always_allow_admin_comments":false,"footnotes":""},"class_list":["post-12","page","type-page","status-publish","hentry"],"_links":{"self":[{"href":"https:\/\/blog.rwth-aachen.de\/oszilla\/wp-json\/wp\/v2\/pages\/12","targetHints":{"allow":["GET"]}}],"collection":[{"href":"https:\/\/blog.rwth-aachen.de\/oszilla\/wp-json\/wp\/v2\/pages"}],"about":[{"href":"https:\/\/blog.rwth-aachen.de\/oszilla\/wp-json\/wp\/v2\/types\/page"}],"author":[{"embeddable":true,"href":"https:\/\/blog.rwth-aachen.de\/oszilla\/wp-json\/wp\/v2\/users\/1137"}],"replies":[{"embeddable":true,"href":"https:\/\/blog.rwth-aachen.de\/oszilla\/wp-json\/wp\/v2\/comments?post=12"}],"version-history":[{"count":22,"href":"https:\/\/blog.rwth-aachen.de\/oszilla\/wp-json\/wp\/v2\/pages\/12\/revisions"}],"predecessor-version":[{"id":81,"href":"https:\/\/blog.rwth-aachen.de\/oszilla\/wp-json\/wp\/v2\/pages\/12\/revisions\/81"}],"wp:attachment":[{"href":"https:\/\/blog.rwth-aachen.de\/oszilla\/wp-json\/wp\/v2\/media?parent=12"}],"curies":[{"name":"wp","href":"https:\/\/api.w.org\/{rel}","templated":true}]}}

<hr />
<p><strong>Projekttitel:               </strong>Oszilla – Gezielte Einbringung von Oszillation in Fadensysteme zur Vermeidung von<br />
<span style="color: #ffffff;">. </span>                                 Filamentbrüchen</p>
<p><strong>Laufzeit:                    </strong>01/2017 – 12/2018</p>
<p><strong>Förderträger:            </strong>AiF IGF – Industrielle Gemeinschaftsforschung</p>
<hr />
<p><u>Mission Statement</u></p>
<p>Bei der Verarbeitung spröder Fasermaterialien wie Glas und Carbon führt die infolge der Reibung auftretende Filamentschädigung zu schwerwiegenden Prozessstörungen und verringerter Produktqualität. Die Faserschädigung führt zu reduzierten mechanischen Eigenschaften des Gewebes und somit direkt zu bis 10 % reduzierten Festigkeiten des resultierenden Faserverbundkunststoffs. Derzeit eingesetzte Maßnahmen zur Reduzierung der Filamentschädigung, wie die Variation der Schlichte auf der Faseroberfläche, eine Modifikation der Leitelemente sowie ein angepasster Garnverlauf, reichen jedoch nicht aus, um KMUs den Einstieg in die Verarbeitung  von spröden Garnen zu ermöglichen.</p>
<p><img loading="lazy" decoding="async" class="alignnone size-full wp-image-49" src="https://blog.rwth-aachen.de/oszilla/files/2017/04/Grafik-MissionStatement.png" alt="" width="3561" height="2317" srcset="https://blog.rwth-aachen.de/oszilla/files/2017/04/Grafik-MissionStatement.png 3561w, https://blog.rwth-aachen.de/oszilla/files/2017/04/Grafik-MissionStatement-300x195.png 300w, https://blog.rwth-aachen.de/oszilla/files/2017/04/Grafik-MissionStatement-768x500.png 768w, https://blog.rwth-aachen.de/oszilla/files/2017/04/Grafik-MissionStatement-1024x666.png 1024w" sizes="auto, (max-width: 3561px) 100vw, 3561px" /></p>
<p>&nbsp;</p>
<p>Ziel dieses Forschungsprojektes ist es, eine modulare Einrichtung zu entwickeln, die das Garnsystem vor dem Eingang in das Fachbildungssystem gezielt in Schwingung versetzt. Die Schwingung ist höherfrequent als die Maschinendrehzahl (Litzen-/Rietbewegung) und wird daher nicht von diesen natürlichen Frequenzanregern aufgehoben. Die Schwingungsanregung ist anpassbar auf verschiedene Maschineneinstellungen und Webmaschinenkomponenten. Durch die zusätzliche Einrichtung soll eine Reduktion der Filamentschädigung um 10 – 20 % im Vergleich zum Ausgangsprozess erreicht werden.</p>
<p><span style="color: #ffffff;"><u> </u></span></p>
<p><u>Lösungsweg</u></p>
<p>Um die optimalen Schwingungsfrequenzen zu ermitteln, wird im Rahmen des Projektes ein Prüfstand aufgebaut, der den Einfluss von Garschwingung auf die Schädigungsrate ermittelt</p>
<p><span style="color: #ffffff;"><u> </u></span></p>
<p><u>Danksagung</u></p>
<p>Das Vorhaben wird im Rahmen des Programms „Industrielle Gemeinschaftsforschung (IGF)“ vom Bundesministerium für Wirtschaft und Technologie aufgrund eines Beschlusses des Deutschen Bundestages gefördert.</p>
<p><img loading="lazy" decoding="async" class="alignnone size-full wp-image-47" src="https://blog.rwth-aachen.de/oszilla/files/2017/04/Gefördert-durch-BMWE.jpg" alt="" width="160" height="133" /></p>
<p>&nbsp;</p>
<p>&nbsp;</p>
<p>&nbsp;</p>
<p>&nbsp;</p>

<p>Projekttitel:               Oszilla – Gezielte Einbringung von Oszillation in Fadensysteme zur Vermeidung von .                                  Filamentbrüchen Laufzeit:                    01/2017 – 12/2018 Förderträger:            AiF IGF – Industrielle Gemeinschaftsforschung Mission Statement Bei der Verarbeitung spröder Fasermaterialien [&hellip;]</p>
