{"id":18,"date":"2017-04-27T10:52:00","date_gmt":"2017-04-27T08:52:00","guid":{"rendered":"https:\/\/blog.rwth-aachen.de\/oszilla\/?page_id=18"},"modified":"2018-07-06T14:10:15","modified_gmt":"2018-07-06T12:10:15","slug":"kontakt","status":"publish","type":"page","link":"https:\/\/blog.rwth-aachen.de\/oszilla\/kontakt\/","title":{"rendered":"KONTAKT"},"content":{"rendered":"<p><strong>Institut f\u00fcr Textiltechnik (ITA) der RWTH Aachen University<\/strong><img loading=\"lazy\" decoding=\"async\" class=\"size-medium wp-image-27 alignright\" src=\"https:\/\/blog.rwth-aachen.de\/oszilla\/files\/2017\/04\/temp-300x93.jpg\" alt=\"\" width=\"300\" height=\"93\" srcset=\"https:\/\/blog.rwth-aachen.de\/oszilla\/files\/2017\/04\/temp-300x93.jpg 300w, https:\/\/blog.rwth-aachen.de\/oszilla\/files\/2017\/04\/temp-768x239.jpg 768w, https:\/\/blog.rwth-aachen.de\/oszilla\/files\/2017\/04\/temp-1024x319.jpg 1024w, https:\/\/blog.rwth-aachen.de\/oszilla\/files\/2017\/04\/temp.jpg 1215w\" sizes=\"auto, (max-width: 300px) 100vw, 300px\" \/><br \/>\nOtto-Blumenthal-Stra\u00dfe 1<br \/>\n52074 Aachen<\/p>\n<p>&nbsp;<\/p>\n<p>&nbsp;<\/p>\n<p>Zust\u00e4ndige Mitarbeiter am ITA f\u00fcr das Projekt Oszilla:<\/p>\n<p><img loading=\"lazy\" decoding=\"async\" class=\"alignright wp-image-82\" src=\"https:\/\/blog.rwth-aachen.de\/oszilla\/files\/2017\/04\/Bild1-225x300.png\" alt=\"\" width=\"165\" height=\"220\" srcset=\"https:\/\/blog.rwth-aachen.de\/oszilla\/files\/2017\/04\/Bild1-225x300.png 225w, https:\/\/blog.rwth-aachen.de\/oszilla\/files\/2017\/04\/Bild1.png 302w\" sizes=\"auto, (max-width: 165px) 100vw, 165px\" \/><\/p>\n<p>&nbsp;<\/p>\n<p><strong>Lisa Papenbreer M. Sc.<\/strong><br \/>\nTextilmaschinenelemente<br \/>\nEmail: lisa.papenbreer@ita.rwth-aachen.de<br \/>\nFon\u00a0\u00a0 +49 \/(0)241 80 22 088<\/p>\n<p>&nbsp;<\/p>\n<p>&nbsp;<\/p>\n<p>&nbsp;<\/p>\n<p><img loading=\"lazy\" decoding=\"async\" class=\"alignright wp-image-98\" src=\"https:\/\/blog.rwth-aachen.de\/oszilla\/files\/2017\/04\/Vierk\u00f6tter_Christian_B6248-Small-224x300.jpg\" alt=\"\" width=\"160\" height=\"214\" srcset=\"https:\/\/blog.rwth-aachen.de\/oszilla\/files\/2017\/04\/Vierk\u00f6tter_Christian_B6248-Small-224x300.jpg 224w, https:\/\/blog.rwth-aachen.de\/oszilla\/files\/2017\/04\/Vierk\u00f6tter_Christian_B6248-Small.jpg 359w\" sizes=\"auto, (max-width: 160px) 100vw, 160px\" \/><\/p>\n<p>&nbsp;<\/p>\n<p><strong>Christian Vierk\u00f6tter M.Sc.<\/strong><br \/>\nWeaving and Non-Crimp Fabrics<br \/>\nEmail: Christian.Vierkoetter@ita.rwth-aachen.de<br \/>\nTel.: +49\/(0)241 80 220 91<\/p>\n<p>&nbsp;<\/p>\n<p>&nbsp;<\/p>\n","protected":false},"excerpt":{"rendered":"<p>Institut f\u00fcr Textiltechnik (ITA) der RWTH Aachen University Otto-Blumenthal-Stra\u00dfe 1 52074 Aachen &nbsp; &nbsp; Zust\u00e4ndige Mitarbeiter am ITA f\u00fcr das Projekt Oszilla: &nbsp; Lisa Papenbreer M. Sc. Textilmaschinenelemente Email: lisa.papenbreer@ita.rwth-aachen.de [&hellip;]<\/p>\n","protected":false},"author":1137,"featured_media":0,"parent":0,"menu_order":5,"comment_status":"closed","ping_status":"closed","template":"","meta":{"c2c_always_allow_admin_comments":false,"footnotes":""},"class_list":["post-18","page","type-page","status-publish","hentry"],"_links":{"self":[{"href":"https:\/\/blog.rwth-aachen.de\/oszilla\/wp-json\/wp\/v2\/pages\/18","targetHints":{"allow":["GET"]}}],"collection":[{"href":"https:\/\/blog.rwth-aachen.de\/oszilla\/wp-json\/wp\/v2\/pages"}],"about":[{"href":"https:\/\/blog.rwth-aachen.de\/oszilla\/wp-json\/wp\/v2\/types\/page"}],"author":[{"embeddable":true,"href":"https:\/\/blog.rwth-aachen.de\/oszilla\/wp-json\/wp\/v2\/users\/1137"}],"replies":[{"embeddable":true,"href":"https:\/\/blog.rwth-aachen.de\/oszilla\/wp-json\/wp\/v2\/comments?post=18"}],"version-history":[{"count":16,"href":"https:\/\/blog.rwth-aachen.de\/oszilla\/wp-json\/wp\/v2\/pages\/18\/revisions"}],"predecessor-version":[{"id":113,"href":"https:\/\/blog.rwth-aachen.de\/oszilla\/wp-json\/wp\/v2\/pages\/18\/revisions\/113"}],"wp:attachment":[{"href":"https:\/\/blog.rwth-aachen.de\/oszilla\/wp-json\/wp\/v2\/media?parent=18"}],"curies":[{"name":"wp","href":"https:\/\/api.w.org\/{rel}","templated":true}]}}

<p><strong>Institut für Textiltechnik (ITA) der RWTH Aachen University</strong><img loading="lazy" decoding="async" class="size-medium wp-image-27 alignright" src="https://blog.rwth-aachen.de/oszilla/files/2017/04/temp-300x93.jpg" alt="" width="300" height="93" srcset="https://blog.rwth-aachen.de/oszilla/files/2017/04/temp-300x93.jpg 300w, https://blog.rwth-aachen.de/oszilla/files/2017/04/temp-768x239.jpg 768w, https://blog.rwth-aachen.de/oszilla/files/2017/04/temp-1024x319.jpg 1024w, https://blog.rwth-aachen.de/oszilla/files/2017/04/temp.jpg 1215w" sizes="auto, (max-width: 300px) 100vw, 300px" /><br />
Otto-Blumenthal-Straße 1<br />
52074 Aachen</p>
<p>&nbsp;</p>
<p>&nbsp;</p>
<p>Zuständige Mitarbeiter am ITA für das Projekt Oszilla:</p>
<p><img loading="lazy" decoding="async" class="alignright wp-image-82" src="https://blog.rwth-aachen.de/oszilla/files/2017/04/Bild1-225x300.png" alt="" width="165" height="220" srcset="https://blog.rwth-aachen.de/oszilla/files/2017/04/Bild1-225x300.png 225w, https://blog.rwth-aachen.de/oszilla/files/2017/04/Bild1.png 302w" sizes="auto, (max-width: 165px) 100vw, 165px" /></p>
<p>&nbsp;</p>
<p><strong>Lisa Papenbreer M. Sc.</strong><br />
Textilmaschinenelemente<br />
Email: lisa.papenbreer@ita.rwth-aachen.de<br />
Fon   +49 /(0)241 80 22 088</p>
<p>&nbsp;</p>
<p>&nbsp;</p>
<p>&nbsp;</p>
<p><img loading="lazy" decoding="async" class="alignright wp-image-98" src="https://blog.rwth-aachen.de/oszilla/files/2017/04/Vierkötter_Christian_B6248-Small-224x300.jpg" alt="" width="160" height="214" srcset="https://blog.rwth-aachen.de/oszilla/files/2017/04/Vierkötter_Christian_B6248-Small-224x300.jpg 224w, https://blog.rwth-aachen.de/oszilla/files/2017/04/Vierkötter_Christian_B6248-Small.jpg 359w" sizes="auto, (max-width: 160px) 100vw, 160px" /></p>
<p>&nbsp;</p>
<p><strong>Christian Vierkötter M.Sc.</strong><br />
Weaving and Non-Crimp Fabrics<br />
Email: Christian.Vierkoetter@ita.rwth-aachen.de<br />
Tel.: +49/(0)241 80 220 91</p>
<p>&nbsp;</p>
<p>&nbsp;</p>

<p>Institut für Textiltechnik (ITA) der RWTH Aachen University Otto-Blumenthal-Straße 1 52074 Aachen &nbsp; &nbsp; Zuständige Mitarbeiter am ITA für das Projekt Oszilla: &nbsp; Lisa Papenbreer M. Sc. Textilmaschinenelemente Email: lisa.papenbreer@ita.rwth-aachen.de [&hellip;]</p>
