{"id":260,"date":"2013-11-27T17:44:52","date_gmt":"2013-11-27T15:44:52","guid":{"rendered":"https:\/\/blog.rwth-aachen.de\/sam\/?page_id=260"},"modified":"2013-11-27T17:44:52","modified_gmt":"2013-11-27T15:44:52","slug":"sam-und-studienerfolg","status":"publish","type":"page","link":"https:\/\/blog.rwth-aachen.de\/sam\/sam-und-studienerfolg\/","title":{"rendered":"SAM und Studienerfolg"},"content":{"rendered":"<p>Der Abi-Notendurchschnitt ist eine g\u00e4ngige Gr\u00f6\u00dfe, um einen m\u00f6glichen Studienerfolg einzusch\u00e4tzen. Untersuchungen des Aachener SAM-Teams zeigen dar\u00fcber hinaus einen wichtigen Zusammenhang zwischen der Abi-Note, den SAM-Ergebnissen und dem Studienerfolg: Anhand der SAM-Ergebnisse in Kombination mit dem Abi-Notendurchschnitt l\u00e4sst sich verl\u00e4sslicher vorhersagen, ob ein Teilnehmer insbesondere die ersten beiden Studienjahre erfolgreich durchlaufen wird, als mit der Abiturnote allein.<\/p>\n<p>Die Erkenntnisse basieren auf dem Zusammenf\u00fchren der SAM-Daten mit Studienverlaufsdaten aus dem Bereich Maschinenbau, dem Bereich Elektrotechnik sowie dem Bereich Bauingenieurwesen. Dieses so genannte Matching erfolgt \u00fcber ein anonymisiertes Barcode-System, das gemeinsam mit dem Datenschutzbeauftragten der RWTH entwickelt wurde.<\/p>\n<p>In den kommenden Monaten und Jahren soll es sukzessive entsprechende Datenmatchings f\u00fcr die \u00fcbrigen Studienfeld-SAM geben. Voraussetzung daf\u00fcr ist eine ausreichende Qualit\u00e4t der Daten: beispielsweise muss das SAM wenigstens einmal evaluiert worden sein und somit mindestens in Version 2.0 laufen und die entsprechenden Studierenden m\u00fcssen zwei bis vier Semester studiert haben.<\/p>\n","protected":false},"excerpt":{"rendered":"<p>Der Abi-Notendurchschnitt ist eine g\u00e4ngige Gr\u00f6\u00dfe, um einen m\u00f6glichen Studienerfolg einzusch\u00e4tzen. Untersuchungen des Aachener SAM-Teams zeigen dar\u00fcber hinaus einen wichtigen Zusammenhang zwischen der Abi-Note, den SAM-Ergebnissen und dem Studienerfolg: Anhand [&hellip;]<\/p>\n","protected":false},"author":26,"featured_media":0,"parent":0,"menu_order":0,"comment_status":"open","ping_status":"open","template":"","meta":{"c2c_always_allow_admin_comments":false,"footnotes":""},"class_list":["post-260","page","type-page","status-publish","hentry"],"_links":{"self":[{"href":"https:\/\/blog.rwth-aachen.de\/sam\/wp-json\/wp\/v2\/pages\/260","targetHints":{"allow":["GET"]}}],"collection":[{"href":"https:\/\/blog.rwth-aachen.de\/sam\/wp-json\/wp\/v2\/pages"}],"about":[{"href":"https:\/\/blog.rwth-aachen.de\/sam\/wp-json\/wp\/v2\/types\/page"}],"author":[{"embeddable":true,"href":"https:\/\/blog.rwth-aachen.de\/sam\/wp-json\/wp\/v2\/users\/26"}],"replies":[{"embeddable":true,"href":"https:\/\/blog.rwth-aachen.de\/sam\/wp-json\/wp\/v2\/comments?post=260"}],"version-history":[{"count":1,"href":"https:\/\/blog.rwth-aachen.de\/sam\/wp-json\/wp\/v2\/pages\/260\/revisions"}],"predecessor-version":[{"id":261,"href":"https:\/\/blog.rwth-aachen.de\/sam\/wp-json\/wp\/v2\/pages\/260\/revisions\/261"}],"wp:attachment":[{"href":"https:\/\/blog.rwth-aachen.de\/sam\/wp-json\/wp\/v2\/media?parent=260"}],"curies":[{"name":"wp","href":"https:\/\/api.w.org\/{rel}","templated":true}]}}