{"id":476,"date":"2014-03-05T20:12:35","date_gmt":"2014-03-05T18:12:35","guid":{"rendered":"https:\/\/blog.rwth-aachen.de\/sam\/?page_id=476"},"modified":"2025-06-18T14:51:46","modified_gmt":"2025-06-18T12:51:46","slug":"samontour","status":"publish","type":"page","link":"https:\/\/blog.rwth-aachen.de\/sam\/samontour\/","title":{"rendered":"SAM on Tour"},"content":{"rendered":"<p><b>Mit SelfAssessments zur richtigen Studiengangswahl<\/b><\/p>\n<p>Den passenden Studiengang zu finden, ist bei der F\u00fclle an Angeboten alles andere als einfach. Sch\u00fclerinnen und Sch\u00fcler k\u00f6nnen ganz schnell den \u00dcberblick verlieren oder \u00fcberfordert damit sein, die eigenen Interessen und St\u00e4rken mit den Anforderungen des Studiums abzugleichen.<\/p>\n<p>Seit \u00fcber zehn Jahren bietet die RWTH mit ihren so genannten SelfAssessments (SAM) Studieninteressenten Online-Assistenten zur Selbsteinsch\u00e4tzung\u00a0an. Diese gibt es f\u00fcr unterschiedliche Studienfelder und bestehen aus verschiedenen Fragen und Aufgaben. Nach Abschluss erhalten die Teilnehmer eine individuelle R\u00fcckmeldung \u00fcber ihre St\u00e4rken und Schw\u00e4chen im Hinblick auf die Anforderungen der ersten Studienjahre. Es ist sinnvoll, SAM so fr\u00fch wie m\u00f6glich zu absolvieren, bestenfalls ab Klasse 11 (Q1). Ziel ist es, den Sch\u00fclerinnen und Sch\u00fclern ein wissenschaftlich fundiertes Instrument zur Selbsteinsch\u00e4tzung an die Hand zu geben und einen Selbstreflektionsprozess anzusto\u00dfen.<\/p>\n<p>Der RWTH Aachen ist es ein wichtiges Anliegen, Sch\u00fclerinnen und Sch\u00fcler auf ihr Studium vorzubereiten und sie fr\u00fchzeitig mit dem Studieninhalt auseinandersetzen zu lassen.<\/p>\n<ul>\n<li><a href=\"https:\/\/blog.rwth-aachen.de\/sam\/sam-on-tour-service-fuer-schulen\/\">SAM on Tour \u2013 Ein Service vor Ort f\u00fcr Schulen<\/a><\/li>\n<li><a href=\"https:\/\/blog.rwth-aachen.de\/sam\/fuer-wen-ist-sam-on-tour\/\">F\u00fcr wen ist \u201eSAM on Tour\u201c?<\/a><\/li>\n<li><a href=\"https:\/\/blog.rwth-aachen.de\/sam\/so-buchen-sie-ihre-sam-on-tour\/\">So buchen Sie Ihre \u201eSAM on Tour\u201c<\/a><\/li>\n<li><a href=\"https:\/\/blog.rwth-aachen.de\/sam\/sam-on-tour-gebucht-was-ist-noch-zu-tun\/\">SAM on Tour gebucht \u2013 was ist noch zu tun?<\/a><\/li>\n<li><a href=\"https:\/\/blog.rwth-aachen.de\/sam\/sam-on-tour-technik\/\">SAM on Tour &#8211; die Technik und was wir von Ihnen ben\u00f6tigen<\/a><\/li>\n<li><a href=\"http:\/\/www.global-assess.rwth-aachen.de\/rwth\/tm\/\">Die SelfAssessments der RWTH Aachen<\/a><\/li>\n<li><a href=\"https:\/\/blog.rwth-aachen.de\/sam\/sam-on-tour-referenzschulen\/\">Referenz-Schulen<\/a><\/li>\n<li><a href=\"https:\/\/blog.rwth-aachen.de\/sam\/sam-on-tour-kontakt\/\">Kontakt<\/a><\/li>\n<\/ul>\n<p>Interesse an weiteren Infos zu &#8222;SAM on Tour&#8220;: Lesen Sie unter\u00a0<a href=\"https:\/\/blog.rwth-aachen.de\/sam\/category\/sam-on-tour\/\">News<\/a> zu &#8222;SAM on Tour&#8220;<\/p>\n<p>Was Sie sonst\u00a0noch interessieren k\u00f6nnte:<\/p>\n<ul>\n<li><a href=\"https:\/\/blog.rwth-aachen.de\/sam\">Weitere Infos zu SAM<\/a><\/li>\n<li><a href=\"https:\/\/www.rwth-aachen.de\/cms\/root\/Studium\/Im_Studium\/Beratung_Hilfe\/~rcw\/Abteilung-1-4-Zentrale-Studienberatung\/\">Die zentrale Studienberatung<\/a><\/li>\n<\/ul>\n","protected":false},"excerpt":{"rendered":"<p>Mit SelfAssessments zur richtigen Studiengangswahl Den passenden Studiengang zu finden, ist bei der F\u00fclle an Angeboten alles andere als einfach. Sch\u00fclerinnen und Sch\u00fcler k\u00f6nnen ganz schnell den \u00dcberblick verlieren oder [&hellip;]<\/p>\n","protected":false},"author":15,"featured_media":0,"parent":0,"menu_order":0,"comment_status":"open","ping_status":"open","template":"","meta":{"c2c_always_allow_admin_comments":false,"footnotes":""},"class_list":["post-476","page","type-page","status-publish","hentry"],"_links":{"self":[{"href":"https:\/\/blog.rwth-aachen.de\/sam\/wp-json\/wp\/v2\/pages\/476","targetHints":{"allow":["GET"]}}],"collection":[{"href":"https:\/\/blog.rwth-aachen.de\/sam\/wp-json\/wp\/v2\/pages"}],"about":[{"href":"https:\/\/blog.rwth-aachen.de\/sam\/wp-json\/wp\/v2\/types\/page"}],"author":[{"embeddable":true,"href":"https:\/\/blog.rwth-aachen.de\/sam\/wp-json\/wp\/v2\/users\/15"}],"replies":[{"embeddable":true,"href":"https:\/\/blog.rwth-aachen.de\/sam\/wp-json\/wp\/v2\/comments?post=476"}],"version-history":[{"count":31,"href":"https:\/\/blog.rwth-aachen.de\/sam\/wp-json\/wp\/v2\/pages\/476\/revisions"}],"predecessor-version":[{"id":1091,"href":"https:\/\/blog.rwth-aachen.de\/sam\/wp-json\/wp\/v2\/pages\/476\/revisions\/1091"}],"wp:attachment":[{"href":"https:\/\/blog.rwth-aachen.de\/sam\/wp-json\/wp\/v2\/media?parent=476"}],"curies":[{"name":"wp","href":"https:\/\/api.w.org\/{rel}","templated":true}]}}