{"id":490,"date":"2014-04-02T15:09:12","date_gmt":"2014-04-02T13:09:12","guid":{"rendered":"https:\/\/blog.rwth-aachen.de\/sam\/?page_id=490"},"modified":"2017-02-17T13:29:25","modified_gmt":"2017-02-17T11:29:25","slug":"sam-on-tour-service-fuer-schulen","status":"publish","type":"page","link":"https:\/\/blog.rwth-aachen.de\/sam\/sam-on-tour-service-fuer-schulen\/","title":{"rendered":"SAM on Tour &#8211; Service f\u00fcr Schulen"},"content":{"rendered":"<p><b>Ein Service vor Ort f\u00fcr Schulen<\/b><\/p>\n<p>In zahlreichen Gespr\u00e4chen haben uns Eltern wie Lehrerinnen und Lehrer versichert, wie wichtig und sinnvoll sie SAM finden.<\/p>\n<p>Daher kommen wir mit SAM direkt in die Schulen. Mit \u201eSAM on Tour\u201c bringt unser geschultes Team das komplette Equipment bestehend aus Rechnern und Internet-Server mit. Die Sch\u00fclerinnen und Sch\u00fcler k\u00f6nnen im gewohnten Umfeld der Schule w\u00e4hrend der Schulzeit und unter Betreuung unseres Teams ein \u00a0SAM je nach Studienwunsch absolvieren.<\/p>\n<p>Die Zentrale Studienberatung bietet je nach Bedarf\u00a0<a href=\"https:\/\/blog.rwth-aachen.de\/sam\/sam-on-tour-formate\/\">Vortr\u00e4ge und Beratung<\/a>\u00a0an.<\/p>\n<p>&#8222;SAM on Tour&#8220; ist ein kostenfreies Service-Angebot der RWTH Aachen.<\/p>\n","protected":false},"excerpt":{"rendered":"<p>Ein Service vor Ort f\u00fcr Schulen In zahlreichen Gespr\u00e4chen haben uns Eltern wie Lehrerinnen und Lehrer versichert, wie wichtig und sinnvoll sie SAM finden. Daher kommen wir mit SAM direkt [&hellip;]<\/p>\n","protected":false},"author":26,"featured_media":0,"parent":0,"menu_order":0,"comment_status":"open","ping_status":"open","template":"","meta":{"c2c_always_allow_admin_comments":false,"footnotes":""},"class_list":["post-490","page","type-page","status-publish","hentry"],"_links":{"self":[{"href":"https:\/\/blog.rwth-aachen.de\/sam\/wp-json\/wp\/v2\/pages\/490","targetHints":{"allow":["GET"]}}],"collection":[{"href":"https:\/\/blog.rwth-aachen.de\/sam\/wp-json\/wp\/v2\/pages"}],"about":[{"href":"https:\/\/blog.rwth-aachen.de\/sam\/wp-json\/wp\/v2\/types\/page"}],"author":[{"embeddable":true,"href":"https:\/\/blog.rwth-aachen.de\/sam\/wp-json\/wp\/v2\/users\/26"}],"replies":[{"embeddable":true,"href":"https:\/\/blog.rwth-aachen.de\/sam\/wp-json\/wp\/v2\/comments?post=490"}],"version-history":[{"count":8,"href":"https:\/\/blog.rwth-aachen.de\/sam\/wp-json\/wp\/v2\/pages\/490\/revisions"}],"predecessor-version":[{"id":697,"href":"https:\/\/blog.rwth-aachen.de\/sam\/wp-json\/wp\/v2\/pages\/490\/revisions\/697"}],"wp:attachment":[{"href":"https:\/\/blog.rwth-aachen.de\/sam\/wp-json\/wp\/v2\/media?parent=490"}],"curies":[{"name":"wp","href":"https:\/\/api.w.org\/{rel}","templated":true}]}}