{"id":492,"date":"2014-04-02T15:10:16","date_gmt":"2014-04-02T13:10:16","guid":{"rendered":"https:\/\/blog.rwth-aachen.de\/sam\/?page_id=492"},"modified":"2017-02-17T13:36:00","modified_gmt":"2017-02-17T11:36:00","slug":"fuer-wen-ist-sam-on-tour","status":"publish","type":"page","link":"https:\/\/blog.rwth-aachen.de\/sam\/fuer-wen-ist-sam-on-tour\/","title":{"rendered":"F\u00fcr wen ist &#8222;SAM on Tour&#8220;?"},"content":{"rendered":"<p>&#8222;SAM on Tour&#8220; richtet sich an Sch\u00fclerinnen und Sch\u00fcler der Jahrgangsstufe Q2 oder Ende Q1, die an einem Studium an der RWTH Aachen interessiert sind.<\/p>\n<p>&nbsp;<\/p>\n","protected":false},"excerpt":{"rendered":"<p>&#8222;SAM on Tour&#8220; richtet sich an Sch\u00fclerinnen und Sch\u00fcler der Jahrgangsstufe Q2 oder Ende Q1, die an einem Studium an der RWTH Aachen interessiert sind. &nbsp;<\/p>\n","protected":false},"author":26,"featured_media":0,"parent":0,"menu_order":0,"comment_status":"open","ping_status":"open","template":"","meta":{"c2c_always_allow_admin_comments":false,"footnotes":""},"class_list":["post-492","page","type-page","status-publish","hentry"],"_links":{"self":[{"href":"https:\/\/blog.rwth-aachen.de\/sam\/wp-json\/wp\/v2\/pages\/492","targetHints":{"allow":["GET"]}}],"collection":[{"href":"https:\/\/blog.rwth-aachen.de\/sam\/wp-json\/wp\/v2\/pages"}],"about":[{"href":"https:\/\/blog.rwth-aachen.de\/sam\/wp-json\/wp\/v2\/types\/page"}],"author":[{"embeddable":true,"href":"https:\/\/blog.rwth-aachen.de\/sam\/wp-json\/wp\/v2\/users\/26"}],"replies":[{"embeddable":true,"href":"https:\/\/blog.rwth-aachen.de\/sam\/wp-json\/wp\/v2\/comments?post=492"}],"version-history":[{"count":4,"href":"https:\/\/blog.rwth-aachen.de\/sam\/wp-json\/wp\/v2\/pages\/492\/revisions"}],"predecessor-version":[{"id":926,"href":"https:\/\/blog.rwth-aachen.de\/sam\/wp-json\/wp\/v2\/pages\/492\/revisions\/926"}],"wp:attachment":[{"href":"https:\/\/blog.rwth-aachen.de\/sam\/wp-json\/wp\/v2\/media?parent=492"}],"curies":[{"name":"wp","href":"https:\/\/api.w.org\/{rel}","templated":true}]}}